From mboxrd@z Thu Jan  1 00:00:00 1970
Return-Path: <test-report-bounces@dpdk.org>
Received: from mails.dpdk.org (mails.dpdk.org [217.70.189.124])
	by inbox.dpdk.org (Postfix) with ESMTP id E8BED45655
	for <public@inbox.dpdk.org>; Fri, 19 Jul 2024 14:43:24 +0200 (CEST)
Received: from mails.dpdk.org (localhost [127.0.0.1])
	by mails.dpdk.org (Postfix) with ESMTP id DFC12402BE;
	Fri, 19 Jul 2024 14:43:24 +0200 (CEST)
Received: from mail-io1-f97.google.com (mail-io1-f97.google.com
 [209.85.166.97]) by mails.dpdk.org (Postfix) with ESMTP id 5538740285
 for <test-report@dpdk.org>; Fri, 19 Jul 2024 14:43:23 +0200 (CEST)
Received: by mail-io1-f97.google.com with SMTP id
 ca18e2360f4ac-7fb93b2e2a3so70327139f.1
 for <test-report@dpdk.org>; Fri, 19 Jul 2024 05:43:23 -0700 (PDT)
DKIM-Signature: v=1; a=rsa-sha256; c=relaxed/relaxed;
 d=iol.unh.edu; s=unh-iol; t=1721393002; x=1721997802; darn=dpdk.org;
 h=references:in-reply-to:cc:to:from:subject:message-id:date:from:to
 :cc:subject:date:message-id:reply-to;
 bh=JFI2mxoigdHs0q5k2ceyP4XqPdR5fzCJ5IVSoCEBcy4=;
 b=W0b5Ez/XlRELZDoJwfy0/ktEmUSgdzqrI/N0R6685X2V9x4XccECS4zqZXvrmzgDS+
 dbmhbKBjhaXJbEJ22uFI39lwjGGF96FBLU2ik7gSTwB2b6M/rY6TZ7l5ISJEyiu/0Obp
 iRJZTvtxGlRDfoZsxyKSnNANXsn605oD1+D9I=
X-Google-DKIM-Signature: v=1; a=rsa-sha256; c=relaxed/relaxed;
 d=1e100.net; s=20230601; t=1721393002; x=1721997802;
 h=references:in-reply-to:cc:to:from:subject:message-id:date
 :x-gm-message-state:from:to:cc:subject:date:message-id:reply-to;
 bh=JFI2mxoigdHs0q5k2ceyP4XqPdR5fzCJ5IVSoCEBcy4=;
 b=lLNsjYB4v1ilewxAcgjPqfBYY9vUV/BuUih2ZrzXLZyIriIayOkhqTTtL06psNZlqP
 CT09obZKSs2nAjvlR4hiD02ykybxmBbtoBo94D88qhv4D/zRbBntahn7X6KVC8ldnq8T
 5Tqa9kHHfQAaJfgO2ohozwnPaIBsD5apvh65iEhXSyCMWBgglkKA9dZWrS4K7uH78Lwa
 p8K0Uh6xtRM4Awc0utbQjKTUUoxjFPsUtQzlaJo23tu0AAURqkvMsVxc0YaC0G/k+wDl
 NsITv2z/q4l5rEsulWILkRr0AA74eLtx+13GsbFTcUpkB5w18FSBn7fe28U1khwpOmBI
 8NEQ==
X-Gm-Message-State: AOJu0YyFYlbxs6hJV1l4TIQNCT32QoDeU0pMF18f6mPHrDvEqq2oFgUZ
 zoxzGD8cjtLAyBnuwLMv+Hg5JtY4cWIzl6efNA+pc29N2Whyz0k97niaEMndbMlaJzwfRppT3Er
 i82ItfAZXaNSJnZMYBgvBvstFP/Rw5S7lrr+3DxGz
X-Google-Smtp-Source: AGHT+IGu6wJwPTpiMve5OCaI8uMfyK9VZATo0ubK21x9PBF57l4LrjuB7ER17tvUrr/EI2b+H7K8yvZMoLIU
X-Received: by 2002:a05:6602:1412:b0:803:c955:eda8 with SMTP id
 ca18e2360f4ac-8171051114bmr1023121339f.6.1721393002739; 
 Fri, 19 Jul 2024 05:43:22 -0700 (PDT)
Received: from postal.iol.unh.edu (postal.iol.unh.edu. [132.177.123.84])
 by smtp-relay.gmail.com with ESMTPS id
 8926c6da1cb9f-4c23434f718sm50301173.35.2024.07.19.05.43.22
 (version=TLS1_2 cipher=ECDHE-ECDSA-AES128-GCM-SHA256 bits=128/128);
 Fri, 19 Jul 2024 05:43:22 -0700 (PDT)
X-Relaying-Domain: iol.unh.edu
Date: Fri, 19 Jul 2024 05:43:22 -0700 (PDT)
Message-ID: <669a5f6a.050a0220.38ace.2f2fSMTPIN_ADDED_MISSING@mx.google.com>
Received: from [172.21.0.6] (unknown [172.18.0.240])
 by postal.iol.unh.edu (Postfix) with ESMTP id 240296052500;
 Fri, 19 Jul 2024 08:43:22 -0400 (EDT)
Subject: |FAILURE| pw142513-142516 [PATCH] [4/4] test: run timer secondary te
From: dpdklab@iol.unh.edu
To: Test Report <test-report@dpdk.org>
Cc: dpdk-test-reports@iol.unh.edu,
 Stephen Hemminger <stephen@networkplumber.org>
In-Reply-To: <20240718191049.84865-5-stephen@networkplumber.org>
References: <20240718191049.84865-5-stephen@networkplumber.org>
Content-Type: text/plain
X-BeenThere: test-report@dpdk.org
X-Mailman-Version: 2.1.29
Precedence: list
List-Id: automatic DPDK test reports <test-report.dpdk.org>
List-Unsubscribe: <https://mails.dpdk.org/options/test-report>,
 <mailto:test-report-request@dpdk.org?subject=unsubscribe>
List-Archive: <http://mails.dpdk.org/archives/test-report/>
List-Post: <mailto:test-report@dpdk.org>
List-Help: <mailto:test-report-request@dpdk.org?subject=help>
List-Subscribe: <https://mails.dpdk.org/listinfo/test-report>,
 <mailto:test-report-request@dpdk.org?subject=subscribe>
Errors-To: test-report-bounces@dpdk.org

Test-Label: iol-unit-amd64-testing
Test-Status: FAILURE
http://dpdk.org/patch/142516

_Testing issues_

Submitter: Stephen Hemminger <stephen@networkplumber.org>
Date: Thursday, July 18 2024 19:07:15 
DPDK git baseline: Repo:dpdk
  Branch: master
  CommitID:fa8d2f7f28524a6c8defa3dcd94f5aa131aae084

142513-142516 --> testing issues

Upstream job id: Generic-Unit-Test-DPDK#241806

Test environment and result as below:

+---------------------+----------------+
|     Environment     | dpdk_unit_test |
+=====================+================+
| CentOS Stream 8     | PASS           |
+---------------------+----------------+
| Debian Bullseye     | PASS           |
+---------------------+----------------+
| CentOS Stream 9     | PASS           |
+---------------------+----------------+
| Windows Server 2022 | FAIL           |
+---------------------+----------------+
| Debian 12           | PASS           |
+---------------------+----------------+
| Fedora 37           | PASS           |
+---------------------+----------------+
| Fedora 38 (Clang)   | PASS           |
+---------------------+----------------+
| Windows Server 2019 | FAIL           |
+---------------------+----------------+
| Fedora 38           | PASS           |
+---------------------+----------------+
| Fedora 39           | PASS           |
+---------------------+----------------+
| Fedora 39 (Clang)   | PASS           |
+---------------------+----------------+
| Fedora 40           | PASS           |
+---------------------+----------------+
| Fedora 40 (Clang)   | PASS           |
+---------------------+----------------+
| openSUSE Leap 15    | PASS           |
+---------------------+----------------+
| RHEL9               | PASS           |
+---------------------+----------------+
| RHEL8               | PASS           |
+---------------------+----------------+
| Ubuntu 24.04        | PASS           |
+---------------------+----------------+
| Ubuntu 22.04        | PASS           |
+---------------------+----------------+
| Ubuntu 20.04        | PEND           |
+---------------------+----------------+

==== Unit test summary for Windows Server 2019 (dpdk_unit_test): ====
Failed to get the unit test results.
Displaying the unit test results is not supported for some environments,
such as our aarch32 testing, where meson is not used to run the tests.
Download the logs available on our CI site.
==== End log output ====

CentOS Stream 8
	Kernel: 5.4.0-167-generic
	Compiler: gcc 8.5.0 20210514

Debian Bullseye
	Kernel: 5.4.0-167-generic
	Compiler: gcc 10.2.1-6

CentOS Stream 9
	Kernel: 5.4.0-167-generic
	Compiler: gcc 11.4.1 20230605

Windows Server 2022
	Kernel: 10.0.20348.2031
	Compiler: clang 15.0.7, gcc 8.1.0 (MinGW), and MSVC VS 17.9

Debian 12
	Kernel: Container Host Kernel
	Compiler: gcc 12.2.0

Fedora 37
	Kernel: Depends on container host system
	Compiler: gcc 12.3.1

Fedora 38 (Clang)
	Kernel: Depends on container host
	Compiler: clang 16.0.6

Windows Server 2019
	Kernel: 10.0.17763
	Compiler: clang 14.0 and gcc 8.1.0 (MinGW)

Fedora 38
	Kernel: Depends on container host
	Compiler: gcc 13.2.1

Fedora 39
	Kernel: Depends on container host
	Compiler: gcc 13.2.1

Fedora 39 (Clang)
	Kernel: Depends on container host
	Compiler: clang 17.0.6

Fedora 40
	Kernel: Depends on container host
	Compiler: gcc 14.1.1

Fedora 40 (Clang)
	Kernel: Depends on container host
	Compiler: clang 18.1.6

openSUSE Leap 15
	Kernel: 5.4.0-167-generic
	Compiler: gcc 7.5.0

RHEL9
	Kernel: Depends on container host
	Compiler: gcc 11.4.1

RHEL8
	Kernel: 5.4.0-167-generic
	Compiler: gcc 8.5.0 20210514 (Red Hat 8.5.0-20)

Ubuntu 24.04
	Kernel: 5.4.0-167-generic
	Compiler: gcc 13.2.0

Ubuntu 22.04
	Kernel: 5.4.0-167-generic
	Compiler: gcc 11.4.0

Ubuntu 20.04
	Kernel: 5.4.0-167-generic
	Compiler: gcc 9.4.0-1ubuntu1~20.04.1

To view detailed results, visit:
https://lab.dpdk.org/results/dashboard/patchsets/30558/

UNH-IOL DPDK Community Lab

To manage your email subscriptions, visit: 
https://lab.dpdk.org/results/dashboard/preferences/subscriptions/