From mboxrd@z Thu Jan  1 00:00:00 1970
Return-Path: <test-report-bounces@dpdk.org>
Received: from mails.dpdk.org (mails.dpdk.org [217.70.189.124])
	by inbox.dpdk.org (Postfix) with ESMTP id 85E7A45655
	for <public@inbox.dpdk.org>; Fri, 19 Jul 2024 15:43:43 +0200 (CEST)
Received: from mails.dpdk.org (localhost [127.0.0.1])
	by mails.dpdk.org (Postfix) with ESMTP id 8374440E0F;
	Fri, 19 Jul 2024 15:43:43 +0200 (CEST)
Received: from mail-io1-f100.google.com (mail-io1-f100.google.com
 [209.85.166.100])
 by mails.dpdk.org (Postfix) with ESMTP id D16314026A
 for <test-report@dpdk.org>; Fri, 19 Jul 2024 15:43:41 +0200 (CEST)
Received: by mail-io1-f100.google.com with SMTP id
 ca18e2360f4ac-7fd3dbc01deso84614639f.0
 for <test-report@dpdk.org>; Fri, 19 Jul 2024 06:43:41 -0700 (PDT)
DKIM-Signature: v=1; a=rsa-sha256; c=relaxed/relaxed;
 d=iol.unh.edu; s=unh-iol; t=1721396621; x=1722001421; darn=dpdk.org;
 h=references:in-reply-to:cc:to:from:subject:message-id:date:from:to
 :cc:subject:date:message-id:reply-to;
 bh=2pZIDggI6o940X5AR3bNkVWCgGGZFYaQaF7Fe1pL5Ho=;
 b=fdpn0h4foje2rr4y9o1P1NDDW3UHPGMl1eTZX8TNrU31yehWPVoJYZ9zEPDvz0A4cs
 m8QTDJrIjVQp13oUxiOFZx/zMz61OTgYZVfPrsrpbui34jZeer5EPTgAdgzPX14njxng
 FGYCDAFHvJ2olkHnMdTQ+IAcjmXXpWVoEBxCk=
X-Google-DKIM-Signature: v=1; a=rsa-sha256; c=relaxed/relaxed;
 d=1e100.net; s=20230601; t=1721396621; x=1722001421;
 h=references:in-reply-to:cc:to:from:subject:message-id:date
 :x-gm-message-state:from:to:cc:subject:date:message-id:reply-to;
 bh=2pZIDggI6o940X5AR3bNkVWCgGGZFYaQaF7Fe1pL5Ho=;
 b=Z+5LnjO4ULKcqPI320AhM7kfSEbSys4GZvtieOe9gi7W22cSpcgvZAC8s3RcV1WgKp
 DG9hQk0GwFWsoys4w0SEEh0CHMxGFYHC75tYd4vhzJqIN6MAm3mrtulu3IhU0P/XSpC2
 cYxx5SfDLDCqqzDEV+aj8X3e0wEoj3+UsyRRjD1uYJxD8n0+WjDOjwX4v1+xV+gXVIyV
 DzAj7Aqv3h8xQ8aKdBnVVu8/lxgUVEYUAu4QNGvqbM3LOKCxltsxbWr54VXDaduEv7bk
 WzJdhiW9EtqbES/c5XmvKMHvlDZN2x3Vn+It7a9NLoyBuLyLou9TE5OPPce84Qo3PF0Y
 h5tg==
X-Gm-Message-State: AOJu0YzdcuZN5Pei+7R6l68L4SqGdU3tfFNWiiAe4mBdDCT6kw6OjLbR
 2jvphEQn+j/LOm8j1kEMZsNaviKkAzVOGvTAasasf1u1xTF7AN4TpGLw33nl/MK9QKZifOGPJZA
 dRLXinJJScSxi5uV86AajWCdBfmqyRNZxWvYvPDQI4zvHt2PL1j7jkpIq
X-Google-Smtp-Source: AGHT+IEGjzRNL9hTU+8eGSHzymtJFek+13zStIBSVybz0G1Z1tfeglFdPAVq/mTYnZ6c/aPqNJLlMWJU7KHw
X-Received: by 2002:a05:6602:601b:b0:809:83e3:a35c with SMTP id
 ca18e2360f4ac-817106fdb14mr1034777139f.7.1721396620985; 
 Fri, 19 Jul 2024 06:43:40 -0700 (PDT)
Received: from postal.iol.unh.edu (postal.iol.unh.edu.
 [2606:4100:3880:1234::84]) by smtp-relay.gmail.com with ESMTPS id
 ca18e2360f4ac-819adcfc75bsm7237339f.25.2024.07.19.06.43.40
 (version=TLS1_2 cipher=ECDHE-ECDSA-AES128-GCM-SHA256 bits=128/128);
 Fri, 19 Jul 2024 06:43:40 -0700 (PDT)
X-Relaying-Domain: iol.unh.edu
Date: Fri, 19 Jul 2024 06:43:40 -0700 (PDT)
Message-ID: <669a6d8c.050a0220.b0cb3.47b3SMTPIN_ADDED_MISSING@mx.google.com>
Received: from [172.21.0.6] (unknown [172.18.0.240])
 by postal.iol.unh.edu (Postfix) with ESMTP id 7F65060526E2;
 Fri, 19 Jul 2024 09:43:40 -0400 (EDT)
Subject: |FAILURE| pw142517-142521 [PATCH] [v3,3/3] dts: mac filter test suit
From: dpdklab@iol.unh.edu
To: Test Report <test-report@dpdk.org>
Cc: dpdk-test-reports@iol.unh.edu, Nicholas Pratte <npratte@iol.unh.edu>
In-Reply-To: <20240718194028.2849-1-npratte@iol.unh.edu>
References: <20240718194028.2849-1-npratte@iol.unh.edu>
Content-Type: text/plain
X-BeenThere: test-report@dpdk.org
X-Mailman-Version: 2.1.29
Precedence: list
List-Id: automatic DPDK test reports <test-report.dpdk.org>
List-Unsubscribe: <https://mails.dpdk.org/options/test-report>,
 <mailto:test-report-request@dpdk.org?subject=unsubscribe>
List-Archive: <http://mails.dpdk.org/archives/test-report/>
List-Post: <mailto:test-report@dpdk.org>
List-Help: <mailto:test-report-request@dpdk.org?subject=help>
List-Subscribe: <https://mails.dpdk.org/listinfo/test-report>,
 <mailto:test-report-request@dpdk.org?subject=subscribe>
Errors-To: test-report-bounces@dpdk.org

Test-Label: iol-unit-amd64-testing
Test-Status: FAILURE
http://dpdk.org/patch/142521

_Testing issues_

Submitter: Nicholas Pratte <npratte@iol.unh.edu>
Date: Thursday, July 18 2024 19:40:28 
DPDK git baseline: Repo:dpdk
  Branch: master
  CommitID:fa8d2f7f28524a6c8defa3dcd94f5aa131aae084

142517-142521 --> testing issues

Upstream job id: Generic-Unit-Test-DPDK#241818

Test environment and result as below:

+---------------------+----------------+
|     Environment     | dpdk_unit_test |
+=====================+================+
| CentOS Stream 8     | PASS           |
+---------------------+----------------+
| CentOS Stream 9     | PASS           |
+---------------------+----------------+
| Debian Bullseye     | PASS           |
+---------------------+----------------+
| Debian 12           | PASS           |
+---------------------+----------------+
| Fedora 37           | PASS           |
+---------------------+----------------+
| Fedora 38           | PEND           |
+---------------------+----------------+
| Fedora 38 (Clang)   | PEND           |
+---------------------+----------------+
| Fedora 39           | PEND           |
+---------------------+----------------+
| Fedora 39 (Clang)   | PEND           |
+---------------------+----------------+
| Fedora 40           | PEND           |
+---------------------+----------------+
| Fedora 40 (Clang)   | PEND           |
+---------------------+----------------+
| RHEL8               | PEND           |
+---------------------+----------------+
| openSUSE Leap 15    | PEND           |
+---------------------+----------------+
| RHEL9               | PEND           |
+---------------------+----------------+
| Ubuntu 20.04        | PEND           |
+---------------------+----------------+
| Ubuntu 22.04        | PEND           |
+---------------------+----------------+
| Windows Server 2019 | FAIL           |
+---------------------+----------------+
| Ubuntu 24.04        | PEND           |
+---------------------+----------------+
| Windows Server 2022 | PASS           |
+---------------------+----------------+

==== Unit test summary for Windows Server 2019 (dpdk_unit_test): ====
Failed to get the unit test results.
Displaying the unit test results is not supported for some environments,
such as our aarch32 testing, where meson is not used to run the tests.
Download the logs available on our CI site.
==== End log output ====

CentOS Stream 8
	Kernel: 5.4.0-167-generic
	Compiler: gcc 8.5.0 20210514

CentOS Stream 9
	Kernel: 5.4.0-167-generic
	Compiler: gcc 11.4.1 20230605

Debian Bullseye
	Kernel: 5.4.0-167-generic
	Compiler: gcc 10.2.1-6

Debian 12
	Kernel: Container Host Kernel
	Compiler: gcc 12.2.0

Fedora 37
	Kernel: Depends on container host system
	Compiler: gcc 12.3.1

Fedora 38
	Kernel: Depends on container host
	Compiler: gcc 13.2.1

Fedora 38 (Clang)
	Kernel: Depends on container host
	Compiler: clang 16.0.6

Fedora 39
	Kernel: Depends on container host
	Compiler: gcc 13.2.1

Fedora 39 (Clang)
	Kernel: Depends on container host
	Compiler: clang 17.0.6

Fedora 40
	Kernel: Depends on container host
	Compiler: gcc 14.1.1

Fedora 40 (Clang)
	Kernel: Depends on container host
	Compiler: clang 18.1.6

RHEL8
	Kernel: 5.4.0-167-generic
	Compiler: gcc 8.5.0 20210514 (Red Hat 8.5.0-20)

openSUSE Leap 15
	Kernel: 5.4.0-167-generic
	Compiler: gcc 7.5.0

RHEL9
	Kernel: Depends on container host
	Compiler: gcc 11.4.1

Ubuntu 20.04
	Kernel: 5.4.0-167-generic
	Compiler: gcc 9.4.0-1ubuntu1~20.04.1

Ubuntu 22.04
	Kernel: 5.4.0-167-generic
	Compiler: gcc 11.4.0

Windows Server 2019
	Kernel: 10.0.17763
	Compiler: clang 14.0 and gcc 8.1.0 (MinGW)

Ubuntu 24.04
	Kernel: 5.4.0-167-generic
	Compiler: gcc 13.2.0

Windows Server 2022
	Kernel: 10.0.20348.2031
	Compiler: clang 15.0.7, gcc 8.1.0 (MinGW), and MSVC VS 17.9

To view detailed results, visit:
https://lab.dpdk.org/results/dashboard/patchsets/30557/

UNH-IOL DPDK Community Lab

To manage your email subscriptions, visit: 
https://lab.dpdk.org/results/dashboard/preferences/subscriptions/