From mboxrd@z Thu Jan  1 00:00:00 1970
Return-Path: <test-report-bounces@dpdk.org>
Received: from mails.dpdk.org (mails.dpdk.org [217.70.189.124])
	by inbox.dpdk.org (Postfix) with ESMTP id EB2D545656
	for <public@inbox.dpdk.org>; Fri, 19 Jul 2024 17:51:27 +0200 (CEST)
Received: from mails.dpdk.org (localhost [127.0.0.1])
	by mails.dpdk.org (Postfix) with ESMTP id DA44C42790;
	Fri, 19 Jul 2024 17:51:27 +0200 (CEST)
Received: from mail-qv1-f98.google.com (mail-qv1-f98.google.com
 [209.85.219.98]) by mails.dpdk.org (Postfix) with ESMTP id AAEFB40E5A
 for <test-report@dpdk.org>; Fri, 19 Jul 2024 17:51:25 +0200 (CEST)
Received: by mail-qv1-f98.google.com with SMTP id
 6a1803df08f44-6b797234b09so18177216d6.0
 for <test-report@dpdk.org>; Fri, 19 Jul 2024 08:51:25 -0700 (PDT)
DKIM-Signature: v=1; a=rsa-sha256; c=relaxed/relaxed;
 d=iol.unh.edu; s=unh-iol; t=1721404285; x=1722009085; darn=dpdk.org;
 h=references:in-reply-to:cc:to:from:subject:message-id:date:from:to
 :cc:subject:date:message-id:reply-to;
 bh=+4xZwy4Gi7VmXDOzNnGHzCOquPR0Ki6OK7oxTfJ0y2o=;
 b=HNi6l+pWknnB1uCFD8R2bQdG2MYSu8spAri0pB4LndBTQW0cAprytdMIOgfsXOrOgZ
 VDJs/lnROLjgKLfMeZh5fplR3BKXQoov1XXd3DARPx+AGAxCvn1JiB1xzRaopwD0X/Wp
 C44Eoci24uKnI+V1EtRKvRBmXBsF1u2kgUn7w=
X-Google-DKIM-Signature: v=1; a=rsa-sha256; c=relaxed/relaxed;
 d=1e100.net; s=20230601; t=1721404285; x=1722009085;
 h=references:in-reply-to:cc:to:from:subject:message-id:date
 :x-gm-message-state:from:to:cc:subject:date:message-id:reply-to;
 bh=+4xZwy4Gi7VmXDOzNnGHzCOquPR0Ki6OK7oxTfJ0y2o=;
 b=rXMd/fNVZMUBWQ0WojzskSH65VYZ+mkwBtAdeMgZrMljK1qHdweXEBSUY5F+F/rnb6
 Y0kfz+AZUFUGuR+JR1lkGKcDN3pB+bQZa9l8vprR1WU3h0Mo/f/un/bUOLFPXRbdhYBJ
 VEOZGlINdDCTdyreg7u3w6UezLSnl9alJ8dQMp9hKkgEmSr4YXEHkmVD6a7Y+KyAqYtk
 qxpqkTeX4RbtzDTkplUFB97TI8brX4oMrvjsZfdAFeY0zLaulm7A60ZBfUhE3TOFBIMe
 GIIqDVVeTO+uX26rNsIacoTiJ8OE77zkxzK32rMgzKw2+WwnnqN7TRrFuun1Rvq1zjeD
 oloA==
X-Gm-Message-State: AOJu0Ywm5uthQVpRHuPDFhln9f7XNMdzVGdqS/X6WyB1Y2JJ07AYxp3G
 cQAOrxQYI65oOH7qW/6tlxvQ+od9b4VGntQnOOBbCHcEyXQ37JHVxlpQA1qwEa5THSNZ/JtKzt8
 qTxkivbC+UVaM7kExrwLrLzmbW0b8GlbD1YGaKyru
X-Google-Smtp-Source: AGHT+IF5PM/8ST987/GYfagpOVfkcivRVqbWbBdRxY3WSZ2+weRW9QYOOiUyXT5Jk4kvQzq3E+G5iqBoffNs
X-Received: by 2002:a05:6214:1d0d:b0:6b5:e1dd:369a with SMTP id
 6a1803df08f44-6b95b4bfb9fmr1394616d6.11.1721404285056; 
 Fri, 19 Jul 2024 08:51:25 -0700 (PDT)
Received: from postal.iol.unh.edu (postal.iol.unh.edu. [132.177.123.84])
 by smtp-relay.gmail.com with ESMTPS id
 6a1803df08f44-6b7ac9a3fc5sm700326d6.58.2024.07.19.08.51.24
 (version=TLS1_2 cipher=ECDHE-ECDSA-AES128-GCM-SHA256 bits=128/128);
 Fri, 19 Jul 2024 08:51:25 -0700 (PDT)
X-Relaying-Domain: iol.unh.edu
Date: Fri, 19 Jul 2024 08:51:25 -0700 (PDT)
Message-ID: <669a8b7d.050a0220.35357e.482fSMTPIN_ADDED_MISSING@mx.google.com>
Received: from [172.21.0.6] (unknown [172.18.0.240])
 by postal.iol.unh.edu (Postfix) with ESMTP id BE1B960526E2;
 Fri, 19 Jul 2024 11:51:24 -0400 (EDT)
Subject: |FAILURE| pw142527-142556 [PATCH] [30/30] bus/dpaa: add port bmi sta
From: dpdklab@iol.unh.edu
To: Test Report <test-report@dpdk.org>
Cc: dpdk-test-reports@iol.unh.edu, Gagandeep Singh <g.singh@nxp.com>
In-Reply-To: <20240719100126.1150373-30-g.singh@nxp.com>
References: <20240719100126.1150373-30-g.singh@nxp.com>
Content-Type: text/plain
X-BeenThere: test-report@dpdk.org
X-Mailman-Version: 2.1.29
Precedence: list
List-Id: automatic DPDK test reports <test-report.dpdk.org>
List-Unsubscribe: <https://mails.dpdk.org/options/test-report>,
 <mailto:test-report-request@dpdk.org?subject=unsubscribe>
List-Archive: <http://mails.dpdk.org/archives/test-report/>
List-Post: <mailto:test-report@dpdk.org>
List-Help: <mailto:test-report-request@dpdk.org?subject=help>
List-Subscribe: <https://mails.dpdk.org/listinfo/test-report>,
 <mailto:test-report-request@dpdk.org?subject=subscribe>
Errors-To: test-report-bounces@dpdk.org

Test-Label: iol-compile-amd64-testing
Test-Status: FAILURE
http://dpdk.org/patch/142556

_Testing issues_

Submitter: Gagandeep Singh <g.singh@nxp.com>
Date: Friday, July 19 2024 10:01:26 
DPDK git baseline: Repo:dpdk
  Branch: master
  CommitID:fa8d2f7f28524a6c8defa3dcd94f5aa131aae084

142527-142556 --> testing issues

Upstream job id: Generic-DPDK-Compile-Meson#276622

Test environment and result as below:

+---------------------+--------------------+------------------+-------------------+----------------------+-------------------+
|     Environment     | dpdk_meson_compile | dpdk_compile_ovs | dpdk_compile_spdk | dpdk_mingw64_compile | dpdk_msvc_compile |
+=====================+====================+==================+===================+======================+===================+
| CentOS Stream 8     | FAIL               | WARN             | WARN              | SKIPPED              | SKIPPED           |
+---------------------+--------------------+------------------+-------------------+----------------------+-------------------+
| Debian Bullseye     | FAIL               | WARN             | WARN              | SKIPPED              | SKIPPED           |
+---------------------+--------------------+------------------+-------------------+----------------------+-------------------+
| CentOS Stream 9     | FAIL               | WARN             | WARN              | SKIPPED              | SKIPPED           |
+---------------------+--------------------+------------------+-------------------+----------------------+-------------------+
| Fedora 37           | FAIL               | WARN             | WARN              | SKIPPED              | SKIPPED           |
+---------------------+--------------------+------------------+-------------------+----------------------+-------------------+
| Debian 12           | FAIL               | WARN             | WARN              | SKIPPED              | SKIPPED           |
+---------------------+--------------------+------------------+-------------------+----------------------+-------------------+
| Fedora 38 (Clang)   | PEND               | PEND             | PEND              | SKIPPED              | SKIPPED           |
+---------------------+--------------------+------------------+-------------------+----------------------+-------------------+
| Fedora 38           | FAIL               | WARN             | WARN              | SKIPPED              | SKIPPED           |
+---------------------+--------------------+------------------+-------------------+----------------------+-------------------+
| Fedora 39           | FAIL               | WARN             | WARN              | SKIPPED              | SKIPPED           |
+---------------------+--------------------+------------------+-------------------+----------------------+-------------------+
| Fedora 39 (Clang)   | PEND               | PEND             | PEND              | SKIPPED              | SKIPPED           |
+---------------------+--------------------+------------------+-------------------+----------------------+-------------------+
| Fedora 40 (Clang)   | PEND               | PEND             | PEND              | SKIPPED              | SKIPPED           |
+---------------------+--------------------+------------------+-------------------+----------------------+-------------------+
| Fedora 40           | FAIL               | WARN             | PEND              | SKIPPED              | SKIPPED           |
+---------------------+--------------------+------------------+-------------------+----------------------+-------------------+
| openSUSE Leap 15    | PEND               | PEND             | SKIPPED           | SKIPPED              | SKIPPED           |
+---------------------+--------------------+------------------+-------------------+----------------------+-------------------+
| RHEL8               | FAIL               | PEND             | SKIPPED           | SKIPPED              | SKIPPED           |
+---------------------+--------------------+------------------+-------------------+----------------------+-------------------+
| RHEL9               | PEND               | PEND             | SKIPPED           | SKIPPED              | SKIPPED           |
+---------------------+--------------------+------------------+-------------------+----------------------+-------------------+
| Ubuntu 20.04        | PEND               | PEND             | SKIPPED           | SKIPPED              | SKIPPED           |
+---------------------+--------------------+------------------+-------------------+----------------------+-------------------+
| Ubuntu 22.04        | PEND               | PEND             | PEND              | SKIPPED              | SKIPPED           |
+---------------------+--------------------+------------------+-------------------+----------------------+-------------------+
| Ubuntu 24.04        | PEND               | PEND             | PEND              | SKIPPED              | SKIPPED           |
+---------------------+--------------------+------------------+-------------------+----------------------+-------------------+
| Windows Server 2019 | PASS               | SKIPPED          | SKIPPED           | PASS                 | SKIPPED           |
+---------------------+--------------------+------------------+-------------------+----------------------+-------------------+
| Windows Server 2022 | PASS               | SKIPPED          | SKIPPED           | PASS                 | PASS              |
+---------------------+--------------------+------------------+-------------------+----------------------+-------------------+
| Alpine              | PEND               | PEND             | SKIPPED           | SKIPPED              | SKIPPED           |
+---------------------+--------------------+------------------+-------------------+----------------------+-------------------+
| FreeBSD 13.3        | PASS               | SKIPPED          | SKIPPED           | SKIPPED              | SKIPPED           |
+---------------------+--------------------+------------------+-------------------+----------------------+-------------------+
| FreeBSD 14.1        | PASS               | SKIPPED          | SKIPPED           | SKIPPED              | SKIPPED           |
+---------------------+--------------------+------------------+-------------------+----------------------+-------------------+

==== 20 line log output for RHEL8 (dpdk_meson_compile): ====
[1033/2944] Linking static target drivers/librte_mempool_stack.a.
[1034/2944] Compiling C object 'drivers/a715181@@tmp_rte_dma_cnxk@sta/dma_cnxk_cnxk_dmadev.c.o'.
[1035/2944] Compiling C object 'drivers/a715181@@rte_mempool_stack@sha/meson-generated_.._rte_mempool_stack.pmd.c.o'.
[1036/2944] Linking target drivers/librte_mempool_stack.so.24.2.
[1037/2944] Compiling C object 'drivers/a715181@@tmp_rte_dma_cnxk@sta/dma_cnxk_cnxk_dmadev_fp.c.o'.
[1038/2944] Linking static target drivers/libtmp_rte_dma_cnxk.a.
[1039/2944] Generating rte_dma_cnxk.pmd.c with a custom command.
[1040/2944] Compiling C object 'drivers/a715181@@rte_dma_cnxk@sta/meson-generated_.._rte_dma_cnxk.pmd.c.o'.
[1041/2944] Linking static target drivers/librte_dma_cnxk.a.
[1042/2944] Generating rte_dma_cnxk.sym_chk with a meson_exe.py custom command.
[1043/2944] Compiling C object 'drivers/a715181@@rte_dma_cnxk@sha/meson-generated_.._rte_dma_cnxk.pmd.c.o'.
[1044/2944] Compiling C object 'drivers/a715181@@tmp_rte_dma_dpaa@sta/dma_dpaa_dpaa_qdma.c.o'.
FAILED: drivers/a715181@@tmp_rte_dma_dpaa@sta/dma_dpaa_dpaa_qdma.c.o
ccache cc -Idrivers/a715181@@tmp_rte_dma_dpaa@sta -Idrivers -I../drivers -Idrivers/dma/dpaa -I../drivers/dma/dpaa -Ilib/dmadev -I../lib/dmadev -I. -I../ -Iconfig -I../config -Ilib/eal/include -I../lib/eal/include -Ilib/eal/linux/include -I../lib/eal/linux/include -Ilib/eal/x86/include -I../lib/eal/x86/include -Ilib/eal/common -I../lib/eal/common -Ilib/eal -I../lib/eal -Ilib/kvargs -I../lib/kvargs -Ilib/log -I../lib/log -Ilib/telemetry/../metrics -I../lib/telemetry/../metrics -Ilib/telemetry -I../lib/telemetry -Idrivers/bus/dpaa -I../drivers/bus/dpaa -I../drivers/bus/dpaa/include -I../drivers/bus/dpaa/base/qbman -Idrivers/common/dpaax -I../drivers/common/dpaax -I../drivers/common/dpaax/caamflib -Ilib/eventdev -I../lib/eventdev -Ilib/ring -I../lib/ring -Ilib/ethdev -I../lib/ethdev -Ilib/net -I../lib/net -Ilib/mbuf -I../lib/mbuf -Ilib/mempool -I../lib/mempool -Ilib/meter -I../lib/meter -Ilib/hash -I../lib/hash -Ilib/rcu -I../lib/rcu -Ilib/timer -I../lib/timer -Ilib/cryptodev -I../lib/cr
 yptodev -fdiagnostics-color=always -pipe -D_FILE_OFFSET_BITS=64 -Wall -Winvalid-pch -Wextra -Werror -std=c11 -O3 -include rte_config.h -Wcast-qual -Wdeprecated -Wformat -Wformat-nonliteral -Wformat-security -Wmissing-declarations -Wmissing-prototypes -Wnested-externs -Wold-style-definition -Wpointer-arith -Wsign-compare -Wstrict-prototypes -Wundef -Wwrite-strings -Wno-packed-not-aligned -Wno-missing-field-initializers -D_GNU_SOURCE -fPIC -march=native -mrtm -DALLOW_EXPERIMENTAL_API -DALLOW_INTERNAL_API -Wno-format-truncation -Wno-pointer-arith -DRTE_LOG_DEFAULT_LOGTYPE=pmd.dma.dpaa -MD -MQ 'drivers/a715181@@tmp_rte_dma_dpaa@sta/dma_dpaa_dpaa_qdma.c.o' -MF 'drivers/a715181@@tmp_rte_dma_dpaa@sta/dma_dpaa_dpaa_qdma.c.o.d' -o 'drivers/a715181@@tmp_rte_dma_dpaa@sta/dma_dpaa_dpaa_qdma.c.o' -c ../drivers/dma/dpaa/dpaa_qdma.c
../drivers/dma/dpaa/dpaa_qdma.c: In function 'dpaa_qdma_block_dequeue':
../drivers/dma/dpaa/dpaa_qdma.c:525:12: error: 'dq_complete' may be used uninitialized in this function [-Werror=maybe-uninitialized]
uint16_t *dq_complete;
^~~~~~~~~~~
cc1: all warnings being treated as errors
ninja: build stopped: subcommand failed.
==== End log output ====

CentOS Stream 8
	Kernel: 5.4.0-167-generic
	Compiler: gcc 8.5.0 20210514

Debian Bullseye
	Kernel: 5.4.0-167-generic
	Compiler: gcc 10.2.1-6

CentOS Stream 9
	Kernel: 5.4.0-167-generic
	Compiler: gcc 11.4.1 20230605

Fedora 37
	Kernel: Depends on container host system
	Compiler: gcc 12.3.1

Debian 12
	Kernel: Container Host Kernel
	Compiler: gcc 12.2.0

Fedora 38 (Clang)
	Kernel: Depends on container host
	Compiler: clang 16.0.6

Fedora 38
	Kernel: Depends on container host
	Compiler: gcc 13.2.1

Fedora 39
	Kernel: Depends on container host
	Compiler: gcc 13.2.1

Fedora 39 (Clang)
	Kernel: Depends on container host
	Compiler: clang 17.0.6

Fedora 40 (Clang)
	Kernel: Depends on container host
	Compiler: clang 18.1.6

Fedora 40
	Kernel: Depends on container host
	Compiler: gcc 14.1.1

openSUSE Leap 15
	Kernel: 5.4.0-167-generic
	Compiler: gcc 7.5.0

RHEL8
	Kernel: 5.4.0-167-generic
	Compiler: gcc 8.5.0 20210514 (Red Hat 8.5.0-20)

RHEL9
	Kernel: Depends on container host
	Compiler: gcc 11.4.1

Ubuntu 20.04
	Kernel: 5.4.0-167-generic
	Compiler: gcc 9.4.0-1ubuntu1~20.04.1

Ubuntu 22.04
	Kernel: 5.4.0-167-generic
	Compiler: gcc 11.4.0

Ubuntu 24.04
	Kernel: 5.4.0-167-generic
	Compiler: gcc 13.2.0

Windows Server 2019
	Kernel: 10.0.17763
	Compiler: clang 14.0 and gcc 8.1.0 (MinGW)

Windows Server 2022
	Kernel: 10.0.20348.2031
	Compiler: clang 15.0.7, gcc 8.1.0 (MinGW), and MSVC VS 17.9

Alpine
	Kernel: 5.4.0-167-generic
	Compiler: gcc (Alpine 13.2.1_git20231014) 13.2.1 20231014

FreeBSD 13.3
	Kernel: 13.3-RELEASE-p1
	Compiler: clang 17.0.6

FreeBSD 14.1
	Kernel: 14.1
	Compiler: clang 18.1.5

To view detailed results, visit:
https://lab.dpdk.org/results/dashboard/patchsets/30564/

UNH-IOL DPDK Community Lab

To manage your email subscriptions, visit: 
https://lab.dpdk.org/results/dashboard/preferences/subscriptions/