From mboxrd@z Thu Jan  1 00:00:00 1970
Return-Path: <test-report-bounces@dpdk.org>
Received: from mails.dpdk.org (mails.dpdk.org [217.70.189.124])
	by inbox.dpdk.org (Postfix) with ESMTP id DA1C145656
	for <public@inbox.dpdk.org>; Fri, 19 Jul 2024 18:36:14 +0200 (CEST)
Received: from mails.dpdk.org (localhost [127.0.0.1])
	by mails.dpdk.org (Postfix) with ESMTP id D4BF440ED0;
	Fri, 19 Jul 2024 18:36:14 +0200 (CEST)
Received: from mail-yw1-f225.google.com (mail-yw1-f225.google.com
 [209.85.128.225])
 by mails.dpdk.org (Postfix) with ESMTP id B087840EA5
 for <test-report@dpdk.org>; Fri, 19 Jul 2024 18:36:13 +0200 (CEST)
Received: by mail-yw1-f225.google.com with SMTP id
 00721157ae682-65fc94099a6so21584507b3.1
 for <test-report@dpdk.org>; Fri, 19 Jul 2024 09:36:13 -0700 (PDT)
DKIM-Signature: v=1; a=rsa-sha256; c=relaxed/relaxed;
 d=iol.unh.edu; s=unh-iol; t=1721406973; x=1722011773; darn=dpdk.org;
 h=references:in-reply-to:cc:to:from:subject:message-id:date:from:to
 :cc:subject:date:message-id:reply-to;
 bh=vUliDj5CL49RIBJQtteeikJEy8SulLc2boc+mtF8P6U=;
 b=GnfYZvn808MIGy33Nbd4IWWIeiVgYcbOwB81eoYOBktsUKfK8HpJjxz7Z4hU8O2GD5
 ojsS6/61LLZL6c+HJ1PnHg/R5a5Uze1aAEVYAIcczFsF4zVph+aqlTQC4/vfFdtI+YTX
 QM7M7iJrIuJJZcaFV5clhMkqWcUVNMjxsiU44=
X-Google-DKIM-Signature: v=1; a=rsa-sha256; c=relaxed/relaxed;
 d=1e100.net; s=20230601; t=1721406973; x=1722011773;
 h=references:in-reply-to:cc:to:from:subject:message-id:date
 :x-gm-message-state:from:to:cc:subject:date:message-id:reply-to;
 bh=vUliDj5CL49RIBJQtteeikJEy8SulLc2boc+mtF8P6U=;
 b=Na31ZbgVdfW0gMVoWsmKvVffYsx1+6d89s/uWLmBzoib9eEGWaEaO6Z/kk+oK9I0t/
 vXPFBhy1h2Zy1C2oqfxGdPHlSTQPxL84kDea0w0vkrBqcppBoSn7BvLNGl/pS+XdjudL
 cDb0qG6dt9DW7Gao9bA1D/dnTOPSfaXjhFYIK8IzwJ8a/Xe2jLtePT6bl6UAJT11hv9v
 KL2EPz3F5WlerV0skigy90T1SlP6CWPT1X3s2oz/kWJvCVLbbd6eEAnWw9Qcdh2NpXze
 GtWDoA1/XC7+eSfL5wS7aPfUHRNmW3YxYWYgkCo+0fJG7zabyYwdm9KSpisXfMWQgrD2
 mGHQ==
X-Gm-Message-State: AOJu0Yxm4uxN+2cN1XXkQwNFmqqku8Zc93bET9R8CtGNOsRiAsHzC0FX
 FJgMu3eswkSSAiLlXPMwodieekLcP9rvVsp6wIQPdU06Yy1ZmDyZ2oe20uQzL6yQ6y4bVdz4kC+
 uwekcD6yFyskxxGrZa9SOTHzR15ioiRshV22poz/g
X-Google-Smtp-Source: AGHT+IEVay+KS5GTZk5vJa+E82SOrgXmymurZwpL/mrWSGrn1gms0jMmyBZjl/iznccpfeAF/QFe7eFUCXhX
X-Received: by 2002:a05:690c:9e:b0:664:9651:1674 with SMTP id
 00721157ae682-66a684c2c85mr2586847b3.4.1721406972990; 
 Fri, 19 Jul 2024 09:36:12 -0700 (PDT)
Received: from postal.iol.unh.edu (postal.iol.unh.edu. [132.177.123.84])
 by smtp-relay.gmail.com with ESMTPS id
 00721157ae682-66953fc73desm1154327b3.70.2024.07.19.09.36.12
 (version=TLS1_2 cipher=ECDHE-ECDSA-AES128-GCM-SHA256 bits=128/128);
 Fri, 19 Jul 2024 09:36:12 -0700 (PDT)
X-Relaying-Domain: iol.unh.edu
Date: Fri, 19 Jul 2024 09:36:12 -0700 (PDT)
Message-ID: <669a95fc.810a0220.137920.6ff2SMTPIN_ADDED_MISSING@mx.google.com>
Received: from [172.21.0.6] (unknown [172.18.0.240])
 by postal.iol.unh.edu (Postfix) with ESMTP id A2CAA60526E2;
 Fri, 19 Jul 2024 12:36:12 -0400 (EDT)
Subject: |FAILURE| pw142527-142556 [PATCH] [30/30] bus/dpaa: add port bmi sta
From: dpdklab@iol.unh.edu
To: Test Report <test-report@dpdk.org>
Cc: dpdk-test-reports@iol.unh.edu, Gagandeep Singh <g.singh@nxp.com>
In-Reply-To: <20240719100126.1150373-30-g.singh@nxp.com>
References: <20240719100126.1150373-30-g.singh@nxp.com>
Content-Type: text/plain
X-BeenThere: test-report@dpdk.org
X-Mailman-Version: 2.1.29
Precedence: list
List-Id: automatic DPDK test reports <test-report.dpdk.org>
List-Unsubscribe: <https://mails.dpdk.org/options/test-report>,
 <mailto:test-report-request@dpdk.org?subject=unsubscribe>
List-Archive: <http://mails.dpdk.org/archives/test-report/>
List-Post: <mailto:test-report@dpdk.org>
List-Help: <mailto:test-report-request@dpdk.org?subject=help>
List-Subscribe: <https://mails.dpdk.org/listinfo/test-report>,
 <mailto:test-report-request@dpdk.org?subject=subscribe>
Errors-To: test-report-bounces@dpdk.org

Test-Label: iol-compile-arm64-testing
Test-Status: FAILURE
http://dpdk.org/patch/142556

_Testing issues_

Submitter: Gagandeep Singh <g.singh@nxp.com>
Date: Friday, July 19 2024 10:01:26 
DPDK git baseline: Repo:dpdk
  Branch: master
  CommitID:fa8d2f7f28524a6c8defa3dcd94f5aa131aae084

142527-142556 --> testing issues

Upstream job id: Generic-DPDK-Compile-Meson#276651

Test environment and result as below:

+----------------------------------------+--------------------+
|              Environment               | dpdk_meson_compile |
+========================================+====================+
| Ubuntu 20.04 ARM GCC Cross Compile     | PASS               |
+----------------------------------------+--------------------+
| RHEL9 (ARM)                            | FAIL               |
+----------------------------------------+--------------------+
| Debian 12 with MUSDK                   | PASS               |
+----------------------------------------+--------------------+
| Ubuntu 20.04 ARM SVE                   | PASS               |
+----------------------------------------+--------------------+
| Fedora 38 (ARM Clang)                  | PEND               |
+----------------------------------------+--------------------+
| Fedora 37 (ARM)                        | FAIL               |
+----------------------------------------+--------------------+
| Fedora 38 (ARM)                        | FAIL               |
+----------------------------------------+--------------------+
| Fedora 40 (ARM)                        | FAIL               |
+----------------------------------------+--------------------+
| Fedora 39 (ARM)                        | FAIL               |
+----------------------------------------+--------------------+
| Ubuntu 20.04 (ARM)                     | PASS               |
+----------------------------------------+--------------------+
| CentOS Stream 9 (ARM)                  | FAIL               |
+----------------------------------------+--------------------+
| Fedora 39 (ARM Clang)                  | PEND               |
+----------------------------------------+--------------------+
| Ubuntu 22.04 (ARM)                     | FAIL               |
+----------------------------------------+--------------------+
| Fedora 40 (ARM Clang)                  | PASS               |
+----------------------------------------+--------------------+
| Ubuntu 20.04 ARM Clang Cross Compile   | PASS               |
+----------------------------------------+--------------------+
| Debian 11 (Buster) (ARM)               | FAIL               |
+----------------------------------------+--------------------+
| Ubuntu 20.04 aarch32 GCC Cross Compile | FAIL               |
+----------------------------------------+--------------------+
| Debian 12 (arm)                        | FAIL               |
+----------------------------------------+--------------------+
| Ubuntu 24.04 (ARM)                     | FAIL               |
+----------------------------------------+--------------------+

==== 20 line log output for Ubuntu 24.04 (ARM) (dpdk_meson_compile): ====
[1020/3229] Linking static target drivers/libtmp_rte_dma_cnxk.a.
[1021/3229] Generating rte_dma_cnxk.pmd.c with a custom command.
[1022/3229] Compiling C object 'drivers/a715181@@rte_dma_cnxk@sta/meson-generated_.._rte_dma_cnxk.pmd.c.o'.
[1023/3229] Linking static target drivers/librte_dma_cnxk.a.
[1024/3229] Generating rte_dma_cnxk.sym_chk with a meson_exe.py custom command.
[1025/3229] Compiling C object 'drivers/a715181@@rte_dma_cnxk@sha/meson-generated_.._rte_dma_cnxk.pmd.c.o'.
[1026/3229] Linking target drivers/librte_dma_cnxk.so.24.2.
[1027/3229] Generating symbol file 'drivers/a715181@@rte_dma_cnxk@sha/librte_dma_cnxk.so.24.2.symbols'.
[1028/3229] Compiling C object 'drivers/a715181@@tmp_rte_dma_dpaa@sta/dma_dpaa_dpaa_qdma.c.o'.
FAILED: drivers/a715181@@tmp_rte_dma_dpaa@sta/dma_dpaa_dpaa_qdma.c.o
ccache cc -Idrivers/a715181@@tmp_rte_dma_dpaa@sta -Idrivers -I../drivers -Idrivers/dma/dpaa -I../drivers/dma/dpaa -Ilib/dmadev -I../lib/dmadev -I. -I../ -Iconfig -I../config -Ilib/eal/include -I../lib/eal/include -Ilib/eal/linux/include -I../lib/eal/linux/include -Ilib/eal/arm/include -I../lib/eal/arm/include -Ilib/eal/common -I../lib/eal/common -Ilib/eal -I../lib/eal -Ilib/kvargs -I../lib/kvargs -Ilib/log -I../lib/log -Ilib/telemetry/../metrics -I../lib/telemetry/../metrics -Ilib/telemetry -I../lib/telemetry -Idrivers/bus/dpaa -I../drivers/bus/dpaa -I../drivers/bus/dpaa/include -I../drivers/bus/dpaa/base/qbman -Idrivers/common/dpaax -I../drivers/common/dpaax -I../drivers/common/dpaax/caamflib -Ilib/eventdev -I../lib/eventdev -Ilib/ring -I../lib/ring -Ilib/ethdev -I../lib/ethdev -Ilib/net -I../lib/net -Ilib/mbuf -I../lib/mbuf -Ilib/mempool -I../lib/mempool -Ilib/meter -I../lib/meter -Ilib/hash -I../lib/hash -Ilib/rcu -I../lib/rcu -Ilib/timer -I../lib/timer -Ilib/cryptodev -I../lib/cr
 yptodev -fdiagnostics-color=always -pipe -D_FILE_OFFSET_BITS=64 -Wall -Winvalid-pch -Wextra -Werror -std=c11 -O3 -include rte_config.h -Wcast-qual -Wdeprecated -Wformat -Wformat-nonliteral -Wformat-security -Wmissing-declarations -Wmissing-prototypes -Wnested-externs -Wold-style-definition -Wpointer-arith -Wsign-compare -Wstrict-prototypes -Wundef -Wwrite-strings -Wno-address-of-packed-member -Wno-packed-not-aligned -Wno-missing-field-initializers -Wno-zero-length-bounds -D_GNU_SOURCE -fPIC -mcpu=thunderx2t99+crc+crypto -DALLOW_EXPERIMENTAL_API -DALLOW_INTERNAL_API -Wno-format-truncation -Wno-pointer-arith -DRTE_LOG_DEFAULT_LOGTYPE=pmd.dma.dpaa -MD -MQ 'drivers/a715181@@tmp_rte_dma_dpaa@sta/dma_dpaa_dpaa_qdma.c.o' -MF 'drivers/a715181@@tmp_rte_dma_dpaa@sta/dma_dpaa_dpaa_qdma.c.o.d' -o 'drivers/a715181@@tmp_rte_dma_dpaa@sta/dma_dpaa_dpaa_qdma.c.o' -c ../drivers/dma/dpaa/dpaa_qdma.c
../drivers/dma/dpaa/dpaa_qdma.c: In function 'dpaa_qdma_block_dequeue':
../drivers/dma/dpaa/dpaa_qdma.c:551:48: error: 'dq_complete' may be used uninitialized [-Werror=maybe-uninitialized]
551 |                                 (void **)desc, *dq_complete, NULL);
|                                                ^~~~~~~~~~~~
../drivers/dma/dpaa/dpaa_qdma.c:525:19: note: 'dq_complete' was declared here
525 |         uint16_t *dq_complete;
|                   ^~~~~~~~~~~
cc1: all warnings being treated as errors
ninja: build stopped: subcommand failed.
==== End log output ====

Ubuntu 20.04 ARM GCC Cross Compile
	Kernel: 5.4.0-167-generic
	Compiler: aarch64-linux-gnu-gcc (Ubuntu 9.4.0-1ubuntu1~20.04.2) 9.4.0

RHEL9 (ARM)
	Kernel: Depends on container host
	Compiler: gcc 11.4.1

Debian 12 with MUSDK
	Kernel: Container Host Kernel
	Compiler: gcc 12.2.0

Ubuntu 20.04 ARM SVE
	Kernel: 5.4.0-167-generic
	Compiler: gcc (Ubuntu 10.5.0-1ubuntu1~20.04) 10.5.0

Fedora 38 (ARM Clang)
	Kernel: Depends on container host
	Compiler: clang 16.0.6

Fedora 37 (ARM)
	Kernel: Depends on container host
	Compiler: gcc 12.3.1

Fedora 38 (ARM)
	Kernel: Depends on container host
	Compiler: gcc 13.2.1

Fedora 40 (ARM)
	Kernel: Depends on container host
	Compiler: gcc 14.1.1

Fedora 39 (ARM)
	Kernel: Depends on container host
	Compiler: gcc 13.2.1

Ubuntu 20.04 (ARM)
	Kernel: Container Host Kernel
	Compiler: gcc 9.4.0

CentOS Stream 9 (ARM)
	Kernel: Container Host Kernel
	Compiler: gcc 11.4.1

Fedora 39 (ARM Clang)
	Kernel: Depends on container host
	Compiler: clang 17.0.6

Ubuntu 22.04 (ARM)
	Kernel: Container Host Kernel
	Compiler: gcc 11.4.0

Fedora 40 (ARM Clang)
	Kernel: Depends on container host
	Compiler: clang 18.1.6

Ubuntu 20.04 ARM Clang Cross Compile
	Kernel: 5.4.0-72-generic
	Compiler: clang 10.0.0-4ubuntu1

Debian 11 (Buster) (ARM)
	Kernel: Container Host Kernel
	Compiler: gcc 10.2.1

Ubuntu 20.04 aarch32 GCC Cross Compile
	Kernel: 5.4.0-167-generic
	Compiler: gcc 9.4.0

Debian 12 (arm)
	Kernel: Container Host Kernel
	Compiler: gcc 12.2.0

Ubuntu 24.04 (ARM)
	Kernel: 5.4.0-167-generic
	Compiler: gcc 13.2.0

To view detailed results, visit:
https://lab.dpdk.org/results/dashboard/patchsets/30564/

UNH-IOL DPDK Community Lab

To manage your email subscriptions, visit: 
https://lab.dpdk.org/results/dashboard/preferences/subscriptions/