From mboxrd@z Thu Jan  1 00:00:00 1970
Return-Path: <test-report-bounces@dpdk.org>
Received: from mails.dpdk.org (mails.dpdk.org [217.70.189.124])
	by inbox.dpdk.org (Postfix) with ESMTP id C0D4945656
	for <public@inbox.dpdk.org>; Fri, 19 Jul 2024 21:22:37 +0200 (CEST)
Received: from mails.dpdk.org (localhost [127.0.0.1])
	by mails.dpdk.org (Postfix) with ESMTP id BDEC940DD5;
	Fri, 19 Jul 2024 21:22:37 +0200 (CEST)
Received: from mail-io1-f99.google.com (mail-io1-f99.google.com
 [209.85.166.99]) by mails.dpdk.org (Postfix) with ESMTP id B225F4026B
 for <test-report@dpdk.org>; Fri, 19 Jul 2024 21:22:36 +0200 (CEST)
Received: by mail-io1-f99.google.com with SMTP id
 ca18e2360f4ac-819c1f5348aso41676639f.0
 for <test-report@dpdk.org>; Fri, 19 Jul 2024 12:22:36 -0700 (PDT)
DKIM-Signature: v=1; a=rsa-sha256; c=relaxed/relaxed;
 d=iol.unh.edu; s=unh-iol; t=1721416956; x=1722021756; darn=dpdk.org;
 h=references:in-reply-to:cc:to:from:subject:message-id:date:from:to
 :cc:subject:date:message-id:reply-to;
 bh=FA0RS2KWtfeHZVkhB+eKdQeJOc4JztbGq3dwJUlmgnY=;
 b=IfMQ01l4ie1hM9I4Ys12pOXrdHFoypMACsm0qft/j5OtRH4NB65Y4pd2+5tAr27iQa
 WiqrYrixByT84BqfvXQtJae+p1z3JxpN+ar1VQzgY5PehTULqBb3PEQ7iM/knhYTYxpG
 xWeedcUFW98Ti4SFx1c3poCtqlfdSM7FiiAlA=
X-Google-DKIM-Signature: v=1; a=rsa-sha256; c=relaxed/relaxed;
 d=1e100.net; s=20230601; t=1721416956; x=1722021756;
 h=references:in-reply-to:cc:to:from:subject:message-id:date
 :x-gm-message-state:from:to:cc:subject:date:message-id:reply-to;
 bh=FA0RS2KWtfeHZVkhB+eKdQeJOc4JztbGq3dwJUlmgnY=;
 b=s0xJe0ghD1TWepdJarQVa+zClKkrVpmA+j2DwInDB0Qkn2W+D6/AUVnsjCtpZCVgxI
 NacEev5VlJAMe6dfKmLwT/zQtc9u3o0DHvF+kOxfjJbBufzGvOQ+KawBSpMnVn2ZfE64
 7NnSHqA66S5AcruTn3cqTBaWLLNldwjtJfeMVjB70VkRLKHMuA2FIMfe72nlzd+Z5LjT
 w08X1Tp1+DW985XpWlUKQGiPgyzfUo3227hjQiscDyE4rg/cnrh3YIwbuWy8DLdMdbze
 eBTPZvmL6Q2/QvMF9rTgFwVtC7fsJf6fslHUCaAe6hRtkuKXVy7/7aAIhCrerSvzxbY8
 FyAg==
X-Gm-Message-State: AOJu0YxYBk4VaZxMX5dWp5ojP1aa4PHt5YpIYNYxVMcUZNiSBoX72f9v
 ymVIsQi4F+7cmBbM+bPA0N3H6uOss8KgTRQ6o48J5OqX8FlMJ/osB1WXwVXwFfPZWhCqC1Dtreh
 46ghu38T/GTNsR4vFGQc6HIIJalTfkL96F+Pd0e6s
X-Google-Smtp-Source: AGHT+IGUW3D5v9I8aaWTklIxqKNHXX6J6TRIeb3dbSu3O/K8hqbOCall9YbKeFc5exF8nd166+2NwfYpBqSL
X-Received: by 2002:a05:6602:1406:b0:7f9:1b3b:8465 with SMTP id
 ca18e2360f4ac-817109e76cbmr1068910739f.11.1721416955988; 
 Fri, 19 Jul 2024 12:22:35 -0700 (PDT)
Received: from postal.iol.unh.edu (postal.iol.unh.edu. [132.177.123.84])
 by smtp-relay.gmail.com with ESMTPS id
 8926c6da1cb9f-4c23440dfe0sm72293173.55.2024.07.19.12.22.35
 (version=TLS1_2 cipher=ECDHE-ECDSA-AES128-GCM-SHA256 bits=128/128);
 Fri, 19 Jul 2024 12:22:35 -0700 (PDT)
X-Relaying-Domain: iol.unh.edu
Date: Fri, 19 Jul 2024 12:22:35 -0700 (PDT)
Message-ID: <669abcfb.050a0220.c4820.483eSMTPIN_ADDED_MISSING@mx.google.com>
Received: from [172.21.0.6] (unknown [172.18.0.240])
 by postal.iol.unh.edu (Postfix) with ESMTP id 823B360526E2;
 Fri, 19 Jul 2024 15:22:35 -0400 (EDT)
Subject: |FAILURE| pw142523 [PATCH] [v2] net/gve: Update Rx/Tx functions for 
From: dpdklab@iol.unh.edu
To: Test Report <test-report@dpdk.org>
Cc: dpdk-test-reports@iol.unh.edu,
 priyadarshitathagat <tathagat.dpdk@gmail.com>
In-Reply-To: <1721364722-2387983-1-git-send-email-tathagat.dpdk@gmail.com>
References: <1721364722-2387983-1-git-send-email-tathagat.dpdk@gmail.com>
Content-Type: text/plain
X-BeenThere: test-report@dpdk.org
X-Mailman-Version: 2.1.29
Precedence: list
List-Id: automatic DPDK test reports <test-report.dpdk.org>
List-Unsubscribe: <https://mails.dpdk.org/options/test-report>,
 <mailto:test-report-request@dpdk.org?subject=unsubscribe>
List-Archive: <http://mails.dpdk.org/archives/test-report/>
List-Post: <mailto:test-report@dpdk.org>
List-Help: <mailto:test-report-request@dpdk.org?subject=help>
List-Subscribe: <https://mails.dpdk.org/listinfo/test-report>,
 <mailto:test-report-request@dpdk.org?subject=subscribe>
Errors-To: test-report-bounces@dpdk.org

Test-Label: iol-unit-amd64-testing
Test-Status: FAILURE
http://dpdk.org/patch/142523

_Testing issues_

Submitter: priyadarshitathagat <tathagat.dpdk@gmail.com>
Date: Friday, July 19 2024 04:52:02 
DPDK git baseline: Repo:dpdk
  Branch: master
  CommitID:39fe3417bd7a3e15a2a4f8fa543c6d72ee32eee1

142523 --> testing issues

Upstream job id: Generic-Unit-Test-DPDK#241987

Test environment and result as below:

+---------------------+----------------+
|     Environment     | dpdk_unit_test |
+=====================+================+
| CentOS Stream 8     | PASS           |
+---------------------+----------------+
| CentOS Stream 9     | PASS           |
+---------------------+----------------+
| Debian Bullseye     | PASS           |
+---------------------+----------------+
| Debian 12           | PEND           |
+---------------------+----------------+
| Fedora 37           | PASS           |
+---------------------+----------------+
| Fedora 38           | PEND           |
+---------------------+----------------+
| Fedora 38 (Clang)   | PEND           |
+---------------------+----------------+
| Fedora 39           | PEND           |
+---------------------+----------------+
| Fedora 39 (Clang)   | PEND           |
+---------------------+----------------+
| Fedora 40           | PEND           |
+---------------------+----------------+
| Fedora 40 (Clang)   | PEND           |
+---------------------+----------------+
| openSUSE Leap 15    | PEND           |
+---------------------+----------------+
| RHEL8               | PEND           |
+---------------------+----------------+
| RHEL9               | PEND           |
+---------------------+----------------+
| Ubuntu 20.04        | PEND           |
+---------------------+----------------+
| Ubuntu 22.04        | PEND           |
+---------------------+----------------+
| Ubuntu 24.04        | PEND           |
+---------------------+----------------+
| Windows Server 2019 | FAIL           |
+---------------------+----------------+
| Windows Server 2022 | PASS           |
+---------------------+----------------+

==== Unit test summary for Windows Server 2019 (dpdk_unit_test): ====
Failed to get the unit test results.
Displaying the unit test results is not supported for some environments,
such as our aarch32 testing, where meson is not used to run the tests.
Download the logs available on our CI site.
==== End log output ====

CentOS Stream 8
	Kernel: 5.4.0-167-generic
	Compiler: gcc 8.5.0 20210514

CentOS Stream 9
	Kernel: 5.4.0-167-generic
	Compiler: gcc 11.4.1 20230605

Debian Bullseye
	Kernel: 5.4.0-167-generic
	Compiler: gcc 10.2.1-6

Debian 12
	Kernel: Container Host Kernel
	Compiler: gcc 12.2.0

Fedora 37
	Kernel: Depends on container host system
	Compiler: gcc 12.3.1

Fedora 38
	Kernel: Depends on container host
	Compiler: gcc 13.2.1

Fedora 38 (Clang)
	Kernel: Depends on container host
	Compiler: clang 16.0.6

Fedora 39
	Kernel: Depends on container host
	Compiler: gcc 13.2.1

Fedora 39 (Clang)
	Kernel: Depends on container host
	Compiler: clang 17.0.6

Fedora 40
	Kernel: Depends on container host
	Compiler: gcc 14.1.1

Fedora 40 (Clang)
	Kernel: Depends on container host
	Compiler: clang 18.1.6

openSUSE Leap 15
	Kernel: 5.4.0-167-generic
	Compiler: gcc 7.5.0

RHEL8
	Kernel: 5.4.0-167-generic
	Compiler: gcc 8.5.0 20210514 (Red Hat 8.5.0-20)

RHEL9
	Kernel: Depends on container host
	Compiler: gcc 11.4.1

Ubuntu 20.04
	Kernel: 5.4.0-167-generic
	Compiler: gcc 9.4.0-1ubuntu1~20.04.1

Ubuntu 22.04
	Kernel: 5.4.0-167-generic
	Compiler: gcc 11.4.0

Ubuntu 24.04
	Kernel: 5.4.0-167-generic
	Compiler: gcc 13.2.0

Windows Server 2019
	Kernel: 10.0.17763
	Compiler: clang 14.0 and gcc 8.1.0 (MinGW)

Windows Server 2022
	Kernel: 10.0.20348.2031
	Compiler: clang 15.0.7, gcc 8.1.0 (MinGW), and MSVC VS 17.9

To view detailed results, visit:
https://lab.dpdk.org/results/dashboard/patchsets/30562/

UNH-IOL DPDK Community Lab

To manage your email subscriptions, visit: 
https://lab.dpdk.org/results/dashboard/preferences/subscriptions/