From mboxrd@z Thu Jan  1 00:00:00 1970
Return-Path: <test-report-bounces@dpdk.org>
Received: from mails.dpdk.org (mails.dpdk.org [217.70.189.124])
	by inbox.dpdk.org (Postfix) with ESMTP id DF82045665
	for <public@inbox.dpdk.org>; Sat, 20 Jul 2024 19:49:40 +0200 (CEST)
Received: from mails.dpdk.org (localhost [127.0.0.1])
	by mails.dpdk.org (Postfix) with ESMTP id DC2A64027E;
	Sat, 20 Jul 2024 19:49:40 +0200 (CEST)
Received: from mail-qt1-f226.google.com (mail-qt1-f226.google.com
 [209.85.160.226])
 by mails.dpdk.org (Postfix) with ESMTP id C03B740269
 for <test-report@dpdk.org>; Sat, 20 Jul 2024 19:49:39 +0200 (CEST)
Received: by mail-qt1-f226.google.com with SMTP id
 d75a77b69052e-447e02f3ac9so12521131cf.0
 for <test-report@dpdk.org>; Sat, 20 Jul 2024 10:49:39 -0700 (PDT)
DKIM-Signature: v=1; a=rsa-sha256; c=relaxed/relaxed;
 d=iol.unh.edu; s=unh-iol; t=1721497779; x=1722102579; darn=dpdk.org;
 h=references:in-reply-to:cc:to:from:subject:message-id:date:from:to
 :cc:subject:date:message-id:reply-to;
 bh=+T3BGoDLhcIsTBQP3TXxv3VjHMXQ5gRm8SCfREYiO+M=;
 b=bdOzHU4AVSb4E9c1A8WBb6uOUGqLdIAGwASxVm/aaB+0lmnLwuX8qwYH979T4wgNbH
 k96P0JvriAEm30g94Twjk3whNbHH9w/biKxWPgB4Muc239glE//mPkgCAuINLC/6EbFV
 BUUEM76uijeiJaX/d6lioQXMftlmPVXDgliRU=
X-Google-DKIM-Signature: v=1; a=rsa-sha256; c=relaxed/relaxed;
 d=1e100.net; s=20230601; t=1721497779; x=1722102579;
 h=references:in-reply-to:cc:to:from:subject:message-id:date
 :x-gm-message-state:from:to:cc:subject:date:message-id:reply-to;
 bh=+T3BGoDLhcIsTBQP3TXxv3VjHMXQ5gRm8SCfREYiO+M=;
 b=cH+AL6cPFP6dfDqiNpelf2D+5IWQxWTPOSbF9mspd8K0q/eQfj9QTilRoQ6MJVw+sZ
 p3VttRxbnxY0KgCXy/hC+jWK5bRQfoK+whSFel+ADzS4XvLmbaHrh/Ra7SSVf8A5NvCp
 G8rZPqpHz+qCEIrIjdkOK1gQzJYcWpw0etl3x6OMO31Ef1q4VkiZODjNR2WAsjgJvEvw
 QxIuRBORGQiLg4ezTXjicGTkazU+VSx1vTEJGfhBCyxsXtahQ+d0tEtREkR2GUBky1hQ
 Ekd13ZU0uJ09vbpYANuni4FYgjmKeL7hU6K45fE51A+PpG/OFU4oSo7VUo2OdT0DmLkm
 XT4g==
X-Gm-Message-State: AOJu0YwegjYyaTJqj9IXucSeI4cBRfpCQo3P6MYo/0RJuSyzZxNLq4Zb
 5leZ3E6rZ7guq46wvGvfu28AROSLMzjuWcFCpDoHuTHlxLua7ZjySjpGhbaLckfdcBhIbJllQV2
 smkjYi2LCNN031SQvzoms6CPFLvMd6G75
X-Google-Smtp-Source: AGHT+IFQKrUtIg2FuP9IMB4uJV4bDXXbDLcXFEaKtJ3l79zr4RKjRiaTCONagS1hUQyRTkoVia/DguonPot0
X-Received: by 2002:a05:622a:1886:b0:447:edd2:4cf2 with SMTP id
 d75a77b69052e-44fa52a88a9mr40145921cf.27.1721497778859; 
 Sat, 20 Jul 2024 10:49:38 -0700 (PDT)
Received: from postal.iol.unh.edu (postal.iol.unh.edu. [132.177.123.84])
 by smtp-relay.gmail.com with ESMTPS id
 d75a77b69052e-44f9cbeaf02sm1831731cf.2.2024.07.20.10.49.38
 (version=TLS1_2 cipher=ECDHE-ECDSA-AES128-GCM-SHA256 bits=128/128);
 Sat, 20 Jul 2024 10:49:38 -0700 (PDT)
X-Relaying-Domain: iol.unh.edu
Date: Sat, 20 Jul 2024 10:49:38 -0700 (PDT)
Message-ID: <669bf8b2.050a0220.68f3d.c07bSMTPIN_ADDED_MISSING@mx.google.com>
Received: from [172.21.0.6] (unknown [172.18.0.240])
 by postal.iol.unh.edu (Postfix) with ESMTP id 8F88460524C8;
 Sat, 20 Jul 2024 13:49:38 -0400 (EDT)
Subject: |WARNING| pw142559-142561 [PATCH] [v1,4/4] power/amd_uncore: uncore 
From: dpdklab@iol.unh.edu
To: Test Report <test-report@dpdk.org>
Cc: Sivaprasad Tummala <Sivaprasad.Tummala@amd.com>,
 dpdk-test-reports@iol.unh.edu
In-Reply-To: <20240720165030.246294-5-sivaprasad.tummala@amd.com>
References: <20240720165030.246294-5-sivaprasad.tummala@amd.com>
Content-Type: text/plain
X-BeenThere: test-report@dpdk.org
X-Mailman-Version: 2.1.29
Precedence: list
List-Id: automatic DPDK test reports <test-report.dpdk.org>
List-Unsubscribe: <https://mails.dpdk.org/options/test-report>,
 <mailto:test-report-request@dpdk.org?subject=unsubscribe>
List-Archive: <http://mails.dpdk.org/archives/test-report/>
List-Post: <mailto:test-report@dpdk.org>
List-Help: <mailto:test-report-request@dpdk.org?subject=help>
List-Subscribe: <https://mails.dpdk.org/listinfo/test-report>,
 <mailto:test-report-request@dpdk.org?subject=subscribe>
Errors-To: test-report-bounces@dpdk.org

Test-Label: iol-abi-testing
Test-Status: WARNING
http://dpdk.org/patch/142561

_Testing issues_

Submitter: Sivaprasad Tummala <Sivaprasad.Tummala@amd.com>
Date: Saturday, July 20 2024 16:50:29 
DPDK git baseline: Repo:dpdk
  Branch: master
  CommitID:fa8d2f7f28524a6c8defa3dcd94f5aa131aae084

142559-142561 --> testing issues

Upstream job id: Generic-DPDK-Compile-ABI#99578

Test environment and result as below:

+-------------------+----------+
|    Environment    | abi_test |
+===================+==========+
| CentOS Stream 8   | FAIL     |
+-------------------+----------+
| CentOS Stream 9   | FAIL     |
+-------------------+----------+
| Debian 12         | PEND     |
+-------------------+----------+
| Fedora 38 (Clang) | PEND     |
+-------------------+----------+
| Fedora 39 (Clang) | PEND     |
+-------------------+----------+
| Fedora 37         | PEND     |
+-------------------+----------+
| Fedora 38         | FAIL     |
+-------------------+----------+
| Fedora 39         | PEND     |
+-------------------+----------+
| RHEL8             | FAIL     |
+-------------------+----------+
| openSUSE Leap 15  | FAIL     |
+-------------------+----------+
| Fedora 40 (Clang) | FAIL     |
+-------------------+----------+
| Ubuntu 22.04      | FAIL     |
+-------------------+----------+
| Fedora 40         | PEND     |
+-------------------+----------+
| RHEL9             | FAIL     |
+-------------------+----------+
| Ubuntu 24.04      | PEND     |
+-------------------+----------+
| Debian Bullseye   | PEND     |
+-------------------+----------+

==== 20 line log output for RHEL9 (abi_test): ====
Variables changes summary: 0 Removed, 0 Changed, 0 Added variable

Functions changes summary: 0 Removed, 0 Changed (2 filtered out), 0 Added functions
Variables changes summary: 0 Removed, 0 Changed, 0 Added variable

Functions changes summary: 0 Removed, 0 Changed (12 filtered out), 0 Added (4 filtered out) functions
Variables changes summary: 0 Removed, 0 Changed (1 filtered out), 0 Added variable

Functions changes summary: 0 Removed, 0 Changed (3 filtered out), 0 Added functions
Variables changes summary: 0 Removed, 0 Changed, 0 Added variable

Functions changes summary: 0 Removed, 0 Changed (15 filtered out), 0 Added functions
Variables changes summary: 0 Removed, 0 Changed (2 filtered out), 0 Added (2 filtered out) variables

Functions changes summary: 0 Removed, 0 Changed (1 filtered out), 0 Added function
Variables changes summary: 0 Removed, 0 Changed, 0 Added variable

Functions changes summary: 0 Removed, 0 Changed, 0 Added (6 filtered out) functions
Variables changes summary: 0 Removed, 0 Changed, 0 Added variable

==== End log output ====

CentOS Stream 8
	Kernel: 5.4.0-167-generic
	Compiler: gcc 8.5.0 20210514

CentOS Stream 9
	Kernel: 5.4.0-167-generic
	Compiler: gcc 11.4.1 20230605

Debian 12
	Kernel: Container Host Kernel
	Compiler: gcc 12.2.0

Fedora 38 (Clang)
	Kernel: Depends on container host
	Compiler: clang 16.0.6

Fedora 39 (Clang)
	Kernel: Depends on container host
	Compiler: clang 17.0.6

Fedora 37
	Kernel: Depends on container host system
	Compiler: gcc 12.3.1

Fedora 38
	Kernel: Depends on container host
	Compiler: gcc 13.2.1

Fedora 39
	Kernel: Depends on container host
	Compiler: gcc 13.2.1

RHEL8
	Kernel: 5.4.0-167-generic
	Compiler: gcc 8.5.0 20210514 (Red Hat 8.5.0-20)

openSUSE Leap 15
	Kernel: 5.4.0-167-generic
	Compiler: gcc 7.5.0

Fedora 40 (Clang)
	Kernel: Depends on container host
	Compiler: clang 18.1.6

Ubuntu 22.04
	Kernel: 5.4.0-167-generic
	Compiler: gcc 11.4.0

Fedora 40
	Kernel: Depends on container host
	Compiler: gcc 14.1.1

RHEL9
	Kernel: Depends on container host
	Compiler: gcc 11.4.1

Ubuntu 24.04
	Kernel: 5.4.0-167-generic
	Compiler: gcc 13.2.0

Debian Bullseye
	Kernel: 5.4.0-167-generic
	Compiler: gcc 10.2.1-6

To view detailed results, visit:
https://lab.dpdk.org/results/dashboard/patchsets/30567/

UNH-IOL DPDK Community Lab

To manage your email subscriptions, visit: 
https://lab.dpdk.org/results/dashboard/preferences/subscriptions/