From mboxrd@z Thu Jan  1 00:00:00 1970
Return-Path: <test-report-bounces@dpdk.org>
Received: from mails.dpdk.org (mails.dpdk.org [217.70.189.124])
	by inbox.dpdk.org (Postfix) with ESMTP id 7AA7C45665
	for <public@inbox.dpdk.org>; Sat, 20 Jul 2024 19:57:49 +0200 (CEST)
Received: from mails.dpdk.org (localhost [127.0.0.1])
	by mails.dpdk.org (Postfix) with ESMTP id 7727C4064E;
	Sat, 20 Jul 2024 19:57:49 +0200 (CEST)
Received: from mail-oi1-f225.google.com (mail-oi1-f225.google.com
 [209.85.167.225])
 by mails.dpdk.org (Postfix) with ESMTP id 0131A40269
 for <test-report@dpdk.org>; Sat, 20 Jul 2024 19:57:47 +0200 (CEST)
Received: by mail-oi1-f225.google.com with SMTP id
 5614622812f47-3d9234b77dfso1649696b6e.0
 for <test-report@dpdk.org>; Sat, 20 Jul 2024 10:57:47 -0700 (PDT)
DKIM-Signature: v=1; a=rsa-sha256; c=relaxed/relaxed;
 d=iol.unh.edu; s=unh-iol; t=1721498267; x=1722103067; darn=dpdk.org;
 h=references:in-reply-to:cc:to:from:subject:message-id:date:from:to
 :cc:subject:date:message-id:reply-to;
 bh=rphf8E1ZMM5pqf4X+X6MpJB7KM/CbckZw6Q6URE3h/c=;
 b=Yy+/8eEJFUiKgmmnBf6sdEtW7Ii+BP0GLUwKGyUJP60W+8zzH2rmQ1UyZ+nztMULcl
 6Dg1eNkkWLxbmw9RTLozxJJSikwxyJ9TqD9Di996jU+D0JTtMmfT3fHPjO3xHbKLkXk6
 QCrE9VY7ZX/AoBghHgI5Uh1X5t61vYhxc/G1U=
X-Google-DKIM-Signature: v=1; a=rsa-sha256; c=relaxed/relaxed;
 d=1e100.net; s=20230601; t=1721498267; x=1722103067;
 h=references:in-reply-to:cc:to:from:subject:message-id:date
 :x-gm-message-state:from:to:cc:subject:date:message-id:reply-to;
 bh=rphf8E1ZMM5pqf4X+X6MpJB7KM/CbckZw6Q6URE3h/c=;
 b=sA0vIQtZZnbxUn8Uy20Qgx4Q4mYQtb2ruPTgJESaxZyHYuGVGSi9lyRogsSx0yYjyv
 Q7IttJ803FVBVu41+R6FuZw+2kgmIdFoovq82ljPyIqAKr8xp3+nd6+dRPuR0ElcnePq
 dKak05n2+PIVtTswufAjD+0JTiiyEbIE/RIbnOVT+BIh7VYd6Uvgom/I2dUvMJvIzbhH
 tsaPQtJA+XvwsJSXG+mZ5GR2xSNzgR8ybCEeWiI4eAS5uu6c+tFi4bn749OhgGMZpMRm
 W5H/QKv0+hwq84AqWNtVVHK3DzFiN8jRRiGIsTiII0v0rxaASMAg0qlFjFxDk2H8OBQf
 FOAQ==
X-Gm-Message-State: AOJu0Yw6zzs6GEl+vrmTAE235XsDrm//vqHFt6+LLDCVDTVJYw7MpzfB
 dR/Z0ruTJ1OyUB/rPkuF9yhV8sfyhc59a+x3R64df3z7pbpELYoufSicKH2hSQdDbU9kBQIQgMe
 U/IRuOdfkt6kPstnBahccK3XYPYddlV79kvcY/1Bk2+6WfGHt
X-Google-Smtp-Source: AGHT+IH2RmFTXToYxEk09IK3gtuzZg2bAlSaqLBJ7pjGW5ot+rTbIxdCZMDdu9Pt/WFkg4Driy8cJ50rJ7h1
X-Received: by 2002:a05:6808:2025:b0:3d9:22a4:d5f3 with SMTP id
 5614622812f47-3dae9742211mr3005186b6e.21.1721498267189; 
 Sat, 20 Jul 2024 10:57:47 -0700 (PDT)
Received: from postal.iol.unh.edu (postal.iol.unh.edu.
 [2606:4100:3880:1234::84]) by smtp-relay.gmail.com with ESMTPS id
 d9443c01a7336-1fd6f31ba1fsm719615ad.114.2024.07.20.10.57.47
 (version=TLS1_2 cipher=ECDHE-ECDSA-AES128-GCM-SHA256 bits=128/128);
 Sat, 20 Jul 2024 10:57:47 -0700 (PDT)
X-Relaying-Domain: iol.unh.edu
Date: Sat, 20 Jul 2024 10:57:47 -0700 (PDT)
Message-ID: <669bfa9b.170a0220.2cb304.4fdaSMTPIN_ADDED_MISSING@mx.google.com>
Received: from [172.21.0.8] (unknown [172.18.0.240])
 by postal.iol.unh.edu (Postfix) with ESMTP id 8BD6C60524C8;
 Sat, 20 Jul 2024 13:57:46 -0400 (EDT)
Subject: |FAILURE| pw142559-142561 [PATCH] [v1,4/4] power/amd_uncore: uncore 
From: dpdklab@iol.unh.edu
To: Test Report <test-report@dpdk.org>
Cc: dpdk-test-reports@iol.unh.edu,
 Sivaprasad Tummala <Sivaprasad.Tummala@amd.com>
In-Reply-To: <20240720165030.246294-5-sivaprasad.tummala@amd.com>
References: <20240720165030.246294-5-sivaprasad.tummala@amd.com>
Content-Type: text/plain
X-BeenThere: test-report@dpdk.org
X-Mailman-Version: 2.1.29
Precedence: list
List-Id: automatic DPDK test reports <test-report.dpdk.org>
List-Unsubscribe: <https://mails.dpdk.org/options/test-report>,
 <mailto:test-report-request@dpdk.org?subject=unsubscribe>
List-Archive: <http://mails.dpdk.org/archives/test-report/>
List-Post: <mailto:test-report@dpdk.org>
List-Help: <mailto:test-report-request@dpdk.org?subject=help>
List-Subscribe: <https://mails.dpdk.org/listinfo/test-report>,
 <mailto:test-report-request@dpdk.org?subject=subscribe>
Errors-To: test-report-bounces@dpdk.org

Test-Label: iol-compile-amd64-testing
Test-Status: FAILURE
http://dpdk.org/patch/142561

_Testing issues_

Submitter: Sivaprasad Tummala <Sivaprasad.Tummala@amd.com>
Date: Saturday, July 20 2024 16:50:29 
DPDK git baseline: Repo:dpdk
  Branch: master
  CommitID:fa8d2f7f28524a6c8defa3dcd94f5aa131aae084

142559-142561 --> testing issues

Upstream job id: Generic-DPDK-Compile-Meson#277026

Test environment and result as below:

+---------------------+--------------------+------------------+-------------------+----------------------+-------------------+
|     Environment     | dpdk_meson_compile | dpdk_compile_ovs | dpdk_compile_spdk | dpdk_mingw64_compile | dpdk_msvc_compile |
+=====================+====================+==================+===================+======================+===================+
| CentOS Stream 8     | FAIL               | WARN             | WARN              | SKIPPED              | SKIPPED           |
+---------------------+--------------------+------------------+-------------------+----------------------+-------------------+
| CentOS Stream 9     | FAIL               | WARN             | WARN              | SKIPPED              | SKIPPED           |
+---------------------+--------------------+------------------+-------------------+----------------------+-------------------+
| Debian 12           | FAIL               | WARN             | WARN              | SKIPPED              | SKIPPED           |
+---------------------+--------------------+------------------+-------------------+----------------------+-------------------+
| Debian Bullseye     | PEND               | PEND             | PEND              | SKIPPED              | SKIPPED           |
+---------------------+--------------------+------------------+-------------------+----------------------+-------------------+
| Fedora 38 (Clang)   | PEND               | PEND             | PEND              | SKIPPED              | SKIPPED           |
+---------------------+--------------------+------------------+-------------------+----------------------+-------------------+
| Fedora 37           | FAIL               | WARN             | WARN              | SKIPPED              | SKIPPED           |
+---------------------+--------------------+------------------+-------------------+----------------------+-------------------+
| Fedora 39           | FAIL               | WARN             | WARN              | SKIPPED              | SKIPPED           |
+---------------------+--------------------+------------------+-------------------+----------------------+-------------------+
| Fedora 38           | FAIL               | WARN             | WARN              | SKIPPED              | SKIPPED           |
+---------------------+--------------------+------------------+-------------------+----------------------+-------------------+
| Fedora 39 (Clang)   | PEND               | PEND             | PEND              | SKIPPED              | SKIPPED           |
+---------------------+--------------------+------------------+-------------------+----------------------+-------------------+
| RHEL9               | FAIL               | WARN             | SKIPPED           | SKIPPED              | SKIPPED           |
+---------------------+--------------------+------------------+-------------------+----------------------+-------------------+
| Ubuntu 20.04        | PEND               | PEND             | SKIPPED           | SKIPPED              | SKIPPED           |
+---------------------+--------------------+------------------+-------------------+----------------------+-------------------+
| Fedora 40           | PEND               | PEND             | PEND              | SKIPPED              | SKIPPED           |
+---------------------+--------------------+------------------+-------------------+----------------------+-------------------+
| openSUSE Leap 15    | PEND               | PEND             | SKIPPED           | SKIPPED              | SKIPPED           |
+---------------------+--------------------+------------------+-------------------+----------------------+-------------------+
| RHEL8               | PEND               | PEND             | SKIPPED           | SKIPPED              | SKIPPED           |
+---------------------+--------------------+------------------+-------------------+----------------------+-------------------+
| Ubuntu 22.04        | PEND               | PEND             | PEND              | SKIPPED              | SKIPPED           |
+---------------------+--------------------+------------------+-------------------+----------------------+-------------------+
| Ubuntu 24.04        | PEND               | PEND             | PEND              | SKIPPED              | SKIPPED           |
+---------------------+--------------------+------------------+-------------------+----------------------+-------------------+
| Windows Server 2022 | PASS               | SKIPPED          | SKIPPED           | SKIPPED              | PASS              |
+---------------------+--------------------+------------------+-------------------+----------------------+-------------------+
| Windows Server 2019 | PASS               | SKIPPED          | SKIPPED           | PASS                 | SKIPPED           |
+---------------------+--------------------+------------------+-------------------+----------------------+-------------------+
| Alpine              | PEND               | PEND             | SKIPPED           | SKIPPED              | SKIPPED           |
+---------------------+--------------------+------------------+-------------------+----------------------+-------------------+
| FreeBSD 13.3        | PASS               | SKIPPED          | SKIPPED           | SKIPPED              | SKIPPED           |
+---------------------+--------------------+------------------+-------------------+----------------------+-------------------+
| FreeBSD 14.1        | PASS               | SKIPPED          | SKIPPED           | SKIPPED              | SKIPPED           |
+---------------------+--------------------+------------------+-------------------+----------------------+-------------------+

==== 20 line log output for RHEL9 (dpdk_compile_ovs): ====
 --- Failed to get log output --- 
==== End log output ====

CentOS Stream 8
	Kernel: 5.4.0-167-generic
	Compiler: gcc 8.5.0 20210514

CentOS Stream 9
	Kernel: 5.4.0-167-generic
	Compiler: gcc 11.4.1 20230605

Debian 12
	Kernel: Container Host Kernel
	Compiler: gcc 12.2.0

Debian Bullseye
	Kernel: 5.4.0-167-generic
	Compiler: gcc 10.2.1-6

Fedora 38 (Clang)
	Kernel: Depends on container host
	Compiler: clang 16.0.6

Fedora 37
	Kernel: Depends on container host system
	Compiler: gcc 12.3.1

Fedora 39
	Kernel: Depends on container host
	Compiler: gcc 13.2.1

Fedora 38
	Kernel: Depends on container host
	Compiler: gcc 13.2.1

Fedora 39 (Clang)
	Kernel: Depends on container host
	Compiler: clang 17.0.6

RHEL9
	Kernel: Depends on container host
	Compiler: gcc 11.4.1

Ubuntu 20.04
	Kernel: 5.4.0-167-generic
	Compiler: gcc 9.4.0-1ubuntu1~20.04.1

Fedora 40
	Kernel: Depends on container host
	Compiler: gcc 14.1.1

openSUSE Leap 15
	Kernel: 5.4.0-167-generic
	Compiler: gcc 7.5.0

RHEL8
	Kernel: 5.4.0-167-generic
	Compiler: gcc 8.5.0 20210514 (Red Hat 8.5.0-20)

Ubuntu 22.04
	Kernel: 5.4.0-167-generic
	Compiler: gcc 11.4.0

Ubuntu 24.04
	Kernel: 5.4.0-167-generic
	Compiler: gcc 13.2.0

Windows Server 2022
	Kernel: 10.0.20348.2031
	Compiler: clang 15.0.7, gcc 8.1.0 (MinGW), and MSVC VS 17.9

Windows Server 2019
	Kernel: 10.0.17763
	Compiler: clang 14.0 and gcc 8.1.0 (MinGW)

Alpine
	Kernel: 5.4.0-167-generic
	Compiler: gcc (Alpine 13.2.1_git20231014) 13.2.1 20231014

FreeBSD 13.3
	Kernel: 13.3-RELEASE-p1
	Compiler: clang 17.0.6

FreeBSD 14.1
	Kernel: 14.1
	Compiler: clang 18.1.5

To view detailed results, visit:
https://lab.dpdk.org/results/dashboard/patchsets/30567/

UNH-IOL DPDK Community Lab

To manage your email subscriptions, visit: 
https://lab.dpdk.org/results/dashboard/preferences/subscriptions/