From mboxrd@z Thu Jan  1 00:00:00 1970
Return-Path: <test-report-bounces@dpdk.org>
Received: from mails.dpdk.org (mails.dpdk.org [217.70.189.124])
	by inbox.dpdk.org (Postfix) with ESMTP id 85D2E45667
	for <public@inbox.dpdk.org>; Sat, 20 Jul 2024 20:10:50 +0200 (CEST)
Received: from mails.dpdk.org (localhost [127.0.0.1])
	by mails.dpdk.org (Postfix) with ESMTP id 831B54065F;
	Sat, 20 Jul 2024 20:10:50 +0200 (CEST)
Received: from mail-pl1-f227.google.com (mail-pl1-f227.google.com
 [209.85.214.227])
 by mails.dpdk.org (Postfix) with ESMTP id 86FD940269
 for <test-report@dpdk.org>; Sat, 20 Jul 2024 20:09:41 +0200 (CEST)
Received: by mail-pl1-f227.google.com with SMTP id
 d9443c01a7336-1fbc09ef46aso24570685ad.3
 for <test-report@dpdk.org>; Sat, 20 Jul 2024 11:09:41 -0700 (PDT)
DKIM-Signature: v=1; a=rsa-sha256; c=relaxed/relaxed;
 d=iol.unh.edu; s=unh-iol; t=1721498981; x=1722103781; darn=dpdk.org;
 h=references:in-reply-to:cc:to:from:subject:message-id:date:from:to
 :cc:subject:date:message-id:reply-to;
 bh=CAHruyZmMrHlLMcvdR0p1Ebh4FcrYf3i9OJm4GryeCk=;
 b=TBGfrT0GJq/r55sAf9f5U32AO5sZ6E0gO6ABRTCI3iAGrKTn3BKva6Tg0SDPOR1E5q
 FTWRTYIW7ufeZHPt+4DyLiO9YM9dcG70GiiTrkDbJTwYdFc5am6Gex9lsZiuwrcQbcNC
 Pd02CyjmwPlYrL53ykZq3Qkt0QQgnHW2OcQEY=
X-Google-DKIM-Signature: v=1; a=rsa-sha256; c=relaxed/relaxed;
 d=1e100.net; s=20230601; t=1721498981; x=1722103781;
 h=references:in-reply-to:cc:to:from:subject:message-id:date
 :x-gm-message-state:from:to:cc:subject:date:message-id:reply-to;
 bh=CAHruyZmMrHlLMcvdR0p1Ebh4FcrYf3i9OJm4GryeCk=;
 b=KZE2rv/5R5m5ZfmMfRuGsrOK9o6QtSZgt26r/AZnAey07dmVpFFiamKuWybIn5+rut
 ek0i6xVGUQLQ5kOrgo2S+Sn91UdwDr6fGJpL731XtQghhg6VYoy3hM1WmFlzTLZ30mom
 rmPH0ZChLDXhlEIV1IXYK6EKwaieG0/rymVijuMRIPQiXnBmOf1oJ2PS9QLGWu4IfVO3
 7MBLRsSdvMkY6TkKSkOyCZeyDb7wg6mQcrkzvvM1EOkMARPKy6i0WsYcqBtUKAiqHLnJ
 yFjalC+34nou8mmN/s5JgUZp8gB04+Cbwy1ho22kuwF1vJ/SHSxhacftko4qgehbGP55
 BXDw==
X-Gm-Message-State: AOJu0YzwxH2eU72nQdIXqapL7RMfJG0tLnERzo6/sUbyWxTa3WpEW6dB
 29sH34BVHhLCssHUmWGtHSZ7hijLZdY3CIqx2UoWtoqr5hqRud9cxrHXNU0UcOmAFfPJkkqz575
 FMJQMJtwJhfc8ATF+n6tEiDe0q+Oq9saU
X-Google-Smtp-Source: AGHT+IH8RIbyH58T6sR6vnQ2mpsU8BZyOaDiHrCu2LWHrfcI94jS0SRVtkPrk/3CmrNxQoQ8g0baxJOXbsW2
X-Received: by 2002:a17:902:e850:b0:1fb:a38b:c5a0 with SMTP id
 d9443c01a7336-1fd745c50b4mr25604625ad.31.1721498980645; 
 Sat, 20 Jul 2024 11:09:40 -0700 (PDT)
Received: from postal.iol.unh.edu (postal.iol.unh.edu. [132.177.123.84])
 by smtp-relay.gmail.com with ESMTPS id
 d9443c01a7336-1fd6f25aa9asm723225ad.31.2024.07.20.11.09.40
 (version=TLS1_2 cipher=ECDHE-ECDSA-AES128-GCM-SHA256 bits=128/128);
 Sat, 20 Jul 2024 11:09:40 -0700 (PDT)
X-Relaying-Domain: iol.unh.edu
Date: Sat, 20 Jul 2024 11:09:40 -0700 (PDT)
Message-ID: <669bfd64.170a0220.357b50.4fe6SMTPIN_ADDED_MISSING@mx.google.com>
Received: from [172.21.0.7] (unknown [172.18.0.240])
 by postal.iol.unh.edu (Postfix) with ESMTP id D142660524C8;
 Sat, 20 Jul 2024 14:09:39 -0400 (EDT)
Subject: |FAILURE| pw142559-142561 [PATCH] [v1,4/4] power/amd_uncore: uncore 
From: dpdklab@iol.unh.edu
To: Test Report <test-report@dpdk.org>
Cc: dpdk-test-reports@iol.unh.edu,
 Sivaprasad Tummala <Sivaprasad.Tummala@amd.com>
In-Reply-To: <20240720165030.246294-5-sivaprasad.tummala@amd.com>
References: <20240720165030.246294-5-sivaprasad.tummala@amd.com>
Content-Type: text/plain
X-BeenThere: test-report@dpdk.org
X-Mailman-Version: 2.1.29
Precedence: list
List-Id: automatic DPDK test reports <test-report.dpdk.org>
List-Unsubscribe: <https://mails.dpdk.org/options/test-report>,
 <mailto:test-report-request@dpdk.org?subject=unsubscribe>
List-Archive: <http://mails.dpdk.org/archives/test-report/>
List-Post: <mailto:test-report@dpdk.org>
List-Help: <mailto:test-report-request@dpdk.org?subject=help>
List-Subscribe: <https://mails.dpdk.org/listinfo/test-report>,
 <mailto:test-report-request@dpdk.org?subject=subscribe>
Errors-To: test-report-bounces@dpdk.org

Test-Label: iol-compile-arm64-testing
Test-Status: FAILURE
http://dpdk.org/patch/142561

_Testing issues_

Submitter: Sivaprasad Tummala <Sivaprasad.Tummala@amd.com>
Date: Saturday, July 20 2024 16:50:29 
DPDK git baseline: Repo:dpdk
  Branch: master
  CommitID:fa8d2f7f28524a6c8defa3dcd94f5aa131aae084

142559-142561 --> testing issues

Upstream job id: Generic-DPDK-Compile-Meson#277052

Test environment and result as below:

+----------------------------------------+--------------------+
|              Environment               | dpdk_meson_compile |
+========================================+====================+
| RHEL9 (ARM)                            | FAIL               |
+----------------------------------------+--------------------+
| Ubuntu 20.04 ARM GCC Cross Compile     | FAIL               |
+----------------------------------------+--------------------+
| Ubuntu 20.04 ARM SVE                   | PASS               |
+----------------------------------------+--------------------+
| Fedora 37 (ARM)                        | FAIL               |
+----------------------------------------+--------------------+
| Debian 12 with MUSDK                   | FAIL               |
+----------------------------------------+--------------------+
| Fedora 38 (ARM)                        | FAIL               |
+----------------------------------------+--------------------+
| Fedora 38 (ARM Clang)                  | PEND               |
+----------------------------------------+--------------------+
| Fedora 39 (ARM Clang)                  | PEND               |
+----------------------------------------+--------------------+
| Fedora 40 (ARM)                        | FAIL               |
+----------------------------------------+--------------------+
| Fedora 39 (ARM)                        | FAIL               |
+----------------------------------------+--------------------+
| Fedora 40 (ARM Clang)                  | PEND               |
+----------------------------------------+--------------------+
| Ubuntu 20.04 (ARM)                     | FAIL               |
+----------------------------------------+--------------------+
| Ubuntu 22.04 (ARM)                     | FAIL               |
+----------------------------------------+--------------------+
| Ubuntu 24.04 (ARM)                     | FAIL               |
+----------------------------------------+--------------------+
| CentOS Stream 9 (ARM)                  | FAIL               |
+----------------------------------------+--------------------+
| Debian 11 (Buster) (ARM)               | FAIL               |
+----------------------------------------+--------------------+
| Debian 12 (arm)                        | FAIL               |
+----------------------------------------+--------------------+
| Ubuntu 20.04 ARM Clang Cross Compile   | PEND               |
+----------------------------------------+--------------------+
| Ubuntu 20.04 aarch32 GCC Cross Compile | FAIL               |
+----------------------------------------+--------------------+

==== 20 line log output for Ubuntu 20.04 aarch32 GCC Cross Compile (dpdk_meson_compile): ====
[339/2325] Compiling C object 'lib/76b5a35@@rte_pcapng@sta/pcapng_rte_pcapng.c.o'.
[340/2325] Linking target lib/librte_member.so.24.2.
[341/2325] Generating symbol file 'lib/76b5a35@@rte_member@sha/librte_member.so.24.2.symbols'.
[342/2325] Linking static target lib/librte_pcapng.a.
[343/2325] Generating pcapng.sym_chk with a meson_exe.py custom command.
[344/2325] Compiling C object 'lib/76b5a35@@rte_power@sta/power_power_common.c.o'.
[345/2325] Linking target lib/librte_pcapng.so.24.2.
[346/2325] Generating symbol file 'lib/76b5a35@@rte_pcapng@sha/librte_pcapng.so.24.2.symbols'.
[347/2325] Compiling C object 'lib/76b5a35@@rte_power@sta/power_rte_power.c.o'.
[348/2325] Compiling C object 'lib/76b5a35@@rte_power@sta/power_rte_power_uncore.c.o'.
FAILED: lib/76b5a35@@rte_power@sta/power_rte_power_uncore.c.o
ccache arm-linux-gnueabihf-gcc -Ilib/76b5a35@@rte_power@sta -Ilib -I../lib -Ilib/power -I../lib/power -I. -I../ -Iconfig -I../config -Ilib/eal/include -I../lib/eal/include -Ilib/eal/linux/include -I../lib/eal/linux/include -Ilib/eal/arm/include -I../lib/eal/arm/include -Ilib/eal/common -I../lib/eal/common -Ilib/eal -I../lib/eal -Ilib/kvargs -I../lib/kvargs -Ilib/log -I../lib/log -Ilib/telemetry/../metrics -I../lib/telemetry/../metrics -Ilib/telemetry -I../lib/telemetry -Ilib/timer -I../lib/timer -Ilib/ethdev -I../lib/ethdev -Ilib/net -I../lib/net -Ilib/mbuf -I../lib/mbuf -Ilib/mempool -I../lib/mempool -Ilib/ring -I../lib/ring -Ilib/meter -I../lib/meter -fdiagnostics-color=always -pipe -D_FILE_OFFSET_BITS=64 -Wall -Winvalid-pch -Wextra -Werror -std=c11 -O3 -include rte_config.h -Wcast-qual -Wdeprecated -Wformat -Wformat-nonliteral -Wformat-security -Wmissing-declarations -Wmissing-prototypes -Wnested-externs -Wold-style-definition -Wpointer-arith -Wsign-compare -Wstrict-prototypes -Wu
 ndef -Wwrite-strings -Wno-address-of-packed-member -Wno-packed-not-aligned -Wno-missing-field-initializers -Wno-pointer-to-int-cast -D_GNU_SOURCE -fPIC -march=armv8-a+simd -mfpu=auto -DALLOW_EXPERIMENTAL_API -DALLOW_INTERNAL_API -Wno-format-truncation -Wno-cast-qual -DRTE_LOG_DEFAULT_LOGTYPE=lib.power -MD -MQ 'lib/76b5a35@@rte_power@sta/power_rte_power_uncore.c.o' -MF 'lib/76b5a35@@rte_power@sta/power_rte_power_uncore.c.o.d' -o 'lib/76b5a35@@rte_power@sta/power_rte_power_uncore.c.o' -c ../lib/power/rte_power_uncore.c
../lib/power/rte_power_uncore.c: In function 'rte_power_get_uncore_ops':
../lib/power/rte_power_uncore.c:105:2: error: implicit declaration of function 'RTE_ASSERT'; did you mean 'RTE_STR'? [-Werror=implicit-function-declaration]
105 |  RTE_ASSERT(global_uncore_ops != NULL);
|  ^~~~~~~~~~
|  RTE_STR
../lib/power/rte_power_uncore.c:105:2: error: nested extern declaration of 'RTE_ASSERT' [-Werror=nested-externs]
cc1: all warnings being treated as errors
ninja: build stopped: subcommand failed.
==== End log output ====

RHEL9 (ARM)
	Kernel: Depends on container host
	Compiler: gcc 11.4.1

Ubuntu 20.04 ARM GCC Cross Compile
	Kernel: 5.4.0-167-generic
	Compiler: aarch64-linux-gnu-gcc (Ubuntu 9.4.0-1ubuntu1~20.04.2) 9.4.0

Ubuntu 20.04 ARM SVE
	Kernel: 5.4.0-167-generic
	Compiler: gcc (Ubuntu 10.5.0-1ubuntu1~20.04) 10.5.0

Fedora 37 (ARM)
	Kernel: Depends on container host
	Compiler: gcc 12.3.1

Debian 12 with MUSDK
	Kernel: Container Host Kernel
	Compiler: gcc 12.2.0

Fedora 38 (ARM)
	Kernel: Depends on container host
	Compiler: gcc 13.2.1

Fedora 38 (ARM Clang)
	Kernel: Depends on container host
	Compiler: clang 16.0.6

Fedora 39 (ARM Clang)
	Kernel: Depends on container host
	Compiler: clang 17.0.6

Fedora 40 (ARM)
	Kernel: Depends on container host
	Compiler: gcc 14.1.1

Fedora 39 (ARM)
	Kernel: Depends on container host
	Compiler: gcc 13.2.1

Fedora 40 (ARM Clang)
	Kernel: Depends on container host
	Compiler: clang 18.1.6

Ubuntu 20.04 (ARM)
	Kernel: Container Host Kernel
	Compiler: gcc 9.4.0

Ubuntu 22.04 (ARM)
	Kernel: Container Host Kernel
	Compiler: gcc 11.4.0

Ubuntu 24.04 (ARM)
	Kernel: 5.4.0-167-generic
	Compiler: gcc 13.2.0

CentOS Stream 9 (ARM)
	Kernel: Container Host Kernel
	Compiler: gcc 11.4.1

Debian 11 (Buster) (ARM)
	Kernel: Container Host Kernel
	Compiler: gcc 10.2.1

Debian 12 (arm)
	Kernel: Container Host Kernel
	Compiler: gcc 12.2.0

Ubuntu 20.04 ARM Clang Cross Compile
	Kernel: 5.4.0-72-generic
	Compiler: clang 10.0.0-4ubuntu1

Ubuntu 20.04 aarch32 GCC Cross Compile
	Kernel: 5.4.0-167-generic
	Compiler: gcc 9.4.0

To view detailed results, visit:
https://lab.dpdk.org/results/dashboard/patchsets/30567/

UNH-IOL DPDK Community Lab

To manage your email subscriptions, visit: 
https://lab.dpdk.org/results/dashboard/preferences/subscriptions/