From mboxrd@z Thu Jan  1 00:00:00 1970
Return-Path: <test-report-bounces@dpdk.org>
Received: from mails.dpdk.org (mails.dpdk.org [217.70.189.124])
	by inbox.dpdk.org (Postfix) with ESMTP id CDA8E4567F
	for <public@inbox.dpdk.org>; Mon, 22 Jul 2024 12:31:48 +0200 (CEST)
Received: from mails.dpdk.org (localhost [127.0.0.1])
	by mails.dpdk.org (Postfix) with ESMTP id C7A3F432FA;
	Mon, 22 Jul 2024 12:31:44 +0200 (CEST)
Received: from mail-qv1-f98.google.com (mail-qv1-f98.google.com
 [209.85.219.98]) by mails.dpdk.org (Postfix) with ESMTP id BD98C40A8B
 for <test-report@dpdk.org>; Mon, 22 Jul 2024 12:22:01 +0200 (CEST)
Received: by mail-qv1-f98.google.com with SMTP id
 6a1803df08f44-6b95b710e2cso15855396d6.2
 for <test-report@dpdk.org>; Mon, 22 Jul 2024 03:22:01 -0700 (PDT)
DKIM-Signature: v=1; a=rsa-sha256; c=relaxed/relaxed;
 d=iol.unh.edu; s=unh-iol; t=1721643721; x=1722248521; darn=dpdk.org;
 h=references:in-reply-to:cc:to:from:subject:message-id:date:from:to
 :cc:subject:date:message-id:reply-to;
 bh=2+czXKKCiC0QLAlEtpY15d3CDv6XlxbHTlyHF8XOqlc=;
 b=U2oW6lL5TOmNZXYHYT5hjuWASwjBJcJt30Hut/O7Xir+Bq3fE23cpMEyEyVr72fsbc
 5mjZMeiVIxnhiSQDSICcPFZVqweQ4GMjrsZ6rOYX12ZJgo6ZzM7BQEExkkE79dajGfBi
 8us2fYCjDBe7upTONJww7ANKZLiSFvvDC03gA=
X-Google-DKIM-Signature: v=1; a=rsa-sha256; c=relaxed/relaxed;
 d=1e100.net; s=20230601; t=1721643721; x=1722248521;
 h=references:in-reply-to:cc:to:from:subject:message-id:date
 :x-gm-message-state:from:to:cc:subject:date:message-id:reply-to;
 bh=2+czXKKCiC0QLAlEtpY15d3CDv6XlxbHTlyHF8XOqlc=;
 b=Tcbmxt1OVCYCFI9csW2yl9ijWVFt29tt9VdIMvwCNY2XBaCG++XKK+76sr0hiUVOhR
 N2Or6saYYHR868g0LzLE3GTaqhiHFR5mIVB0UlZuBbzZwRq0/TVxYZMV/FPJTXj1G9l2
 tNVQlM9B/Zk27iUs+l5nYI/l2MshAoKJVpQN1WKIkzuUfPwAG7s8737ltbzZGUap2Pmr
 jvj/HpfwQwabk5FhNMs6oDBB8jvtlOroqi5KNZ6ZVaOpZaRADC3p+li1hNFkcgQkwetE
 MxYESkYwumK9lGccMUT5UqStYKZaudDMy4qiskshJ5OJPINFaUWyMBK5EyXIWsUHvocE
 Q/1A==
X-Gm-Message-State: AOJu0YyeYLAqOUU53sZKyv20P1cnokn1gyUk0HCs8/tQrF7jU97Di+wF
 MSxWFmUQc974q9ZJVkcvXJnDvrgVLc/5oRDKEPX/+tMFHOxsj73CEN+jZ7wKZxy6reSFtiYMjd5
 ah9RNtmPjMQ/xKoSBHu3xeBUR4RL1bZi9quB+bcWWJO6/kBIF9LhGGA8e
X-Google-Smtp-Source: AGHT+IGwhF4wWFcp3Q07wJDd+z+HrSmfHilQEqHtyxlDAhqmqJ2ynvLLSJxRm+5kuRNfQNMsue6xABAgwgji
X-Received: by 2002:a05:6214:e6c:b0:6b7:b197:c825 with SMTP id
 6a1803df08f44-6b961058039mr105826216d6.14.1721643721155; 
 Mon, 22 Jul 2024 03:22:01 -0700 (PDT)
Received: from postal.iol.unh.edu (postal.iol.unh.edu.
 [2606:4100:3880:1234::84]) by smtp-relay.gmail.com with ESMTPS id
 6a1803df08f44-6b7ac7bbb92sm3342836d6.19.2024.07.22.03.22.01
 (version=TLS1_2 cipher=ECDHE-ECDSA-AES128-GCM-SHA256 bits=128/128);
 Mon, 22 Jul 2024 03:22:01 -0700 (PDT)
X-Relaying-Domain: iol.unh.edu
Date: Mon, 22 Jul 2024 03:22:01 -0700 (PDT)
Message-ID: <669e32c9.050a0220.32930e.2cb4SMTPIN_ADDED_MISSING@mx.google.com>
Received: from [172.17.0.4] (unknown [172.18.0.217])
 by postal.iol.unh.edu (Postfix) with ESMTP id D21AF6052500;
 Mon, 22 Jul 2024 06:22:00 -0400 (EDT)
Subject: |FAILURE| pw142574-142576 [PATCH] [v3,3/3] net/ice: fix return value
From: dpdklab@iol.unh.edu
To: Test Report <test-report@dpdk.org>
Cc: dpdk-test-reports@iol.unh.edu,
 Vladimir Medvedkin <vladimir.medvedkin@intel.com>
In-Reply-To: <20240722082836.176515-3-vladimir.medvedkin@intel.com>
References: <20240722082836.176515-3-vladimir.medvedkin@intel.com>
Content-Type: text/plain
X-BeenThere: test-report@dpdk.org
X-Mailman-Version: 2.1.29
Precedence: list
List-Id: automatic DPDK test reports <test-report.dpdk.org>
List-Unsubscribe: <https://mails.dpdk.org/options/test-report>,
 <mailto:test-report-request@dpdk.org?subject=unsubscribe>
List-Archive: <http://mails.dpdk.org/archives/test-report/>
List-Post: <mailto:test-report@dpdk.org>
List-Help: <mailto:test-report-request@dpdk.org?subject=help>
List-Subscribe: <https://mails.dpdk.org/listinfo/test-report>,
 <mailto:test-report-request@dpdk.org?subject=subscribe>
Errors-To: test-report-bounces@dpdk.org

Test-Label: iol-unit-amd64-testing
Test-Status: FAILURE
http://dpdk.org/patch/142576

_Testing issues_

Submitter: Vladimir Medvedkin <vladimir.medvedkin@intel.com>
Date: Monday, July 22 2024 08:28:36 
DPDK git baseline: Repo:dpdk
  Branch: master
  CommitID:fa8d2f7f28524a6c8defa3dcd94f5aa131aae084

142574-142576 --> testing issues

Upstream job id: Generic-Unit-Test-DPDK#242629

Test environment and result as below:

+---------------------+----------------+
|     Environment     | dpdk_unit_test |
+=====================+================+
| Windows Server 2022 | FAIL           |
+---------------------+----------------+
| CentOS Stream 8     | PASS           |
+---------------------+----------------+
| CentOS Stream 9     | PASS           |
+---------------------+----------------+
| Debian Bullseye     | PASS           |
+---------------------+----------------+
| Fedora 38 (Clang)   | PASS           |
+---------------------+----------------+
| Fedora 37           | PASS           |
+---------------------+----------------+
| Fedora 38           | PASS           |
+---------------------+----------------+
| Windows Server 2019 | PASS           |
+---------------------+----------------+
| Fedora 40           | PASS           |
+---------------------+----------------+
| Debian 12           | PEND           |
+---------------------+----------------+
| Fedora 39           | PEND           |
+---------------------+----------------+
| Fedora 39 (Clang)   | PEND           |
+---------------------+----------------+
| Fedora 40 (Clang)   | PEND           |
+---------------------+----------------+
| openSUSE Leap 15    | PEND           |
+---------------------+----------------+
| RHEL8               | PEND           |
+---------------------+----------------+
| RHEL9               | PEND           |
+---------------------+----------------+
| Ubuntu 20.04        | PEND           |
+---------------------+----------------+
| Ubuntu 22.04        | PEND           |
+---------------------+----------------+
| Ubuntu 24.04        | PEND           |
+---------------------+----------------+

==== Unit test summary for Windows Server 2022 (dpdk_unit_test): ====
Failed to get the unit test results.
Displaying the unit test results is not supported for some environments,
such as our aarch32 testing, where meson is not used to run the tests.
Download the logs available on our CI site.
==== End log output ====

Windows Server 2022
	Kernel: 10.0.20348.2031
	Compiler: clang 15.0.7, gcc 8.1.0 (MinGW), and MSVC VS 17.9

CentOS Stream 8
	Kernel: 5.4.0-167-generic
	Compiler: gcc 8.5.0 20210514

CentOS Stream 9
	Kernel: 5.4.0-167-generic
	Compiler: gcc 11.4.1 20230605

Debian Bullseye
	Kernel: 5.4.0-167-generic
	Compiler: gcc 10.2.1-6

Fedora 38 (Clang)
	Kernel: Depends on container host
	Compiler: clang 16.0.6

Fedora 37
	Kernel: Depends on container host system
	Compiler: gcc 12.3.1

Fedora 38
	Kernel: Depends on container host
	Compiler: gcc 13.2.1

Windows Server 2019
	Kernel: 10.0.17763
	Compiler: clang 14.0 and gcc 8.1.0 (MinGW)

Fedora 40
	Kernel: Depends on container host
	Compiler: gcc 14.1.1

Debian 12
	Kernel: Container Host Kernel
	Compiler: gcc 12.2.0

Fedora 39
	Kernel: Depends on container host
	Compiler: gcc 13.2.1

Fedora 39 (Clang)
	Kernel: Depends on container host
	Compiler: clang 17.0.6

Fedora 40 (Clang)
	Kernel: Depends on container host
	Compiler: clang 18.1.6

openSUSE Leap 15
	Kernel: 5.4.0-167-generic
	Compiler: gcc 7.5.0

RHEL8
	Kernel: 5.4.0-167-generic
	Compiler: gcc 8.5.0 20210514 (Red Hat 8.5.0-20)

RHEL9
	Kernel: Depends on container host
	Compiler: gcc 11.4.1

Ubuntu 20.04
	Kernel: 5.4.0-167-generic
	Compiler: gcc 9.4.0-1ubuntu1~20.04.1

Ubuntu 22.04
	Kernel: 5.4.0-167-generic
	Compiler: gcc 11.4.0

Ubuntu 24.04
	Kernel: 5.4.0-167-generic
	Compiler: gcc 13.2.0

To view detailed results, visit:
https://lab.dpdk.org/results/dashboard/patchsets/30571/

UNH-IOL DPDK Community Lab

To manage your email subscriptions, visit: 
https://lab.dpdk.org/results/dashboard/preferences/subscriptions/