From mboxrd@z Thu Jan  1 00:00:00 1970
Return-Path: <test-report-bounces@dpdk.org>
Received: from mails.dpdk.org (mails.dpdk.org [217.70.189.124])
	by inbox.dpdk.org (Postfix) with ESMTP id 388D945683
	for <public@inbox.dpdk.org>; Mon, 22 Jul 2024 19:17:53 +0200 (CEST)
Received: from mails.dpdk.org (localhost [127.0.0.1])
	by mails.dpdk.org (Postfix) with ESMTP id 02D7840431;
	Mon, 22 Jul 2024 19:17:53 +0200 (CEST)
Received: from mail-oo1-f100.google.com (mail-oo1-f100.google.com
 [209.85.161.100])
 by mails.dpdk.org (Postfix) with ESMTP id AF8C540272
 for <test-report@dpdk.org>; Mon, 22 Jul 2024 19:17:51 +0200 (CEST)
Received: by mail-oo1-f100.google.com with SMTP id
 006d021491bc7-5d5846f799dso397831eaf.3
 for <test-report@dpdk.org>; Mon, 22 Jul 2024 10:17:51 -0700 (PDT)
DKIM-Signature: v=1; a=rsa-sha256; c=relaxed/relaxed;
 d=iol.unh.edu; s=unh-iol; t=1721668671; x=1722273471; darn=dpdk.org;
 h=references:in-reply-to:cc:to:from:subject:message-id:date:from:to
 :cc:subject:date:message-id:reply-to;
 bh=9okpzLnX5GEn2gv2LX/pFv4NmG4QOy70JdcevAy6vIE=;
 b=dxLOzWojD2qPGRwrfhCrZ20WnGCRmafWXgYD5snXhqHnfX03ucTcM+F8N6Q63wpd2n
 R9ybKMIsVRJP5fYflEuNLG5F5Sz/Vaauy0TbOjwin84Rn36xiACXLPIPjDn1S3JVeezg
 4ZyOAsQXdyep2sn/TGsHVMxqDQmjK59MhemBs=
X-Google-DKIM-Signature: v=1; a=rsa-sha256; c=relaxed/relaxed;
 d=1e100.net; s=20230601; t=1721668671; x=1722273471;
 h=references:in-reply-to:cc:to:from:subject:message-id:date
 :x-gm-message-state:from:to:cc:subject:date:message-id:reply-to;
 bh=9okpzLnX5GEn2gv2LX/pFv4NmG4QOy70JdcevAy6vIE=;
 b=ZTlut5MgYuLd2G/ubbnwRrMsXxDU/00QBaoa+Y5EuVtTHexPul2oXGdj5za32oDG9f
 dkuRkgYdeDQ9vnNG6+KG6ndVgCOGT7efOwz+aXqUYAClVGA8snl6of+pFJZ/AGu1fYPP
 qBni45pEyinsJLoe8tb2QHvCCGd0T5/v4fE7Qqpy7rYUgYP/s03VYJAXVfG84lPEZfkq
 y9pYeTerjo3idpkUyLWa3u/JewC1cXHO84eq/K+LlZASesWlqRwUcg6HlR4Skz70e2uG
 5fK9axPbBZej9OR+/x5NauTg+O5jhKK7k51i6KExAjXa0wmtj5bc5dh9eAy9DFEhf0o9
 kgoA==
X-Gm-Message-State: AOJu0Yxn8NxcU3yCYACsR4jR+n1c/8vihegs0nGJX77RB5aAvfT3AyhD
 Ve3NEX7Yakjq8YuzSbkV2B2Js6qI1db13ZV2RC9NMDQ3xxuC+3Mscvv8E+TGCh3aM5l4c8WdfYW
 qpBdI1tjszETNO3EhNgM6EyRXrgQXFFdbLfA/fv3e
X-Google-Smtp-Source: AGHT+IFQn+qQHmrtQChjND5W2lnOXv2JsuNRZcuBEE8r8S8NnIcbVFcbKDuYsHaz96vY89ZmkDqXbA5wfmL1
X-Received: by 2002:a05:6870:211:b0:25e:1532:fa93 with SMTP id
 586e51a60fabf-26121393b2dmr7188251fac.15.1721668670901; 
 Mon, 22 Jul 2024 10:17:50 -0700 (PDT)
Received: from postal.iol.unh.edu (postal.iol.unh.edu. [132.177.123.84])
 by smtp-relay.gmail.com with ESMTPS id
 586e51a60fabf-2610c7e4f6dsm314831fac.27.2024.07.22.10.17.50
 (version=TLS1_2 cipher=ECDHE-ECDSA-AES128-GCM-SHA256 bits=128/128);
 Mon, 22 Jul 2024 10:17:50 -0700 (PDT)
X-Relaying-Domain: iol.unh.edu
Date: Mon, 22 Jul 2024 10:17:50 -0700 (PDT)
Message-ID: <669e943e.050a0220.adb3a.17ceSMTPIN_ADDED_MISSING@mx.google.com>
Received: from [172.21.0.6] (unknown [172.18.0.240])
 by postal.iol.unh.edu (Postfix) with ESMTP id 578F7605C351;
 Mon, 22 Jul 2024 13:17:50 -0400 (EDT)
Subject: |FAILURE| pw142610-142604 [PATCH] [v2,30/30] bus/dpaa: add port bmi 
From: dpdklab@iol.unh.edu
To: Test Report <test-report@dpdk.org>
Cc: dpdk-test-reports@iol.unh.edu, Gagandeep Singh <g.singh@nxp.com>
In-Reply-To: <20240722115843.1830105-31-g.singh@nxp.com>
References: <20240722115843.1830105-31-g.singh@nxp.com>
Content-Type: text/plain
X-BeenThere: test-report@dpdk.org
X-Mailman-Version: 2.1.29
Precedence: list
List-Id: automatic DPDK test reports <test-report.dpdk.org>
List-Unsubscribe: <https://mails.dpdk.org/options/test-report>,
 <mailto:test-report-request@dpdk.org?subject=unsubscribe>
List-Archive: <http://mails.dpdk.org/archives/test-report/>
List-Post: <mailto:test-report@dpdk.org>
List-Help: <mailto:test-report-request@dpdk.org?subject=help>
List-Subscribe: <https://mails.dpdk.org/listinfo/test-report>,
 <mailto:test-report-request@dpdk.org?subject=subscribe>
Errors-To: test-report-bounces@dpdk.org

Test-Label: iol-unit-amd64-testing
Test-Status: FAILURE
http://dpdk.org/patch/142604

_Testing issues_

Submitter: Gagandeep Singh <g.singh@nxp.com>
Date: Monday, July 22 2024 11:58:43 
DPDK git baseline: Repo:dpdk
  Branch: master
  CommitID:fa8d2f7f28524a6c8defa3dcd94f5aa131aae084

142610-142604 --> testing issues

Upstream job id: Generic-Unit-Test-DPDK#242807

Test environment and result as below:

+---------------------+----------------+
|     Environment     | dpdk_unit_test |
+=====================+================+
| CentOS Stream 8     | PASS           |
+---------------------+----------------+
| Debian Bullseye     | PASS           |
+---------------------+----------------+
| CentOS Stream 9     | WARN           |
+---------------------+----------------+
| Debian 12           | WARN           |
+---------------------+----------------+
| Windows Server 2022 | PASS           |
+---------------------+----------------+
| Fedora 37           | WARN           |
+---------------------+----------------+
| Fedora 38           | WARN           |
+---------------------+----------------+
| Fedora 38 (Clang)   | PASS           |
+---------------------+----------------+
| Fedora 39           | WARN           |
+---------------------+----------------+
| Windows Server 2019 | PASS           |
+---------------------+----------------+
| Fedora 39 (Clang)   | PEND           |
+---------------------+----------------+
| Fedora 40           | WARN           |
+---------------------+----------------+
| openSUSE Leap 15    | PASS           |
+---------------------+----------------+
| RHEL8               | PASS           |
+---------------------+----------------+
| Fedora 40 (Clang)   | PEND           |
+---------------------+----------------+
| RHEL9               | PEND           |
+---------------------+----------------+
| Ubuntu 20.04        | PEND           |
+---------------------+----------------+
| Ubuntu 22.04        | PEND           |
+---------------------+----------------+
| Ubuntu 24.04        | PEND           |
+---------------------+----------------+

==== 20 line log output for Fedora 40 (dpdk_unit_test): ====
|                  ^~~
In function 'rte_mov15_or_less',
inlined from 'rte_memcpy_aligned' at ../lib/eal/x86/include/rte_memcpy.h:706:10,
inlined from 'rte_memcpy' at ../lib/eal/x86/include/rte_memcpy.h:755:10,
inlined from 'qdma_cntx_idx_ring_eq' at ../drivers/dma/dpaa2/dpaa2_qdma.c:41:3,
inlined from 'dpaa2_qdma_dq_fd' at ../drivers/dma/dpaa2/dpaa2_qdma.c:914:9,
inlined from 'dpaa2_qdma_dequeue' at ../drivers/dma/dpaa2/dpaa2_qdma.c:1070:9:
../lib/eal/x86/include/rte_memcpy.h:89:63: error: array subscript 'const struct rte_uint32_alias[0]' is partly outside array bounds of 'const void[2]' [-Werror=array-bounds=]
89 |                         ((const struct rte_uint32_alias *)src)->val;
|                         ~~~~~~~~~~~~~~~~~~~~~~~~~~~~~~~~~~~~~~^~~~~
../drivers/dma/dpaa2/dpaa2_qdma.c: In function 'dpaa2_qdma_dequeue':
../drivers/dma/dpaa2/dpaa2_qdma.c:904:18: note: object 'idx' of size 2
904 |         uint16_t idx, att;
|                  ^~~
../drivers/dma/dpaa2/dpaa2_qdma.c:904:18: note: at offset [8, 10] into object 'idx' of size 2
cc1: all warnings being treated as errors
[1015/2910] Compiling C object 'drivers/a715181@@tmp_rte_dma_dpaa@sta/dma_dpaa_dpaa_qdma.c.o'.
[1016/2910] Generating rte_common_sfc_efx.sym_chk with a meson_exe.py custom command.
[1017/2910] Generating rte_common_cnxk.sym_chk with a meson_exe.py custom command.
ninja: build stopped: subcommand failed.
==== End log output ====

CentOS Stream 8
	Kernel: 5.4.0-167-generic
	Compiler: gcc 8.5.0 20210514

Debian Bullseye
	Kernel: 5.4.0-167-generic
	Compiler: gcc 10.2.1-6

CentOS Stream 9
	Kernel: 5.4.0-167-generic
	Compiler: gcc 11.4.1 20230605

Debian 12
	Kernel: Container Host Kernel
	Compiler: gcc 12.2.0

Windows Server 2022
	Kernel: 10.0.20348.2031
	Compiler: clang 15.0.7, gcc 8.1.0 (MinGW), and MSVC VS 17.9

Fedora 37
	Kernel: Depends on container host system
	Compiler: gcc 12.3.1

Fedora 38
	Kernel: Depends on container host
	Compiler: gcc 13.2.1

Fedora 38 (Clang)
	Kernel: Depends on container host
	Compiler: clang 16.0.6

Fedora 39
	Kernel: Depends on container host
	Compiler: gcc 13.2.1

Windows Server 2019
	Kernel: 10.0.17763
	Compiler: clang 14.0 and gcc 8.1.0 (MinGW)

Fedora 39 (Clang)
	Kernel: Depends on container host
	Compiler: clang 17.0.6

Fedora 40
	Kernel: Depends on container host
	Compiler: gcc 14.1.1

openSUSE Leap 15
	Kernel: 5.4.0-167-generic
	Compiler: gcc 7.5.0

RHEL8
	Kernel: 5.4.0-167-generic
	Compiler: gcc 8.5.0 20210514 (Red Hat 8.5.0-20)

Fedora 40 (Clang)
	Kernel: Depends on container host
	Compiler: clang 18.1.6

RHEL9
	Kernel: Depends on container host
	Compiler: gcc 11.4.1

Ubuntu 20.04
	Kernel: 5.4.0-167-generic
	Compiler: gcc 9.4.0-1ubuntu1~20.04.1

Ubuntu 22.04
	Kernel: 5.4.0-167-generic
	Compiler: gcc 11.4.0

Ubuntu 24.04
	Kernel: 5.4.0-167-generic
	Compiler: gcc 13.2.0

To view detailed results, visit:
https://lab.dpdk.org/results/dashboard/patchsets/30576/

UNH-IOL DPDK Community Lab

To manage your email subscriptions, visit: 
https://lab.dpdk.org/results/dashboard/preferences/subscriptions/