From mboxrd@z Thu Jan  1 00:00:00 1970
Return-Path: <test-report-bounces@dpdk.org>
Received: from mails.dpdk.org (mails.dpdk.org [217.70.189.124])
	by inbox.dpdk.org (Postfix) with ESMTP id 5ACA245683
	for <public@inbox.dpdk.org>; Mon, 22 Jul 2024 19:56:03 +0200 (CEST)
Received: from mails.dpdk.org (localhost [127.0.0.1])
	by mails.dpdk.org (Postfix) with ESMTP id 58DE240A71;
	Mon, 22 Jul 2024 19:56:03 +0200 (CEST)
Received: from mail-pj1-f100.google.com (mail-pj1-f100.google.com
 [209.85.216.100])
 by mails.dpdk.org (Postfix) with ESMTP id 2E41B4028B
 for <test-report@dpdk.org>; Mon, 22 Jul 2024 19:55:51 +0200 (CEST)
Received: by mail-pj1-f100.google.com with SMTP id
 98e67ed59e1d1-2cd48ad7f0dso1046551a91.0
 for <test-report@dpdk.org>; Mon, 22 Jul 2024 10:55:51 -0700 (PDT)
DKIM-Signature: v=1; a=rsa-sha256; c=relaxed/relaxed;
 d=iol.unh.edu; s=unh-iol; t=1721670950; x=1722275750; darn=dpdk.org;
 h=references:in-reply-to:cc:to:from:subject:message-id:date:from:to
 :cc:subject:date:message-id:reply-to;
 bh=kRKZW0UUHfdm9qZLgMV+akBDC6G/G3DbFoAItx6/L2Y=;
 b=D1yG2nlj1JiMeGwOmQsbOOMzWLg7a9YzTMcklfcLBJTIiMimmi+SxRphkzhtzc5u/X
 fO62XmMoPHYK9Q3wUVXuib9idY3Qj8aertsWbjDUTgigkF2UxW/67+jEVuhXVHjs8AJj
 OQQ1YnxxuBqDpeeJtph1Pz3ABFLqSDZwgIaws=
X-Google-DKIM-Signature: v=1; a=rsa-sha256; c=relaxed/relaxed;
 d=1e100.net; s=20230601; t=1721670950; x=1722275750;
 h=references:in-reply-to:cc:to:from:subject:message-id:date
 :x-gm-message-state:from:to:cc:subject:date:message-id:reply-to;
 bh=kRKZW0UUHfdm9qZLgMV+akBDC6G/G3DbFoAItx6/L2Y=;
 b=gL3ESpQ7K0TSNqfSjtL3NvmcqBsSUgOkIiESoA3EMsg+U4MreoVRJa8mtoEQIAcZD7
 RAlO1+q+XfQtEE/iPC5bkIS3AiYuR1xqEgMhxy9BFqNeqBJ/ehWyOwMvnLLy0bpgs+0U
 QTUKX+5Mfz1L9y8oAg6C6A8wZJO3zrwJM4nYuAq/RiISnIIAgnNhg0GA6ANp6m/zXswk
 ngPiBrsO2QIdCQjSqcSdW5qhxexs5C4WtAfSa1V4WagvzTH4ZkVv+Dfkhq8lobSxHjzv
 G5p0f4TsLya1e4p6Cbp08Pjlg0qaojsQdPUOEa4AvY04GM83WF244b6dvhjVmW/bLKNe
 zsNw==
X-Gm-Message-State: AOJu0YwFg9dUODCXqC1dXqjD+S97x0Vck6qq4AfbXn8YlB83456H9BQY
 rnLr8Ewnjv43kqD+0QMuOwZlKeezW5j9mzLur8SLaOmpewuanMfAEL4lDGiTEMnurqpJ9XKHpt+
 BZKgUAh4ZJPtcpnMyKcwk8JJ6YLcefFFKdfqRoWEo
X-Google-Smtp-Source: AGHT+IGaK+Zj10Lwa5mNTf3BX2Cx4t7o8ytRSDV/ysbSPRSrCzFVuKhnkdr6e4EZMyXozjWDFQSt63hEPF+V
X-Received: by 2002:a17:90b:4f8a:b0:2ca:7636:2214 with SMTP id
 98e67ed59e1d1-2cd273d7a33mr6401788a91.4.1721670950307; 
 Mon, 22 Jul 2024 10:55:50 -0700 (PDT)
Received: from postal.iol.unh.edu (postal.iol.unh.edu. [132.177.123.84])
 by smtp-relay.gmail.com with ESMTPS id
 98e67ed59e1d1-2cb769474e7sm79262a91.0.2024.07.22.10.55.50
 (version=TLS1_2 cipher=ECDHE-ECDSA-AES128-GCM-SHA256 bits=128/128);
 Mon, 22 Jul 2024 10:55:50 -0700 (PDT)
X-Relaying-Domain: iol.unh.edu
Date: Mon, 22 Jul 2024 10:55:50 -0700 (PDT)
Message-ID: <669e9d26.170a0220.243c8.3b95SMTPIN_ADDED_MISSING@mx.google.com>
Received: from [172.21.0.6] (unknown [172.18.0.240])
 by postal.iol.unh.edu (Postfix) with ESMTP id 591B0605C351;
 Mon, 22 Jul 2024 13:55:49 -0400 (EDT)
Subject: |FAILURE| pw142610-142604 [PATCH] [v2,30/30] bus/dpaa: add port bmi 
From: dpdklab@iol.unh.edu
To: Test Report <test-report@dpdk.org>
Cc: dpdk-test-reports@iol.unh.edu, Gagandeep Singh <g.singh@nxp.com>
In-Reply-To: <20240722115843.1830105-31-g.singh@nxp.com>
References: <20240722115843.1830105-31-g.singh@nxp.com>
Content-Type: text/plain
X-BeenThere: test-report@dpdk.org
X-Mailman-Version: 2.1.29
Precedence: list
List-Id: automatic DPDK test reports <test-report.dpdk.org>
List-Unsubscribe: <https://mails.dpdk.org/options/test-report>,
 <mailto:test-report-request@dpdk.org?subject=unsubscribe>
List-Archive: <http://mails.dpdk.org/archives/test-report/>
List-Post: <mailto:test-report@dpdk.org>
List-Help: <mailto:test-report-request@dpdk.org?subject=help>
List-Subscribe: <https://mails.dpdk.org/listinfo/test-report>,
 <mailto:test-report-request@dpdk.org?subject=subscribe>
Errors-To: test-report-bounces@dpdk.org

Test-Label: iol-compile-amd64-testing
Test-Status: FAILURE
http://dpdk.org/patch/142604

_Testing issues_

Submitter: Gagandeep Singh <g.singh@nxp.com>
Date: Monday, July 22 2024 11:58:43 
DPDK git baseline: Repo:dpdk
  Branch: master
  CommitID:fa8d2f7f28524a6c8defa3dcd94f5aa131aae084

142610-142604 --> testing issues

Upstream job id: Generic-DPDK-Compile-Meson#277685

Test environment and result as below:

+---------------------+--------------------+-------------------+----------------------+------------------+-------------------+
|     Environment     | dpdk_meson_compile | dpdk_msvc_compile | dpdk_mingw64_compile | dpdk_compile_ovs | dpdk_compile_spdk |
+=====================+====================+===================+======================+==================+===================+
| Windows Server 2022 | PASS               | PASS              | PASS                 | SKIPPED          | SKIPPED           |
+---------------------+--------------------+-------------------+----------------------+------------------+-------------------+
| Windows Server 2019 | PASS               | SKIPPED           | PASS                 | SKIPPED          | SKIPPED           |
+---------------------+--------------------+-------------------+----------------------+------------------+-------------------+
| FreeBSD 13.3        | PASS               | SKIPPED           | SKIPPED              | SKIPPED          | SKIPPED           |
+---------------------+--------------------+-------------------+----------------------+------------------+-------------------+
| FreeBSD 14.1        | PASS               | SKIPPED           | SKIPPED              | SKIPPED          | SKIPPED           |
+---------------------+--------------------+-------------------+----------------------+------------------+-------------------+
| CentOS Stream 8     | PASS               | SKIPPED           | SKIPPED              | PASS             | PASS              |
+---------------------+--------------------+-------------------+----------------------+------------------+-------------------+
| CentOS Stream 9     | FAIL               | SKIPPED           | SKIPPED              | WARN             | WARN              |
+---------------------+--------------------+-------------------+----------------------+------------------+-------------------+
| Debian Bullseye     | PASS               | SKIPPED           | SKIPPED              | PASS             | PASS              |
+---------------------+--------------------+-------------------+----------------------+------------------+-------------------+
| Debian 12           | FAIL               | SKIPPED           | SKIPPED              | WARN             | WARN              |
+---------------------+--------------------+-------------------+----------------------+------------------+-------------------+
| Fedora 37           | FAIL               | SKIPPED           | SKIPPED              | WARN             | WARN              |
+---------------------+--------------------+-------------------+----------------------+------------------+-------------------+
| Fedora 38 (Clang)   | PEND               | SKIPPED           | SKIPPED              | PEND             | PEND              |
+---------------------+--------------------+-------------------+----------------------+------------------+-------------------+
| Fedora 38           | FAIL               | SKIPPED           | SKIPPED              | WARN             | WARN              |
+---------------------+--------------------+-------------------+----------------------+------------------+-------------------+
| Fedora 39 (Clang)   | PEND               | SKIPPED           | SKIPPED              | PEND             | PEND              |
+---------------------+--------------------+-------------------+----------------------+------------------+-------------------+
| Fedora 39           | FAIL               | SKIPPED           | SKIPPED              | WARN             | WARN              |
+---------------------+--------------------+-------------------+----------------------+------------------+-------------------+
| Fedora 40 (Clang)   | PEND               | SKIPPED           | SKIPPED              | PEND             | PEND              |
+---------------------+--------------------+-------------------+----------------------+------------------+-------------------+
| Fedora 40           | FAIL               | SKIPPED           | SKIPPED              | WARN             | WARN              |
+---------------------+--------------------+-------------------+----------------------+------------------+-------------------+
| openSUSE Leap 15    | PEND               | SKIPPED           | SKIPPED              | PEND             | SKIPPED           |
+---------------------+--------------------+-------------------+----------------------+------------------+-------------------+
| RHEL8               | PEND               | SKIPPED           | SKIPPED              | PEND             | SKIPPED           |
+---------------------+--------------------+-------------------+----------------------+------------------+-------------------+
| RHEL9               | PEND               | SKIPPED           | SKIPPED              | PEND             | SKIPPED           |
+---------------------+--------------------+-------------------+----------------------+------------------+-------------------+
| Ubuntu 22.04        | PEND               | SKIPPED           | SKIPPED              | PEND             | PEND              |
+---------------------+--------------------+-------------------+----------------------+------------------+-------------------+
| Ubuntu 24.04        | PEND               | SKIPPED           | SKIPPED              | PEND             | PEND              |
+---------------------+--------------------+-------------------+----------------------+------------------+-------------------+
| Alpine              | PEND               | SKIPPED           | SKIPPED              | PEND             | SKIPPED           |
+---------------------+--------------------+-------------------+----------------------+------------------+-------------------+

==== 20 line log output for Fedora 40 (dpdk_compile_spdk): ====
 --- Failed to get log output --- 
==== End log output ====

Windows Server 2022
	Kernel: 10.0.20348.2031
	Compiler: clang 15.0.7, gcc 8.1.0 (MinGW), and MSVC VS 17.9

Windows Server 2019
	Kernel: 10.0.17763
	Compiler: clang 14.0 and gcc 8.1.0 (MinGW)

FreeBSD 13.3
	Kernel: 13.3-RELEASE-p1
	Compiler: clang 17.0.6

FreeBSD 14.1
	Kernel: 14.1
	Compiler: clang 18.1.5

CentOS Stream 8
	Kernel: 5.4.0-167-generic
	Compiler: gcc 8.5.0 20210514

CentOS Stream 9
	Kernel: 5.4.0-167-generic
	Compiler: gcc 11.4.1 20230605

Debian Bullseye
	Kernel: 5.4.0-167-generic
	Compiler: gcc 10.2.1-6

Debian 12
	Kernel: Container Host Kernel
	Compiler: gcc 12.2.0

Fedora 37
	Kernel: Depends on container host system
	Compiler: gcc 12.3.1

Fedora 38 (Clang)
	Kernel: Depends on container host
	Compiler: clang 16.0.6

Fedora 38
	Kernel: Depends on container host
	Compiler: gcc 13.2.1

Fedora 39 (Clang)
	Kernel: Depends on container host
	Compiler: clang 17.0.6

Fedora 39
	Kernel: Depends on container host
	Compiler: gcc 13.2.1

Fedora 40 (Clang)
	Kernel: Depends on container host
	Compiler: clang 18.1.6

Fedora 40
	Kernel: Depends on container host
	Compiler: gcc 14.1.1

openSUSE Leap 15
	Kernel: 5.4.0-167-generic
	Compiler: gcc 7.5.0

RHEL8
	Kernel: 5.4.0-167-generic
	Compiler: gcc 8.5.0 20210514 (Red Hat 8.5.0-20)

RHEL9
	Kernel: Depends on container host
	Compiler: gcc 11.4.1

Ubuntu 22.04
	Kernel: 5.4.0-167-generic
	Compiler: gcc 11.4.0

Ubuntu 24.04
	Kernel: 5.4.0-167-generic
	Compiler: gcc 13.2.0

Alpine
	Kernel: 5.4.0-167-generic
	Compiler: gcc (Alpine 13.2.1_git20231014) 13.2.1 20231014

To view detailed results, visit:
https://lab.dpdk.org/results/dashboard/patchsets/30576/

UNH-IOL DPDK Community Lab

To manage your email subscriptions, visit: 
https://lab.dpdk.org/results/dashboard/preferences/subscriptions/