From mboxrd@z Thu Jan  1 00:00:00 1970
Return-Path: <test-report-bounces@dpdk.org>
Received: from mails.dpdk.org (mails.dpdk.org [217.70.189.124])
	by inbox.dpdk.org (Postfix) with ESMTP id 7FCC14568B
	for <public@inbox.dpdk.org>; Tue, 23 Jul 2024 07:00:48 +0200 (CEST)
Received: from mails.dpdk.org (localhost [127.0.0.1])
	by mails.dpdk.org (Postfix) with ESMTP id 42B5E40E22;
	Tue, 23 Jul 2024 07:00:48 +0200 (CEST)
Received: from mail-pl1-f226.google.com (mail-pl1-f226.google.com
 [209.85.214.226])
 by mails.dpdk.org (Postfix) with ESMTP id 466DA40289
 for <test-report@dpdk.org>; Tue, 23 Jul 2024 07:00:34 +0200 (CEST)
Received: by mail-pl1-f226.google.com with SMTP id
 d9443c01a7336-1fd6ed7688cso3003385ad.3
 for <test-report@dpdk.org>; Mon, 22 Jul 2024 22:00:34 -0700 (PDT)
DKIM-Signature: v=1; a=rsa-sha256; c=relaxed/relaxed;
 d=iol.unh.edu; s=unh-iol; t=1721710833; x=1722315633; darn=dpdk.org;
 h=references:in-reply-to:cc:to:from:subject:message-id:date:from:to
 :cc:subject:date:message-id:reply-to;
 bh=g7R/yL4yMcB7CLRNzVp/WkHf6+5zjlHMctNI+R5tM2c=;
 b=HeMxWdWSft9qVumNSsUz8XncI3S/Ni3RMeHzVI7tKlj2cT51+THwZv5SPuKaO0Fuvw
 67KIho+W/XnPwegDkXGGOAZtnzaRfpxJlXzZ9qM0ZsQoNtR3yQP5ExNA3Anpcbn3dg/E
 dKeEyLr82yvDfFfI9I6+ZKL0gZRoJb98e996g=
X-Google-DKIM-Signature: v=1; a=rsa-sha256; c=relaxed/relaxed;
 d=1e100.net; s=20230601; t=1721710833; x=1722315633;
 h=references:in-reply-to:cc:to:from:subject:message-id:date
 :x-gm-message-state:from:to:cc:subject:date:message-id:reply-to;
 bh=g7R/yL4yMcB7CLRNzVp/WkHf6+5zjlHMctNI+R5tM2c=;
 b=NjmV4GEDCJcQeQ3Y9J9INJ/ybFvBucWnnPiEiXQCmIN1Lc5VelLiJbq/4nlrMrUROf
 Ni5Gw3rRbn//w2FtS5Nl+J3KUxXJUQFoY51IY+LurtW+81lsWcTAYindpSArcNBZS8m7
 nbC+hdvmFw5ZEJc+nIUh4AkSD+6qUizPXjR9dQUYWNHtslP9pFUDbZw6cnW/GnFLpujn
 Up8ESE1Y6Mq5RoGqZLxnFYcv+uLEKQcdo0/rHBbut9Jva++g0NAyLOBthj8OGbupmgpj
 iUNADY2Wj01zqaJqPrmLliYPLrJdfacwDF4GyVYs+PqtjB4hx9hEFaOZhs+uhqYVu8q0
 D1ZQ==
X-Gm-Message-State: AOJu0YwfUdsH99xNIZ7xfjFRH5Vhj65p0733Hh9i9Kw2tE0V8J0Fk88/
 kgxmsegbnvshN+lY6ke0c7G6hxGcRJsD13LdQm3Hk+BQdsm7unikRMiGNLmZWmEKKWaeqGJlRsc
 /3ynQxf7MNlD2kf2VoiitXbXT0Pe+fxMJJHSQWFHN
X-Google-Smtp-Source: AGHT+IEc/68Kn3vHrhop8ftmK9oP7+ULXPy88XWXiNxaSl2kCD8SpVpE7vGzIjFzQC3U3s6WdTUgK2xB75yy
X-Received: by 2002:a17:902:f551:b0:1fd:9e88:e4a9 with SMTP id
 d9443c01a7336-1fdb5f6b551mr17878965ad.46.1721710833334; 
 Mon, 22 Jul 2024 22:00:33 -0700 (PDT)
Received: from postal.iol.unh.edu (postal.iol.unh.edu. [132.177.123.84])
 by smtp-relay.gmail.com with ESMTPS id
 d9443c01a7336-1fd6f244bd6sm3314075ad.16.2024.07.22.22.00.33
 (version=TLS1_2 cipher=ECDHE-ECDSA-AES128-GCM-SHA256 bits=128/128);
 Mon, 22 Jul 2024 22:00:33 -0700 (PDT)
X-Relaying-Domain: iol.unh.edu
Date: Mon, 22 Jul 2024 22:00:33 -0700 (PDT)
Message-ID: <669f38f1.170a0220.236bc5.0f15SMTPIN_ADDED_MISSING@mx.google.com>
Received: from [172.17.0.2] (unknown [172.18.0.217])
 by postal.iol.unh.edu (Postfix) with ESMTP id 3E47E605C351;
 Tue, 23 Jul 2024 01:00:32 -0400 (EDT)
Subject: |FAILURE| pw142620-142649 [PATCH] [v3,30/30] bus/dpaa: add port bmi 
From: dpdklab@iol.unh.edu
To: Test Report <test-report@dpdk.org>
Cc: dpdk-test-reports@iol.unh.edu, Gagandeep Singh <g.singh@nxp.com>
In-Reply-To: <20240722163930.2171568-31-g.singh@nxp.com>
References: <20240722163930.2171568-31-g.singh@nxp.com>
Content-Type: text/plain
X-BeenThere: test-report@dpdk.org
X-Mailman-Version: 2.1.29
Precedence: list
List-Id: automatic DPDK test reports <test-report.dpdk.org>
List-Unsubscribe: <https://mails.dpdk.org/options/test-report>,
 <mailto:test-report-request@dpdk.org?subject=unsubscribe>
List-Archive: <http://mails.dpdk.org/archives/test-report/>
List-Post: <mailto:test-report@dpdk.org>
List-Help: <mailto:test-report-request@dpdk.org?subject=help>
List-Subscribe: <https://mails.dpdk.org/listinfo/test-report>,
 <mailto:test-report-request@dpdk.org?subject=subscribe>
Errors-To: test-report-bounces@dpdk.org

Test-Label: iol-compile-amd64-testing
Test-Status: FAILURE
http://dpdk.org/patch/142649

_Testing issues_

Submitter: Gagandeep Singh <g.singh@nxp.com>
Date: Monday, July 22 2024 16:39:30 
DPDK git baseline: Repo:dpdk
  Branch: master
  CommitID:4fe08bab4bc71f1c04854f764bae98927c2b6fe1

142620-142649 --> testing issues

Upstream job id: Generic-DPDK-Compile-Meson#278059

Test environment and result as below:

+---------------------+--------------------+----------------------+-------------------+------------------+-------------------+
|     Environment     | dpdk_meson_compile | dpdk_mingw64_compile | dpdk_msvc_compile | dpdk_compile_ovs | dpdk_compile_spdk |
+=====================+====================+======================+===================+==================+===================+
| Windows Server 2019 | PASS               | PASS                 | SKIPPED           | SKIPPED          | SKIPPED           |
+---------------------+--------------------+----------------------+-------------------+------------------+-------------------+
| Windows Server 2022 | PASS               | PASS                 | PASS              | SKIPPED          | SKIPPED           |
+---------------------+--------------------+----------------------+-------------------+------------------+-------------------+
| FreeBSD 13.3        | PASS               | SKIPPED              | SKIPPED           | SKIPPED          | SKIPPED           |
+---------------------+--------------------+----------------------+-------------------+------------------+-------------------+
| FreeBSD 14.1        | PASS               | SKIPPED              | SKIPPED           | SKIPPED          | SKIPPED           |
+---------------------+--------------------+----------------------+-------------------+------------------+-------------------+
| CentOS Stream 8     | PEND               | SKIPPED              | SKIPPED           | PEND             | PEND              |
+---------------------+--------------------+----------------------+-------------------+------------------+-------------------+
| CentOS Stream 9     | FAIL               | SKIPPED              | SKIPPED           | WARN             | WARN              |
+---------------------+--------------------+----------------------+-------------------+------------------+-------------------+
| Debian Bullseye     | PASS               | SKIPPED              | SKIPPED           | PASS             | PASS              |
+---------------------+--------------------+----------------------+-------------------+------------------+-------------------+
| Debian 12           | FAIL               | SKIPPED              | SKIPPED           | WARN             | WARN              |
+---------------------+--------------------+----------------------+-------------------+------------------+-------------------+
| Fedora 38 (Clang)   | PEND               | SKIPPED              | SKIPPED           | PEND             | PEND              |
+---------------------+--------------------+----------------------+-------------------+------------------+-------------------+
| Fedora 38           | FAIL               | SKIPPED              | SKIPPED           | WARN             | WARN              |
+---------------------+--------------------+----------------------+-------------------+------------------+-------------------+
| Fedora 39 (Clang)   | PEND               | SKIPPED              | SKIPPED           | PEND             | PEND              |
+---------------------+--------------------+----------------------+-------------------+------------------+-------------------+
| Fedora 39           | FAIL               | SKIPPED              | SKIPPED           | WARN             | WARN              |
+---------------------+--------------------+----------------------+-------------------+------------------+-------------------+
| Fedora 40 (Clang)   | PEND               | SKIPPED              | SKIPPED           | PEND             | PEND              |
+---------------------+--------------------+----------------------+-------------------+------------------+-------------------+
| Fedora 40           | FAIL               | SKIPPED              | SKIPPED           | WARN             | WARN              |
+---------------------+--------------------+----------------------+-------------------+------------------+-------------------+
| openSUSE Leap 15    | PASS               | SKIPPED              | SKIPPED           | PASS             | SKIPPED           |
+---------------------+--------------------+----------------------+-------------------+------------------+-------------------+
| RHEL8               | PASS               | SKIPPED              | SKIPPED           | PASS             | SKIPPED           |
+---------------------+--------------------+----------------------+-------------------+------------------+-------------------+
| RHEL9               | FAIL               | SKIPPED              | SKIPPED           | WARN             | SKIPPED           |
+---------------------+--------------------+----------------------+-------------------+------------------+-------------------+
| Ubuntu 20.04        | PASS               | SKIPPED              | SKIPPED           | PASS             | SKIPPED           |
+---------------------+--------------------+----------------------+-------------------+------------------+-------------------+
| Ubuntu 22.04        | FAIL               | SKIPPED              | SKIPPED           | WARN             | WARN              |
+---------------------+--------------------+----------------------+-------------------+------------------+-------------------+
| Ubuntu 24.04        | FAIL               | SKIPPED              | SKIPPED           | WARN             | WARN              |
+---------------------+--------------------+----------------------+-------------------+------------------+-------------------+
| Alpine              | FAIL               | SKIPPED              | SKIPPED           | WARN             | SKIPPED           |
+---------------------+--------------------+----------------------+-------------------+------------------+-------------------+

==== 20 line log output for Alpine (dpdk_compile_ovs): ====
 --- Failed to get log output --- 
==== End log output ====

Windows Server 2019
	Kernel: 10.0.17763
	Compiler: clang 14.0 and gcc 8.1.0 (MinGW)

Windows Server 2022
	Kernel: 10.0.20348.2031
	Compiler: clang 15.0.7, gcc 8.1.0 (MinGW), and MSVC VS 17.9

FreeBSD 13.3
	Kernel: 13.3-RELEASE-p1
	Compiler: clang 17.0.6

FreeBSD 14.1
	Kernel: 14.1
	Compiler: clang 18.1.5

CentOS Stream 8
	Kernel: 5.4.0-167-generic
	Compiler: gcc 8.5.0 20210514

CentOS Stream 9
	Kernel: 5.4.0-167-generic
	Compiler: gcc 11.4.1 20230605

Debian Bullseye
	Kernel: 5.4.0-167-generic
	Compiler: gcc 10.2.1-6

Debian 12
	Kernel: Container Host Kernel
	Compiler: gcc 12.2.0

Fedora 38 (Clang)
	Kernel: Depends on container host
	Compiler: clang 16.0.6

Fedora 38
	Kernel: Depends on container host
	Compiler: gcc 13.2.1

Fedora 39 (Clang)
	Kernel: Depends on container host
	Compiler: clang 17.0.6

Fedora 39
	Kernel: Depends on container host
	Compiler: gcc 13.2.1

Fedora 40 (Clang)
	Kernel: Depends on container host
	Compiler: clang 18.1.6

Fedora 40
	Kernel: Depends on container host
	Compiler: gcc 14.1.1

openSUSE Leap 15
	Kernel: 5.4.0-167-generic
	Compiler: gcc 7.5.0

RHEL8
	Kernel: 5.4.0-167-generic
	Compiler: gcc 8.5.0 20210514 (Red Hat 8.5.0-20)

RHEL9
	Kernel: Depends on container host
	Compiler: gcc 11.4.1

Ubuntu 20.04
	Kernel: 5.4.0-167-generic
	Compiler: gcc 9.4.0-1ubuntu1~20.04.1

Ubuntu 22.04
	Kernel: 5.4.0-167-generic
	Compiler: gcc 11.4.0

Ubuntu 24.04
	Kernel: 5.4.0-167-generic
	Compiler: gcc 13.2.0

Alpine
	Kernel: 5.4.0-167-generic
	Compiler: gcc (Alpine 13.2.1_git20231014) 13.2.1 20231014

To view detailed results, visit:
https://lab.dpdk.org/results/dashboard/patchsets/30582/

UNH-IOL DPDK Community Lab

To manage your email subscriptions, visit: 
https://lab.dpdk.org/results/dashboard/preferences/subscriptions/