From mboxrd@z Thu Jan  1 00:00:00 1970
Return-Path: <test-report-bounces@dpdk.org>
Received: from mails.dpdk.org (mails.dpdk.org [217.70.189.124])
	by inbox.dpdk.org (Postfix) with ESMTP id 227D64568D
	for <public@inbox.dpdk.org>; Tue, 23 Jul 2024 09:28:11 +0200 (CEST)
Received: from mails.dpdk.org (localhost [127.0.0.1])
	by mails.dpdk.org (Postfix) with ESMTP id 1F92F40ED3;
	Tue, 23 Jul 2024 09:28:11 +0200 (CEST)
Received: from mail-io1-f97.google.com (mail-io1-f97.google.com
 [209.85.166.97]) by mails.dpdk.org (Postfix) with ESMTP id D78C2402D3
 for <test-report@dpdk.org>; Tue, 23 Jul 2024 09:23:40 +0200 (CEST)
Received: by mail-io1-f97.google.com with SMTP id
 ca18e2360f4ac-80767b21543so222779839f.3
 for <test-report@dpdk.org>; Tue, 23 Jul 2024 00:23:40 -0700 (PDT)
DKIM-Signature: v=1; a=rsa-sha256; c=relaxed/relaxed;
 d=iol.unh.edu; s=unh-iol; t=1721719420; x=1722324220; darn=dpdk.org;
 h=references:in-reply-to:cc:to:from:subject:message-id:date:from:to
 :cc:subject:date:message-id:reply-to;
 bh=SBFktYBb3j05xMMooU5L22t2a+bU+EsZmuGMpoiNYIQ=;
 b=ifoYjUWsRvm5Om3mMLeDOdGh+75MVL156bFWZbVFgpT26ybTmHugdcb1OZGAJER1LD
 CpK2xydOsA5KDQfbDMjxeeomgdC2eD883/49RrDHu5QjczqsdQzVEBepYG6aEltPbeUa
 OgsQtHQzu2VpbZU+nEewW4xalr8LYHeJ9F29Q=
X-Google-DKIM-Signature: v=1; a=rsa-sha256; c=relaxed/relaxed;
 d=1e100.net; s=20230601; t=1721719420; x=1722324220;
 h=references:in-reply-to:cc:to:from:subject:message-id:date
 :x-gm-message-state:from:to:cc:subject:date:message-id:reply-to;
 bh=SBFktYBb3j05xMMooU5L22t2a+bU+EsZmuGMpoiNYIQ=;
 b=fsQNU/zfLK7yihCsCfzDvLNZdjxHWNJyyUETWeMancR4hliaXZ+hp5v3gKqDAx9zkp
 0ILsoRXW6pvBemTvF7pTUx6eSeM3jt/YZF6ahLAZjcpTMpYp1v5dynV5v/ZJmi2Fv/z4
 EfTeoNhqGmTOVa581m+2Ez/YdKG70agYmkja5SLV9+2RUXi0JBfdi5h7K1HhsM9jhjIH
 ioxxftZ6l0el+dG4dcAC7jpvb4Hnu5ESODjQNpJxgBcm2EAPT62v9H2Ob8+2Eevq8j9q
 ujSZOfTl2Yry525qF94qi5znl/4w49fxkZ24XhvSNdiV7txr3uvxpQEoMmhaNF74TUDS
 nQ4Q==
X-Gm-Message-State: AOJu0YzTt00Abm6lM+XXdN5f7RQ2aYiUt1lyzPf6u4nFTPjm493+e5uo
 ABj1wWDN6RImJhQ9cL+cSDmBKLEuLlvTZzWA+a84TJKIeMwZA3hGJo9DiM6ZMpLWHcby1wkNpQI
 ZKAy6zbBSMtAJ2k013UXZrcIAhneyvJl8N/AhaCYN
X-Google-Smtp-Source: AGHT+IH+U97c27XiH/fqIiGpW6CpvhRXoA7UgJT9h5c+W0tNK3z9HxzhFz9zKs93rJXeV4xPJdWZZcFSinUP
X-Received: by 2002:a05:6602:2b14:b0:7f6:2570:509 with SMTP id
 ca18e2360f4ac-81b3478ca5cmr1120062039f.6.1721719420108; 
 Tue, 23 Jul 2024 00:23:40 -0700 (PDT)
Received: from postal.iol.unh.edu (postal.iol.unh.edu. [132.177.123.84])
 by smtp-relay.gmail.com with ESMTPS id
 8926c6da1cb9f-4c23440e0f8sm167162173.58.2024.07.23.00.23.40
 (version=TLS1_2 cipher=ECDHE-ECDSA-AES128-GCM-SHA256 bits=128/128);
 Tue, 23 Jul 2024 00:23:40 -0700 (PDT)
X-Relaying-Domain: iol.unh.edu
Date: Tue, 23 Jul 2024 00:23:40 -0700 (PDT)
Message-ID: <669f5a7c.050a0220.51101.9de0SMTPIN_ADDED_MISSING@mx.google.com>
Received: from [172.21.0.6] (unknown [172.18.0.240])
 by postal.iol.unh.edu (Postfix) with ESMTP id 95409605C351;
 Tue, 23 Jul 2024 03:23:39 -0400 (EDT)
Subject: |FAILURE| pw142652-142654 [PATCH] [v2,3/3] test-pmd: add more packet
From: dpdklab@iol.unh.edu
To: Test Report <test-report@dpdk.org>
Cc: dpdk-test-reports@iol.unh.edu,
 Stephen Hemminger <stephen@networkplumber.org>
In-Reply-To: <20240723024537.980016-4-stephen@networkplumber.org>
References: <20240723024537.980016-4-stephen@networkplumber.org>
Content-Type: text/plain
X-BeenThere: test-report@dpdk.org
X-Mailman-Version: 2.1.29
Precedence: list
List-Id: automatic DPDK test reports <test-report.dpdk.org>
List-Unsubscribe: <https://mails.dpdk.org/options/test-report>,
 <mailto:test-report-request@dpdk.org?subject=unsubscribe>
List-Archive: <http://mails.dpdk.org/archives/test-report/>
List-Post: <mailto:test-report@dpdk.org>
List-Help: <mailto:test-report-request@dpdk.org?subject=help>
List-Subscribe: <https://mails.dpdk.org/listinfo/test-report>,
 <mailto:test-report-request@dpdk.org?subject=subscribe>
Errors-To: test-report-bounces@dpdk.org

Test-Label: iol-compile-amd64-testing
Test-Status: FAILURE
http://dpdk.org/patch/142654

_Testing issues_

Submitter: Stephen Hemminger <stephen@networkplumber.org>
Date: Tuesday, July 23 2024 02:44:12 
DPDK git baseline: Repo:dpdk
  Branch: master
  CommitID:82baecc069d9247c6890677d84481c1cdff84ecb

142652-142654 --> testing issues

Upstream job id: Generic-VM-DPDK-Compile-Meson#28166

Test environment and result as below:

+---------------------+--------------------+------------------+-------------------+----------------------+
|     Environment     | dpdk_meson_compile | dpdk_compile_ovs | dpdk_compile_spdk | dpdk_mingw64_compile |
+=====================+====================+==================+===================+======================+
| CentOS Stream 8     | PEND               | PEND             | PEND              | SKIPPED              |
+---------------------+--------------------+------------------+-------------------+----------------------+
| CentOS Stream 9     | PEND               | PEND             | PEND              | SKIPPED              |
+---------------------+--------------------+------------------+-------------------+----------------------+
| Debian Bullseye     | PEND               | PEND             | PEND              | SKIPPED              |
+---------------------+--------------------+------------------+-------------------+----------------------+
| Debian 12           | PEND               | PEND             | PEND              | SKIPPED              |
+---------------------+--------------------+------------------+-------------------+----------------------+
| Fedora 37           | PEND               | PEND             | PEND              | SKIPPED              |
+---------------------+--------------------+------------------+-------------------+----------------------+
| Fedora 38           | PEND               | PEND             | PEND              | SKIPPED              |
+---------------------+--------------------+------------------+-------------------+----------------------+
| Fedora 39 (Clang)   | PEND               | PEND             | PEND              | SKIPPED              |
+---------------------+--------------------+------------------+-------------------+----------------------+
| Fedora 39           | PEND               | PEND             | PEND              | SKIPPED              |
+---------------------+--------------------+------------------+-------------------+----------------------+
| Fedora 38 (Clang)   | PEND               | PEND             | PEND              | SKIPPED              |
+---------------------+--------------------+------------------+-------------------+----------------------+
| openSUSE Leap 15    | PEND               | PEND             | SKIPPED           | SKIPPED              |
+---------------------+--------------------+------------------+-------------------+----------------------+
| Ubuntu 20.04        | PEND               | PEND             | SKIPPED           | SKIPPED              |
+---------------------+--------------------+------------------+-------------------+----------------------+
| Fedora 40           | PEND               | PEND             | PEND              | SKIPPED              |
+---------------------+--------------------+------------------+-------------------+----------------------+
| Fedora 40 (Clang)   | PEND               | PEND             | PEND              | SKIPPED              |
+---------------------+--------------------+------------------+-------------------+----------------------+
| RHEL8               | PEND               | PEND             | SKIPPED           | SKIPPED              |
+---------------------+--------------------+------------------+-------------------+----------------------+
| RHEL9               | PEND               | PEND             | SKIPPED           | SKIPPED              |
+---------------------+--------------------+------------------+-------------------+----------------------+
| Ubuntu 24.04        | PEND               | PEND             | PEND              | SKIPPED              |
+---------------------+--------------------+------------------+-------------------+----------------------+
| Ubuntu 22.04        | PEND               | PEND             | PEND              | SKIPPED              |
+---------------------+--------------------+------------------+-------------------+----------------------+
| Windows Server 2019 | FAIL               | SKIPPED          | SKIPPED           | PEND                 |
+---------------------+--------------------+------------------+-------------------+----------------------+
| Windows Server 2022 | FAIL               | SKIPPED          | SKIPPED           | PEND                 |
+---------------------+--------------------+------------------+-------------------+----------------------+
| Alpine              | PEND               | PEND             | SKIPPED           | SKIPPED              |
+---------------------+--------------------+------------------+-------------------+----------------------+
| FreeBSD 13.3        | PASS               | SKIPPED          | SKIPPED           | SKIPPED              |
+---------------------+--------------------+------------------+-------------------+----------------------+

==== 20 line log output for Windows Server 2022 (dpdk_meson_compile): ====
Creating library drivers\rte_dma_skeleton.lib and object drivers\rte_dma_skeleton.exp
[379/835] Generating rte_ethdev_def with a custom command
[380/835] Linking target lib/rte_mempool-24.dll
Creating library lib\rte_mempool.lib and object lib\rte_mempool.exp
[381/835] Linking target lib/rte_rcu-24.dll
Creating library lib\rte_rcu.lib and object lib\rte_rcu.exp
[382/835] Compiling C object lib/librte_meter.a.p/meter_rte_meter.c.obj
[383/835] Compiling C object lib/librte_net.a.p/net_rte_dissect.c.obj
FAILED: lib/librte_net.a.p/net_rte_dissect.c.obj
"clang" "-Ilib\librte_net.a.p" "-Ilib" "-I..\lib" "-Ilib\net" "-I..\lib\net" "-I." "-I.." "-Iconfig" "-I..\config" "-Ilib\eal\include" "-I..\lib\eal\include" "-Ilib\eal\windows\include" "-I..\lib\eal\windows\include" "-Ilib\eal\x86\include" "-I..\lib\eal\x86\include" "-Ilib\eal\common" "-I..\lib\eal\common" "-Ilib\eal" "-I..\lib\eal" "-Ilib\log" "-I..\lib\log" "-Ilib\kvargs" "-I..\lib\kvargs" "-Ilib\mbuf" "-I..\lib\mbuf" "-Ilib\mempool" "-I..\lib\mempool" "-Ilib\ring" "-I..\lib\ring" "-Ilib\metrics" "-I..\lib\metrics" "-Ilib\telemetry" "-I..\lib\telemetry" "-IC:\Program Files\Mellanox\MLNX_WinOF2_DevX_SDK\inc" "-Xclang" "-fcolor-diagnostics" "-pipe" "-D_FILE_OFFSET_BITS=64" "-Wall" "-Winvalid-pch" "-Wextra" "-Werror" "-std=c11" "-O3" "-include" "rte_config.h" "-Wcast-qual" "-Wdeprecated" "-Wformat" "-Wformat-nonliteral" "-Wformat-security" "-Wmissing-declarations" "-Wmissing-prototypes" "-Wnested-externs" "-Wold-style-definition" "-Wpointer-arith" "-Wsign-compare" "-Wstrict-prototype
 s" "-Wundef" "-Wwrite-strings" "-Wno-address-of-packed-member" "-Wno-missing-field-initializers" "-D_GNU_SOURCE" "-D_WIN32_WINNT=0x0A00" "-D_CRT_SECURE_NO_WARNINGS" "-march=native" "-mrtm" "-DALLOW_EXPERIMENTAL_API" "-DALLOW_INTERNAL_API" "-DCC_X86_64_SSE42_PCLMULQDQ_SUPPORT" "-DCC_X86_64_AVX512_VPCLMULQDQ_SUPPORT" "-DRTE_LOG_DEFAULT_LOGTYPE=lib.net" "-DRTE_ANNOTATE_LOCKS" "-Wthread-safety" -MD -MQ lib/librte_net.a.p/net_rte_dissect.c.obj -MF "lib\librte_net.a.p\net_rte_dissect.c.obj.d" -o lib/librte_net.a.p/net_rte_dissect.c.obj "-c" ../lib/net/rte_dissect.c
../lib/net/rte_dissect.c:11:10: fatal error: 'arpa/inet.h' file not found
#include <arpa/inet.h>
^~~~~~~~~~~~~
1 error generated.
[384/835] Generating symbol file lib/rte_mempool-24.dll.p/rte_mempool-24.dll.symbols
[385/835] Compiling C object lib/librte_net.a.p/net_rte_net.c.obj
[386/835] Generating symbol file lib/rte_rcu-24.dll.p/rte_rcu-24.dll.symbols
[387/835] Compiling C object lib/librte_ethdev.a.p/ethdev_rte_mtr.c.obj
[388/835] Compiling C object lib/librte_ethdev.a.p/ethdev_sff_common.c.obj
ninja: build stopped: subcommand failed.
==== End log output ====

CentOS Stream 8
	Kernel: 5.4.0-167-generic
	Compiler: gcc 8.5.0 20210514

CentOS Stream 9
	Kernel: 5.4.0-167-generic
	Compiler: gcc 11.4.1 20230605

Debian Bullseye
	Kernel: 5.4.0-167-generic
	Compiler: gcc 10.2.1-6

Debian 12
	Kernel: Container Host Kernel
	Compiler: gcc 12.2.0

Fedora 37
	Kernel: Depends on container host system
	Compiler: gcc 12.3.1

Fedora 38
	Kernel: Depends on container host
	Compiler: gcc 13.2.1

Fedora 39 (Clang)
	Kernel: Depends on container host
	Compiler: clang 17.0.6

Fedora 39
	Kernel: Depends on container host
	Compiler: gcc 13.2.1

Fedora 38 (Clang)
	Kernel: Depends on container host
	Compiler: clang 16.0.6

openSUSE Leap 15
	Kernel: 5.4.0-167-generic
	Compiler: gcc 7.5.0

Ubuntu 20.04
	Kernel: 5.4.0-167-generic
	Compiler: gcc 9.4.0-1ubuntu1~20.04.1

Fedora 40
	Kernel: Depends on container host
	Compiler: gcc 14.1.1

Fedora 40 (Clang)
	Kernel: Depends on container host
	Compiler: clang 18.1.6

RHEL8
	Kernel: 5.4.0-167-generic
	Compiler: gcc 8.5.0 20210514 (Red Hat 8.5.0-20)

RHEL9
	Kernel: Depends on container host
	Compiler: gcc 11.4.1

Ubuntu 24.04
	Kernel: 5.4.0-167-generic
	Compiler: gcc 13.2.0

Ubuntu 22.04
	Kernel: 5.4.0-167-generic
	Compiler: gcc 11.4.0

Windows Server 2019
	Kernel: 10.0.17763
	Compiler: clang 14.0 and gcc 8.1.0 (MinGW)

Windows Server 2022
	Kernel: 10.0.20348.2031
	Compiler: clang 15.0.7, gcc 8.1.0 (MinGW), and MSVC VS 17.9

Alpine
	Kernel: 5.4.0-167-generic
	Compiler: gcc (Alpine 13.2.1_git20231014) 13.2.1 20231014

FreeBSD 13.3
	Kernel: 13.3-RELEASE-p1
	Compiler: clang 17.0.6

To view detailed results, visit:
https://lab.dpdk.org/results/dashboard/patchsets/30585/

UNH-IOL DPDK Community Lab

To manage your email subscriptions, visit: 
https://lab.dpdk.org/results/dashboard/preferences/subscriptions/