From mboxrd@z Thu Jan  1 00:00:00 1970
Return-Path: <test-report-bounces@dpdk.org>
Received: from mails.dpdk.org (mails.dpdk.org [217.70.189.124])
	by inbox.dpdk.org (Postfix) with ESMTP id 827E245692
	for <public@inbox.dpdk.org>; Tue, 23 Jul 2024 12:21:47 +0200 (CEST)
Received: from mails.dpdk.org (localhost [127.0.0.1])
	by mails.dpdk.org (Postfix) with ESMTP id 19CB1427CA;
	Tue, 23 Jul 2024 12:21:47 +0200 (CEST)
Received: from mail-io1-f99.google.com (mail-io1-f99.google.com
 [209.85.166.99]) by mails.dpdk.org (Postfix) with ESMTP id BC94D40150
 for <test-report@dpdk.org>; Tue, 23 Jul 2024 12:16:11 +0200 (CEST)
Received: by mail-io1-f99.google.com with SMTP id
 ca18e2360f4ac-7f97e794f34so222340239f.3
 for <test-report@dpdk.org>; Tue, 23 Jul 2024 03:16:11 -0700 (PDT)
DKIM-Signature: v=1; a=rsa-sha256; c=relaxed/relaxed;
 d=iol.unh.edu; s=unh-iol; t=1721729771; x=1722334571; darn=dpdk.org;
 h=references:in-reply-to:cc:to:from:subject:message-id:date:from:to
 :cc:subject:date:message-id:reply-to;
 bh=M3QrVzba3h7FlMYD4Rh9Z9J6qkBD44IeGh58RdkCczc=;
 b=JsDjjNv/ujfRMgqCJyYwPV8v6Db8h53lbaNq/r1L+ZKeGvlRK3y1epDe4oKy5Ct3+t
 o2tZYePNTfB8H5OJyC01KYoHd27s873FYMweI5i46Ety3MeDRGNyN42QG5zLXu4wzFPK
 4MtYfMKCNXfqKj+8LiiL2rxJevUROAn1zvar8=
X-Google-DKIM-Signature: v=1; a=rsa-sha256; c=relaxed/relaxed;
 d=1e100.net; s=20230601; t=1721729771; x=1722334571;
 h=references:in-reply-to:cc:to:from:subject:message-id:date
 :x-gm-message-state:from:to:cc:subject:date:message-id:reply-to;
 bh=M3QrVzba3h7FlMYD4Rh9Z9J6qkBD44IeGh58RdkCczc=;
 b=xHdkL4sdvXscdtDCErOGyM2bGa555TE4rNm5ko3H32rkKfm4akyMqCPyNA8tnJws1Q
 4dnfaenIffgTW5ftdopo7XouoPVEs32j3tQH2llpKavUW9KGkrmbMKTej8n4xAC+UCsp
 aqJ2nEH3mDrXXI927bT9GY7XFo9AqKupNJckQ5j+ZCiTThh3RXIazVujMATx6GZ6gWVj
 gDMZm/DrjwMuuBMBDrHeGJ8tz7GeqMZLhYnEV5bOLdSQUGmbReEuaPV2HFu/q/sk45R1
 tlmkQGdPIkh2z5THxXn2Px2rjFxEjf6CUxMaChwcG9l4NBcUUhtetmS6746xt2vaXIRC
 +AgQ==
X-Gm-Message-State: AOJu0YxCz4Ag9VA7+Os2BiDbIvSCr6v2wWMj4EuBIR1QeDN4qyxb4gpv
 yTazj6+JjIYkyQ9BlDjA/gKjDAEUoz+GBO8iQ9K5qBhBQtYxbuihvnR5qf5y+NwYLDABGcZ+Z/Q
 8P6UAXuAalCA/taz6r5N82YB1eWBgPWaWDHNG65E6
X-Google-Smtp-Source: AGHT+IEk0S1TPIkegHhCfRQgCoTWRsaCsZKS0M+Q3dP5khRJznb3j81O8CZk/PY6JIE3mYcjdK/8rLYwKOSC
X-Received: by 2002:a05:6602:3424:b0:805:2e94:f20c with SMTP id
 ca18e2360f4ac-81b32c92ef1mr1139382139f.1.1721729771093; 
 Tue, 23 Jul 2024 03:16:11 -0700 (PDT)
Received: from postal.iol.unh.edu (postal.iol.unh.edu. [132.177.123.84])
 by smtp-relay.gmail.com with ESMTPS id
 8926c6da1cb9f-4c23440dff6sm179353173.68.2024.07.23.03.16.10
 (version=TLS1_2 cipher=ECDHE-ECDSA-AES128-GCM-SHA256 bits=128/128);
 Tue, 23 Jul 2024 03:16:11 -0700 (PDT)
X-Relaying-Domain: iol.unh.edu
Date: Tue, 23 Jul 2024 03:16:11 -0700 (PDT)
Message-ID: <669f82eb.050a0220.dfabe.a30eSMTPIN_ADDED_MISSING@mx.google.com>
Received: from [172.21.0.7] (unknown [172.18.0.240])
 by postal.iol.unh.edu (Postfix) with ESMTP id B0B9160524C8;
 Tue, 23 Jul 2024 06:16:10 -0400 (EDT)
Subject: |FAILURE| pw142652-142654 [PATCH] [v2,3/3] test-pmd: add more packet
From: dpdklab@iol.unh.edu
To: Test Report <test-report@dpdk.org>
Cc: dpdk-test-reports@iol.unh.edu,
 Stephen Hemminger <stephen@networkplumber.org>
In-Reply-To: <20240723024537.980016-4-stephen@networkplumber.org>
References: <20240723024537.980016-4-stephen@networkplumber.org>
Content-Type: text/plain
X-BeenThere: test-report@dpdk.org
X-Mailman-Version: 2.1.29
Precedence: list
List-Id: automatic DPDK test reports <test-report.dpdk.org>
List-Unsubscribe: <https://mails.dpdk.org/options/test-report>,
 <mailto:test-report-request@dpdk.org?subject=unsubscribe>
List-Archive: <http://mails.dpdk.org/archives/test-report/>
List-Post: <mailto:test-report@dpdk.org>
List-Help: <mailto:test-report-request@dpdk.org?subject=help>
List-Subscribe: <https://mails.dpdk.org/listinfo/test-report>,
 <mailto:test-report-request@dpdk.org?subject=subscribe>
Errors-To: test-report-bounces@dpdk.org

Test-Label: iol-unit-amd64-testing
Test-Status: FAILURE
http://dpdk.org/patch/142654

_Testing issues_

Submitter: Stephen Hemminger <stephen@networkplumber.org>
Date: Tuesday, July 23 2024 02:44:12 
DPDK git baseline: Repo:dpdk
  Branch: master
  CommitID:82baecc069d9247c6890677d84481c1cdff84ecb

142652-142654 --> testing issues

Upstream job id: Generic-Unit-Test-DPDK#243330

Test environment and result as below:

+---------------------+----------------+
|     Environment     | dpdk_unit_test |
+=====================+================+
| CentOS Stream 8     | PASS           |
+---------------------+----------------+
| CentOS Stream 9     | PASS           |
+---------------------+----------------+
| Debian Bullseye     | PASS           |
+---------------------+----------------+
| Debian 12           | PASS           |
+---------------------+----------------+
| Fedora 37           | PASS           |
+---------------------+----------------+
| Fedora 38           | PASS           |
+---------------------+----------------+
| Fedora 38 (Clang)   | PASS           |
+---------------------+----------------+
| Fedora 39           | PASS           |
+---------------------+----------------+
| Fedora 39 (Clang)   | PASS           |
+---------------------+----------------+
| Windows Server 2019 | FAIL           |
+---------------------+----------------+
| Fedora 40 (Clang)   | PASS           |
+---------------------+----------------+
| Fedora 40           | PASS           |
+---------------------+----------------+
| Windows Server 2022 | FAIL           |
+---------------------+----------------+
| openSUSE Leap 15    | PASS           |
+---------------------+----------------+
| RHEL8               | PASS           |
+---------------------+----------------+
| RHEL9               | PASS           |
+---------------------+----------------+
| Ubuntu 20.04        | PASS           |
+---------------------+----------------+
| Ubuntu 24.04        | PASS           |
+---------------------+----------------+
| Ubuntu 22.04        | PASS           |
+---------------------+----------------+

==== Unit test summary for Windows Server 2022 (dpdk_unit_test): ====
Failed to get the unit test results.
Displaying the unit test results is not supported for some environments,
such as our aarch32 testing, where meson is not used to run the tests.
Download the logs available on our CI site.
==== End log output ====

CentOS Stream 8
	Kernel: 5.4.0-167-generic
	Compiler: gcc 8.5.0 20210514

CentOS Stream 9
	Kernel: 5.4.0-167-generic
	Compiler: gcc 11.4.1 20230605

Debian Bullseye
	Kernel: 5.4.0-167-generic
	Compiler: gcc 10.2.1-6

Debian 12
	Kernel: Container Host Kernel
	Compiler: gcc 12.2.0

Fedora 37
	Kernel: Depends on container host system
	Compiler: gcc 12.3.1

Fedora 38
	Kernel: Depends on container host
	Compiler: gcc 13.2.1

Fedora 38 (Clang)
	Kernel: Depends on container host
	Compiler: clang 16.0.6

Fedora 39
	Kernel: Depends on container host
	Compiler: gcc 13.2.1

Fedora 39 (Clang)
	Kernel: Depends on container host
	Compiler: clang 17.0.6

Windows Server 2019
	Kernel: 10.0.17763
	Compiler: clang 14.0 and gcc 8.1.0 (MinGW)

Fedora 40 (Clang)
	Kernel: Depends on container host
	Compiler: clang 18.1.6

Fedora 40
	Kernel: Depends on container host
	Compiler: gcc 14.1.1

Windows Server 2022
	Kernel: 10.0.20348.2031
	Compiler: clang 15.0.7, gcc 8.1.0 (MinGW), and MSVC VS 17.9

openSUSE Leap 15
	Kernel: 5.4.0-167-generic
	Compiler: gcc 7.5.0

RHEL8
	Kernel: 5.4.0-167-generic
	Compiler: gcc 8.5.0 20210514 (Red Hat 8.5.0-20)

RHEL9
	Kernel: Depends on container host
	Compiler: gcc 11.4.1

Ubuntu 20.04
	Kernel: 5.4.0-167-generic
	Compiler: gcc 9.4.0-1ubuntu1~20.04.1

Ubuntu 24.04
	Kernel: 5.4.0-167-generic
	Compiler: gcc 13.2.0

Ubuntu 22.04
	Kernel: 5.4.0-167-generic
	Compiler: gcc 11.4.0

To view detailed results, visit:
https://lab.dpdk.org/results/dashboard/patchsets/30585/

UNH-IOL DPDK Community Lab

To manage your email subscriptions, visit: 
https://lab.dpdk.org/results/dashboard/preferences/subscriptions/