From mboxrd@z Thu Jan  1 00:00:00 1970
Return-Path: <test-report-bounces@dpdk.org>
Received: from mails.dpdk.org (mails.dpdk.org [217.70.189.124])
	by inbox.dpdk.org (Postfix) with ESMTP id 3D7AE4569C
	for <public@inbox.dpdk.org>; Wed, 24 Jul 2024 12:33:37 +0200 (CEST)
Received: from mails.dpdk.org (localhost [127.0.0.1])
	by mails.dpdk.org (Postfix) with ESMTP id 808B743322;
	Wed, 24 Jul 2024 12:33:36 +0200 (CEST)
Received: from mail-oa1-f100.google.com (mail-oa1-f100.google.com
 [209.85.160.100])
 by mails.dpdk.org (Postfix) with ESMTP id 44BCC40E19
 for <test-report@dpdk.org>; Wed, 24 Jul 2024 12:18:37 +0200 (CEST)
Received: by mail-oa1-f100.google.com with SMTP id
 586e51a60fabf-2642cfb2f6aso2433153fac.2
 for <test-report@dpdk.org>; Wed, 24 Jul 2024 03:18:37 -0700 (PDT)
DKIM-Signature: v=1; a=rsa-sha256; c=relaxed/relaxed;
 d=iol.unh.edu; s=unh-iol; t=1721816316; x=1722421116; darn=dpdk.org;
 h=references:in-reply-to:cc:to:from:subject:message-id:date:from:to
 :cc:subject:date:message-id:reply-to;
 bh=AjQWPfBe8CyW9A3xS5RFoyrsbVsokO1cP4imK8Dg4bQ=;
 b=IsnkHYebUmvA4OPC3nq8tJZMAs9yvYjZlFT0+UmP5WDq5qilmRA+QsJCCawSt/cTXL
 bOxJA8opY7Q99iEQJ6s7X2OuDbX+9JwHN7qjHHmdtoi1GRwdgaal6SU1A93X/KGn91Qe
 93/PQgoH1vXcR5LIQ2smwzNm68+Tve4xJuIRc=
X-Google-DKIM-Signature: v=1; a=rsa-sha256; c=relaxed/relaxed;
 d=1e100.net; s=20230601; t=1721816316; x=1722421116;
 h=references:in-reply-to:cc:to:from:subject:message-id:date
 :x-gm-message-state:from:to:cc:subject:date:message-id:reply-to;
 bh=AjQWPfBe8CyW9A3xS5RFoyrsbVsokO1cP4imK8Dg4bQ=;
 b=a5d4F7jd8YlgWxrHeGPYEQlVQssnDavlm2XG1fIzFgqWU2ko0pZ9nRI8WI7D0Fx5yX
 PwfZFVp9Wab3ykop/ZRs6MGTtvaoU4s8c8sp7KUEKmJpQj5V5SlXpY2gtaS3hV4ViTtH
 97sBbQlSiixDgc28ExFdRBbBe38MqfLXHv5GvBJ1I877nUT7DxhiJ6doNNIz227NjdRq
 PyMg55+vjMJAmOHUz84opzOytVsIe4z5ANResca3aMOlLQCab1WZq2I9DerP1b8BWf/E
 J33X1k2DLPhGkYRIAWrmJ824rw5l5zlXFfo+lgAgyj+vn1IP7syPmg3by6VqguZUSYBg
 zS5g==
X-Gm-Message-State: AOJu0Yyd7JpDVhF/YLRi1fTD8/Qqs63dEjdmwXA03m5u/HYo2ltrxWQi
 G0ozTgIt83WgcS7rhArIjOzmombYMiUElu9Wa7V8WTKpQ2NKIrXZpFxP9GzqQNNIKezHB8NBMzD
 UYexXRvlAIpR6+mJmzTO0tilyuspHArbOQfEVZaT3
X-Google-Smtp-Source: AGHT+IGV1avzk78ajwG7vVndyE9ll5ZxeMWGLe3z/8QLea+Ei7Qgc2xHGwnPSyQB5+UYTF7EzowIP/BDwYoC
X-Received: by 2002:a05:6871:824:b0:25e:14e9:10c9 with SMTP id
 586e51a60fabf-261213255e1mr13657063fac.6.1721816316488; 
 Wed, 24 Jul 2024 03:18:36 -0700 (PDT)
Received: from postal.iol.unh.edu (postal.iol.unh.edu. [132.177.123.84])
 by smtp-relay.gmail.com with ESMTPS id
 d2e1a72fcca58-70e913624d2sm139516b3a.23.2024.07.24.03.18.36
 (version=TLS1_2 cipher=ECDHE-ECDSA-AES128-GCM-SHA256 bits=128/128);
 Wed, 24 Jul 2024 03:18:36 -0700 (PDT)
X-Relaying-Domain: iol.unh.edu
Date: Wed, 24 Jul 2024 03:18:36 -0700 (PDT)
Message-ID: <66a0d4fc.050a0220.23c6a4.86d4SMTPIN_ADDED_MISSING@mx.google.com>
Received: from [172.17.0.5] (unknown [172.18.0.217])
 by postal.iol.unh.edu (Postfix) with ESMTP id 952EC6052500;
 Wed, 24 Jul 2024 06:18:35 -0400 (EDT)
Subject: |FAILURE| pw142675 [PATCH] net/gve: Fix TX/RX queue setup and stop f
From: dpdklab@iol.unh.edu
To: Test Report <test-report@dpdk.org>
Cc: dpdk-test-reports@iol.unh.edu,
 Tathagat Priyadarshi <tathagat.dpdk@gmail.com>
In-Reply-To: <1721800736-2392953-1-git-send-email-tathagat.dpdk@gmail.com>
References: <1721800736-2392953-1-git-send-email-tathagat.dpdk@gmail.com>
Content-Type: text/plain
X-BeenThere: test-report@dpdk.org
X-Mailman-Version: 2.1.29
Precedence: list
List-Id: automatic DPDK test reports <test-report.dpdk.org>
List-Unsubscribe: <https://mails.dpdk.org/options/test-report>,
 <mailto:test-report-request@dpdk.org?subject=unsubscribe>
List-Archive: <http://mails.dpdk.org/archives/test-report/>
List-Post: <mailto:test-report@dpdk.org>
List-Help: <mailto:test-report-request@dpdk.org?subject=help>
List-Subscribe: <https://mails.dpdk.org/listinfo/test-report>,
 <mailto:test-report-request@dpdk.org?subject=subscribe>
Errors-To: test-report-bounces@dpdk.org

Test-Label: iol-compile-amd64-testing
Test-Status: FAILURE
http://dpdk.org/patch/142675

_Testing issues_

Submitter: Tathagat Priyadarshi <tathagat.dpdk@gmail.com>
Date: Wednesday, July 24 2024 05:58:56 
DPDK git baseline: Repo:dpdk
  Branch: master
  CommitID:9cad88310860ad99f9133af39f9cf98e524de9ac

142675 --> testing issues

Upstream job id: Windows-Compile-DPDK-Mingw64#20978

Test environment and result as below:

+---------------------+--------------------+------------------+-------------------+----------------------+-------------------+
|     Environment     | dpdk_meson_compile | dpdk_compile_ovs | dpdk_compile_spdk | dpdk_mingw64_compile | dpdk_msvc_compile |
+=====================+====================+==================+===================+======================+===================+
| CentOS Stream 8     | FAIL               | WARN             | WARN              | SKIPPED              | SKIPPED           |
+---------------------+--------------------+------------------+-------------------+----------------------+-------------------+
| CentOS Stream 9     | FAIL               | WARN             | WARN              | SKIPPED              | SKIPPED           |
+---------------------+--------------------+------------------+-------------------+----------------------+-------------------+
| Debian Bullseye     | FAIL               | WARN             | WARN              | SKIPPED              | SKIPPED           |
+---------------------+--------------------+------------------+-------------------+----------------------+-------------------+
| Fedora 37           | FAIL               | WARN             | WARN              | SKIPPED              | SKIPPED           |
+---------------------+--------------------+------------------+-------------------+----------------------+-------------------+
| Debian 12           | FAIL               | WARN             | WARN              | SKIPPED              | SKIPPED           |
+---------------------+--------------------+------------------+-------------------+----------------------+-------------------+
| Fedora 38 (Clang)   | PEND               | PEND             | PEND              | SKIPPED              | SKIPPED           |
+---------------------+--------------------+------------------+-------------------+----------------------+-------------------+
| Fedora 38           | PEND               | PEND             | PEND              | SKIPPED              | SKIPPED           |
+---------------------+--------------------+------------------+-------------------+----------------------+-------------------+
| Fedora 39 (Clang)   | PEND               | PEND             | PEND              | SKIPPED              | SKIPPED           |
+---------------------+--------------------+------------------+-------------------+----------------------+-------------------+
| Fedora 39           | FAIL               | WARN             | WARN              | SKIPPED              | SKIPPED           |
+---------------------+--------------------+------------------+-------------------+----------------------+-------------------+
| Fedora 40 (Clang)   | PEND               | PEND             | PEND              | SKIPPED              | SKIPPED           |
+---------------------+--------------------+------------------+-------------------+----------------------+-------------------+
| Fedora 40           | FAIL               | WARN             | WARN              | SKIPPED              | SKIPPED           |
+---------------------+--------------------+------------------+-------------------+----------------------+-------------------+
| openSUSE Leap 15    | FAIL               | WARN             | SKIPPED           | SKIPPED              | SKIPPED           |
+---------------------+--------------------+------------------+-------------------+----------------------+-------------------+
| RHEL8               | PEND               | PEND             | SKIPPED           | SKIPPED              | SKIPPED           |
+---------------------+--------------------+------------------+-------------------+----------------------+-------------------+
| RHEL9               | FAIL               | WARN             | SKIPPED           | SKIPPED              | SKIPPED           |
+---------------------+--------------------+------------------+-------------------+----------------------+-------------------+
| Ubuntu 20.04        | FAIL               | PEND             | SKIPPED           | SKIPPED              | SKIPPED           |
+---------------------+--------------------+------------------+-------------------+----------------------+-------------------+
| Ubuntu 22.04        | PEND               | PEND             | PEND              | SKIPPED              | SKIPPED           |
+---------------------+--------------------+------------------+-------------------+----------------------+-------------------+
| Ubuntu 24.04        | PEND               | PEND             | PEND              | SKIPPED              | SKIPPED           |
+---------------------+--------------------+------------------+-------------------+----------------------+-------------------+
| Windows Server 2019 | PASS               | SKIPPED          | SKIPPED           | PASS                 | SKIPPED           |
+---------------------+--------------------+------------------+-------------------+----------------------+-------------------+
| Windows Server 2022 | PASS               | SKIPPED          | SKIPPED           | PASS                 | PASS              |
+---------------------+--------------------+------------------+-------------------+----------------------+-------------------+
| Alpine              | PEND               | PEND             | SKIPPED           | SKIPPED              | SKIPPED           |
+---------------------+--------------------+------------------+-------------------+----------------------+-------------------+
| FreeBSD 13.3        | PASS               | SKIPPED          | SKIPPED           | SKIPPED              | SKIPPED           |
+---------------------+--------------------+------------------+-------------------+----------------------+-------------------+
| FreeBSD 14.1        | PEND               | SKIPPED          | SKIPPED           | SKIPPED              | SKIPPED           |
+---------------------+--------------------+------------------+-------------------+----------------------+-------------------+

==== 20 line log output for Ubuntu 20.04 (dpdk_meson_compile): ====
[1493/2967] Linking static target drivers/librte_net_fm10k.a.
[1494/2967] Compiling C object 'drivers/a715181@@rte_net_fm10k@sha/meson-generated_.._rte_net_fm10k.pmd.c.o'.
[1495/2967] Linking target drivers/librte_net_fm10k.so.24.2.
[1496/2967] Compiling C object 'drivers/a715181@@tmp_rte_net_gve@sta/net_gve_base_gve_adminq.c.o'.
[1497/2967] Compiling C object 'drivers/a715181@@tmp_rte_net_gve@sta/net_gve_gve_rx.c.o'.
[1498/2967] Compiling C object 'drivers/a715181@@tmp_rte_net_gve@sta/net_gve_gve_tx.c.o'.
[1499/2967] Compiling C object 'drivers/a715181@@tmp_rte_net_gve@sta/net_gve_gve_rx_dqo.c.o'.
[1500/2967] Compiling C object 'drivers/a715181@@tmp_rte_net_gve@sta/net_gve_gve_tx_dqo.c.o'.
[1501/2967] Compiling C object 'drivers/a715181@@tmp_rte_net_gve@sta/net_gve_gve_ethdev.c.o'.
FAILED: drivers/a715181@@tmp_rte_net_gve@sta/net_gve_gve_ethdev.c.o
ccache cc -Idrivers/a715181@@tmp_rte_net_gve@sta -Idrivers -I../drivers -Idrivers/net/gve -I../drivers/net/gve -I../drivers/net/gve/base -Ilib/ethdev -I../lib/ethdev -I. -I../ -Iconfig -I../config -Ilib/eal/include -I../lib/eal/include -Ilib/eal/linux/include -I../lib/eal/linux/include -Ilib/eal/x86/include -I../lib/eal/x86/include -Ilib/eal/common -I../lib/eal/common -Ilib/eal -I../lib/eal -Ilib/kvargs -I../lib/kvargs -Ilib/log -I../lib/log -Ilib/telemetry/../metrics -I../lib/telemetry/../metrics -Ilib/telemetry -I../lib/telemetry -Ilib/net -I../lib/net -Ilib/mbuf -I../lib/mbuf -Ilib/mempool -I../lib/mempool -Ilib/ring -I../lib/ring -Ilib/meter -I../lib/meter -Idrivers/bus/pci -I../drivers/bus/pci -I../drivers/bus/pci/linux -Ilib/pci -I../lib/pci -Idrivers/bus/vdev -I../drivers/bus/vdev -fdiagnostics-color=always -pipe -D_FILE_OFFSET_BITS=64 -Wall -Winvalid-pch -Wextra -Werror -std=c11 -O3 -include rte_config.h -Wcast-qual -Wdeprecated -Wformat -Wformat-nonliteral -Wformat-security 
 -Wmissing-declarations -Wmissing-prototypes -Wnested-externs -Wold-style-definition -Wpointer-arith -Wsign-compare -Wstrict-prototypes -Wundef -Wwrite-strings -Wno-address-of-packed-member -Wno-packed-not-aligned -Wno-missing-field-initializers -D_GNU_SOURCE -fPIC -march=native -mrtm -DALLOW_EXPERIMENTAL_API -DALLOW_INTERNAL_API -Wno-format-truncation -DRTE_LOG_DEFAULT_LOGTYPE=pmd.net.gve -MD -MQ 'drivers/a715181@@tmp_rte_net_gve@sta/net_gve_gve_ethdev.c.o' -MF 'drivers/a715181@@tmp_rte_net_gve@sta/net_gve_gve_ethdev.c.o.d' -o 'drivers/a715181@@tmp_rte_net_gve@sta/net_gve_gve_ethdev.c.o' -c ../drivers/net/gve/gve_ethdev.c
../drivers/net/gve/gve_ethdev.c: In function 'gve_start_queues':
../drivers/net/gve/gve_ethdev.c:291:2: error: this 'for' clause does not guard... [-Werror=misleading-indentation]
291 |  for (i = 0; i < num_queues; i++)
|  ^~~
../drivers/net/gve/gve_ethdev.c:296:3: note: ...this statement, but the latter is misleadingly indented as if it were guarded by the 'for'
296 |   if (ret != 0) {
|   ^~
cc1: all warnings being treated as errors
ninja: build stopped: subcommand failed.
==== End log output ====

CentOS Stream 8
	Kernel: 5.4.0-167-generic
	Compiler: gcc 8.5.0 20210514

CentOS Stream 9
	Kernel: 5.4.0-167-generic
	Compiler: gcc 11.4.1 20230605

Debian Bullseye
	Kernel: 5.4.0-167-generic
	Compiler: gcc 10.2.1-6

Fedora 37
	Kernel: Depends on container host system
	Compiler: gcc 12.3.1

Debian 12
	Kernel: Container Host Kernel
	Compiler: gcc 12.2.0

Fedora 38 (Clang)
	Kernel: Depends on container host
	Compiler: clang 16.0.6

Fedora 38
	Kernel: Depends on container host
	Compiler: gcc 13.2.1

Fedora 39 (Clang)
	Kernel: Depends on container host
	Compiler: clang 17.0.6

Fedora 39
	Kernel: Depends on container host
	Compiler: gcc 13.2.1

Fedora 40 (Clang)
	Kernel: Depends on container host
	Compiler: clang 18.1.6

Fedora 40
	Kernel: Depends on container host
	Compiler: gcc 14.1.1

openSUSE Leap 15
	Kernel: 5.4.0-167-generic
	Compiler: gcc 7.5.0

RHEL8
	Kernel: 5.4.0-167-generic
	Compiler: gcc 8.5.0 20210514 (Red Hat 8.5.0-20)

RHEL9
	Kernel: Depends on container host
	Compiler: gcc 11.4.1

Ubuntu 20.04
	Kernel: 5.4.0-167-generic
	Compiler: gcc 9.4.0-1ubuntu1~20.04.1

Ubuntu 22.04
	Kernel: 5.4.0-167-generic
	Compiler: gcc 11.4.0

Ubuntu 24.04
	Kernel: 5.4.0-167-generic
	Compiler: gcc 13.2.0

Windows Server 2019
	Kernel: 10.0.17763
	Compiler: clang 14.0 and gcc 8.1.0 (MinGW)

Windows Server 2022
	Kernel: 10.0.20348.2031
	Compiler: clang 15.0.7, gcc 8.1.0 (MinGW), and MSVC VS 17.9

Alpine
	Kernel: 5.4.0-167-generic
	Compiler: gcc (Alpine 13.2.1_git20231014) 13.2.1 20231014

FreeBSD 13.3
	Kernel: 13.3-RELEASE-p1
	Compiler: clang 17.0.6

FreeBSD 14.1
	Kernel: 14.1
	Compiler: clang 18.1.5

To view detailed results, visit:
https://lab.dpdk.org/results/dashboard/patchsets/30601/

UNH-IOL DPDK Community Lab

To manage your email subscriptions, visit: 
https://lab.dpdk.org/results/dashboard/preferences/subscriptions/