From mboxrd@z Thu Jan  1 00:00:00 1970
Return-Path: <test-report-bounces@dpdk.org>
Received: from mails.dpdk.org (mails.dpdk.org [217.70.189.124])
	by inbox.dpdk.org (Postfix) with ESMTP id AC0B54569C
	for <public@inbox.dpdk.org>; Wed, 24 Jul 2024 13:03:37 +0200 (CEST)
Received: from mails.dpdk.org (localhost [127.0.0.1])
	by mails.dpdk.org (Postfix) with ESMTP id 257B742F41;
	Wed, 24 Jul 2024 13:03:37 +0200 (CEST)
Received: from mail-qv1-f100.google.com (mail-qv1-f100.google.com
 [209.85.219.100])
 by mails.dpdk.org (Postfix) with ESMTP id C5804410E7
 for <test-report@dpdk.org>; Wed, 24 Jul 2024 12:36:44 +0200 (CEST)
Received: by mail-qv1-f100.google.com with SMTP id
 6a1803df08f44-6b79293a858so36031476d6.3
 for <test-report@dpdk.org>; Wed, 24 Jul 2024 03:36:44 -0700 (PDT)
DKIM-Signature: v=1; a=rsa-sha256; c=relaxed/relaxed;
 d=iol.unh.edu; s=unh-iol; t=1721817404; x=1722422204; darn=dpdk.org;
 h=references:in-reply-to:cc:to:from:subject:message-id:date:from:to
 :cc:subject:date:message-id:reply-to;
 bh=hchpXeS2vAwClSXkCizhxiHdI1kbL54ZFigt1cccPhk=;
 b=AsGxSjRqJx+CV8b0DzmbP9uw+ceBJn2StIIqGxxRVroauRIWqySqNRqO8w7SHCdHdM
 ib4L9reJBKYunfDTNOPoLjB36McauLcnf5ECt5bXHm67JUtyrfdNSC9rNdGpbAkKrpXs
 I8AtNsZDbIR3fx0Ukyc8au4+0D37pYVyfEcCQ=
X-Google-DKIM-Signature: v=1; a=rsa-sha256; c=relaxed/relaxed;
 d=1e100.net; s=20230601; t=1721817404; x=1722422204;
 h=references:in-reply-to:cc:to:from:subject:message-id:date
 :x-gm-message-state:from:to:cc:subject:date:message-id:reply-to;
 bh=hchpXeS2vAwClSXkCizhxiHdI1kbL54ZFigt1cccPhk=;
 b=rYBJDYaQCHdSTcI28gAgtr6qaHGkxoovg92n85GmMHarZhc9kvV2pHGnmRbevt99j4
 oonhWBcG5RAUx+Gu/Zpv68eRedN/eDE8jgkikaGyalvMkP3WS47UzYYkN/71YdV7KhOS
 Jhh+fLrMisA48q9kyTcQECJCy67zG8nJ0HfF59LqMXaKLdzMpAAV1vBfjqaRVyO6H443
 h11wLhZjfbWv+sn+RNfXDUGWGvsGmOqpOlwLpYmxtAN66MOG5nxZIpVpOR2sfQ1ZB0Pr
 MVupLioNweR7TMvM6abOHA0U12hkZcRfc68xa5TMIJzPUnGCeEMfy/otlw9f19pFj16a
 7Adw==
X-Gm-Message-State: AOJu0YxB1rOEhbEf6DOrAnMCrfEqz7+JsrFfe/okYAdaGR7u4FYieiGX
 yBPrRkU6oRIbZx+fh07FUM6ddKRO/kHNpTJM2JMLuH0yixZWuyZECByHeHtscKYwoisfJmGPkes
 49/Io5XKK8QrL6HkW0mt7ZqDNXYof8jcLiffZ7nYw
X-Google-Smtp-Source: AGHT+IH2fCmJctAaeyN/93EJwHNUk0Jf0/SqtceISHDDsrhlVv1In0mVzPorWYegZ4GQ/5X0NmdJwoDcbKut
X-Received: by 2002:ad4:574b:0:b0:6b9:5fb9:113f with SMTP id
 6a1803df08f44-6b9907483famr16309926d6.27.1721817404161; 
 Wed, 24 Jul 2024 03:36:44 -0700 (PDT)
Received: from postal.iol.unh.edu (postal.iol.unh.edu. [132.177.123.84])
 by smtp-relay.gmail.com with ESMTPS id
 6a1803df08f44-6b7ac788eb2sm5845596d6.6.2024.07.24.03.36.44
 (version=TLS1_2 cipher=ECDHE-ECDSA-AES128-GCM-SHA256 bits=128/128);
 Wed, 24 Jul 2024 03:36:44 -0700 (PDT)
X-Relaying-Domain: iol.unh.edu
Date: Wed, 24 Jul 2024 03:36:44 -0700 (PDT)
Message-ID: <66a0d93c.050a0220.779c8.1c87SMTPIN_ADDED_MISSING@mx.google.com>
Received: from [172.17.0.2] (unknown [172.18.0.217])
 by postal.iol.unh.edu (Postfix) with ESMTP id D8CCA6052500;
 Wed, 24 Jul 2024 06:36:43 -0400 (EDT)
Subject: |FAILURE| pw142675 [PATCH] net/gve: Fix TX/RX queue setup and stop f
From: dpdklab@iol.unh.edu
To: Test Report <test-report@dpdk.org>
Cc: dpdk-test-reports@iol.unh.edu,
 Tathagat Priyadarshi <tathagat.dpdk@gmail.com>
In-Reply-To: <1721800736-2392953-1-git-send-email-tathagat.dpdk@gmail.com>
References: <1721800736-2392953-1-git-send-email-tathagat.dpdk@gmail.com>
Content-Type: text/plain
X-BeenThere: test-report@dpdk.org
X-Mailman-Version: 2.1.29
Precedence: list
List-Id: automatic DPDK test reports <test-report.dpdk.org>
List-Unsubscribe: <https://mails.dpdk.org/options/test-report>,
 <mailto:test-report-request@dpdk.org?subject=unsubscribe>
List-Archive: <http://mails.dpdk.org/archives/test-report/>
List-Post: <mailto:test-report@dpdk.org>
List-Help: <mailto:test-report-request@dpdk.org?subject=help>
List-Subscribe: <https://mails.dpdk.org/listinfo/test-report>,
 <mailto:test-report-request@dpdk.org?subject=subscribe>
Errors-To: test-report-bounces@dpdk.org

Test-Label: iol-compile-arm64-testing
Test-Status: FAILURE
http://dpdk.org/patch/142675

_Testing issues_

Submitter: Tathagat Priyadarshi <tathagat.dpdk@gmail.com>
Date: Wednesday, July 24 2024 05:58:56 
DPDK git baseline: Repo:dpdk
  Branch: master
  CommitID:9cad88310860ad99f9133af39f9cf98e524de9ac

142675 --> testing issues

Upstream job id: Generic-DPDK-Compile-Meson#278993

Test environment and result as below:

+----------------------------------------+--------------------+
|              Environment               | dpdk_meson_compile |
+========================================+====================+
| RHEL9 (ARM)                            | FAIL               |
+----------------------------------------+--------------------+
| Ubuntu 20.04 ARM GCC Cross Compile     | FAIL               |
+----------------------------------------+--------------------+
| Debian 12 with MUSDK                   | PASS               |
+----------------------------------------+--------------------+
| Ubuntu 20.04 ARM SVE                   | PASS               |
+----------------------------------------+--------------------+
| Fedora 37 (ARM)                        | FAIL               |
+----------------------------------------+--------------------+
| Fedora 38 (ARM Clang)                  | PEND               |
+----------------------------------------+--------------------+
| Fedora 38 (ARM)                        | FAIL               |
+----------------------------------------+--------------------+
| Fedora 39 (ARM)                        | FAIL               |
+----------------------------------------+--------------------+
| Fedora 39 (ARM Clang)                  | PEND               |
+----------------------------------------+--------------------+
| Fedora 40 (ARM Clang)                  | PEND               |
+----------------------------------------+--------------------+
| Fedora 40 (ARM)                        | FAIL               |
+----------------------------------------+--------------------+
| Ubuntu 20.04 (ARM)                     | FAIL               |
+----------------------------------------+--------------------+
| Ubuntu 22.04 (ARM)                     | FAIL               |
+----------------------------------------+--------------------+
| Ubuntu 24.04 (ARM)                     | FAIL               |
+----------------------------------------+--------------------+
| CentOS Stream 9 (ARM)                  | FAIL               |
+----------------------------------------+--------------------+
| Debian 11 (Buster) (ARM)               | FAIL               |
+----------------------------------------+--------------------+
| Debian 12 (arm)                        | FAIL               |
+----------------------------------------+--------------------+
| Ubuntu 20.04 ARM Clang Cross Compile   | PEND               |
+----------------------------------------+--------------------+
| Ubuntu 20.04 aarch32 GCC Cross Compile | FAIL               |
+----------------------------------------+--------------------+

==== 20 line log output for Ubuntu 20.04 aarch32 GCC Cross Compile (dpdk_meson_compile): ====
[1155/2289] Generating rte_net_fm10k.pmd.c with a custom command.
[1156/2289] Compiling C object 'drivers/a715181@@rte_net_fm10k@sha/meson-generated_.._rte_net_fm10k.pmd.c.o'.
[1157/2289] Compiling C object 'drivers/a715181@@rte_net_fm10k@sta/meson-generated_.._rte_net_fm10k.pmd.c.o'.
[1158/2289] Linking static target drivers/librte_net_fm10k.a.
[1159/2289] Linking target drivers/librte_net_fm10k.so.24.2.
[1160/2289] Compiling C object 'drivers/a715181@@tmp_rte_net_gve@sta/net_gve_base_gve_adminq.c.o'.
[1161/2289] Compiling C object 'drivers/a715181@@tmp_rte_net_gve@sta/net_gve_gve_rx.c.o'.
[1162/2289] Compiling C object 'drivers/a715181@@tmp_rte_net_gve@sta/net_gve_gve_tx.c.o'.
[1163/2289] Compiling C object 'drivers/a715181@@tmp_rte_net_gve@sta/net_gve_gve_ethdev.c.o'.
FAILED: drivers/a715181@@tmp_rte_net_gve@sta/net_gve_gve_ethdev.c.o
ccache arm-linux-gnueabihf-gcc -Idrivers/a715181@@tmp_rte_net_gve@sta -Idrivers -I../drivers -Idrivers/net/gve -I../drivers/net/gve -I../drivers/net/gve/base -Ilib/ethdev -I../lib/ethdev -I. -I../ -Iconfig -I../config -Ilib/eal/include -I../lib/eal/include -Ilib/eal/linux/include -I../lib/eal/linux/include -Ilib/eal/arm/include -I../lib/eal/arm/include -Ilib/eal/common -I../lib/eal/common -Ilib/eal -I../lib/eal -Ilib/kvargs -I../lib/kvargs -Ilib/log -I../lib/log -Ilib/telemetry/../metrics -I../lib/telemetry/../metrics -Ilib/telemetry -I../lib/telemetry -Ilib/net -I../lib/net -Ilib/mbuf -I../lib/mbuf -Ilib/mempool -I../lib/mempool -Ilib/ring -I../lib/ring -Ilib/meter -I../lib/meter -Idrivers/bus/pci -I../drivers/bus/pci -I../drivers/bus/pci/linux -Ilib/pci -I../lib/pci -Idrivers/bus/vdev -I../drivers/bus/vdev -fdiagnostics-color=always -pipe -D_FILE_OFFSET_BITS=64 -Wall -Winvalid-pch -Wextra -Werror -std=c11 -O3 -include rte_config.h -Wcast-qual -Wdeprecated -Wformat -Wformat-nonliter
 al -Wformat-security -Wmissing-declarations -Wmissing-prototypes -Wnested-externs -Wold-style-definition -Wpointer-arith -Wsign-compare -Wstrict-prototypes -Wundef -Wwrite-strings -Wno-address-of-packed-member -Wno-packed-not-aligned -Wno-missing-field-initializers -Wno-pointer-to-int-cast -D_GNU_SOURCE -fPIC -march=armv8-a+simd -mfpu=auto -DALLOW_EXPERIMENTAL_API -DALLOW_INTERNAL_API -Wno-format-truncation -DRTE_LOG_DEFAULT_LOGTYPE=pmd.net.gve -MD -MQ 'drivers/a715181@@tmp_rte_net_gve@sta/net_gve_gve_ethdev.c.o' -MF 'drivers/a715181@@tmp_rte_net_gve@sta/net_gve_gve_ethdev.c.o.d' -o 'drivers/a715181@@tmp_rte_net_gve@sta/net_gve_gve_ethdev.c.o' -c ../drivers/net/gve/gve_ethdev.c
../drivers/net/gve/gve_ethdev.c: In function 'gve_start_queues':
../drivers/net/gve/gve_ethdev.c:291:2: error: this 'for' clause does not guard... [-Werror=misleading-indentation]
291 |  for (i = 0; i < num_queues; i++)
|  ^~~
../drivers/net/gve/gve_ethdev.c:296:3: note: ...this statement, but the latter is misleadingly indented as if it were guarded by the 'for'
296 |   if (ret != 0) {
|   ^~
cc1: all warnings being treated as errors
ninja: build stopped: subcommand failed.
==== End log output ====

RHEL9 (ARM)
	Kernel: Depends on container host
	Compiler: gcc 11.4.1

Ubuntu 20.04 ARM GCC Cross Compile
	Kernel: 5.4.0-167-generic
	Compiler: aarch64-linux-gnu-gcc (Ubuntu 9.4.0-1ubuntu1~20.04.2) 9.4.0

Debian 12 with MUSDK
	Kernel: Container Host Kernel
	Compiler: gcc 12.2.0

Ubuntu 20.04 ARM SVE
	Kernel: 5.4.0-167-generic
	Compiler: gcc (Ubuntu 10.5.0-1ubuntu1~20.04) 10.5.0

Fedora 37 (ARM)
	Kernel: Depends on container host
	Compiler: gcc 12.3.1

Fedora 38 (ARM Clang)
	Kernel: Depends on container host
	Compiler: clang 16.0.6

Fedora 38 (ARM)
	Kernel: Depends on container host
	Compiler: gcc 13.2.1

Fedora 39 (ARM)
	Kernel: Depends on container host
	Compiler: gcc 13.2.1

Fedora 39 (ARM Clang)
	Kernel: Depends on container host
	Compiler: clang 17.0.6

Fedora 40 (ARM Clang)
	Kernel: Depends on container host
	Compiler: clang 18.1.6

Fedora 40 (ARM)
	Kernel: Depends on container host
	Compiler: gcc 14.1.1

Ubuntu 20.04 (ARM)
	Kernel: Container Host Kernel
	Compiler: gcc 9.4.0

Ubuntu 22.04 (ARM)
	Kernel: Container Host Kernel
	Compiler: gcc 11.4.0

Ubuntu 24.04 (ARM)
	Kernel: 5.4.0-167-generic
	Compiler: gcc 13.2.0

CentOS Stream 9 (ARM)
	Kernel: Container Host Kernel
	Compiler: gcc 11.4.1

Debian 11 (Buster) (ARM)
	Kernel: Container Host Kernel
	Compiler: gcc 10.2.1

Debian 12 (arm)
	Kernel: Container Host Kernel
	Compiler: gcc 12.2.0

Ubuntu 20.04 ARM Clang Cross Compile
	Kernel: 5.4.0-72-generic
	Compiler: clang 10.0.0-4ubuntu1

Ubuntu 20.04 aarch32 GCC Cross Compile
	Kernel: 5.4.0-167-generic
	Compiler: gcc 9.4.0

To view detailed results, visit:
https://lab.dpdk.org/results/dashboard/patchsets/30601/

UNH-IOL DPDK Community Lab

To manage your email subscriptions, visit: 
https://lab.dpdk.org/results/dashboard/preferences/subscriptions/