From mboxrd@z Thu Jan  1 00:00:00 1970
Return-Path: <test-report-bounces@dpdk.org>
Received: from mails.dpdk.org (mails.dpdk.org [217.70.189.124])
	by inbox.dpdk.org (Postfix) with ESMTP id F02874569C
	for <public@inbox.dpdk.org>; Wed, 24 Jul 2024 13:03:43 +0200 (CEST)
Received: from mails.dpdk.org (localhost [127.0.0.1])
	by mails.dpdk.org (Postfix) with ESMTP id B81DC4324F;
	Wed, 24 Jul 2024 13:03:40 +0200 (CEST)
Received: from mail-pl1-f226.google.com (mail-pl1-f226.google.com
 [209.85.214.226])
 by mails.dpdk.org (Postfix) with ESMTP id 2AE96410E7
 for <test-report@dpdk.org>; Wed, 24 Jul 2024 13:00:05 +0200 (CEST)
Received: by mail-pl1-f226.google.com with SMTP id
 d9443c01a7336-1fc66fc35f2so5812815ad.0
 for <test-report@dpdk.org>; Wed, 24 Jul 2024 04:00:05 -0700 (PDT)
DKIM-Signature: v=1; a=rsa-sha256; c=relaxed/relaxed;
 d=iol.unh.edu; s=unh-iol; t=1721818804; x=1722423604; darn=dpdk.org;
 h=references:in-reply-to:cc:to:from:subject:message-id:date:from:to
 :cc:subject:date:message-id:reply-to;
 bh=dDCT0RGqR50bEATHiFIQ0/MChXNhGoXhO5NwegyERhA=;
 b=Zu+qMDonA+X81wE/l8iIedytOdu4Yv3VLBTnINJcE0eXXNylp4mUTW6lIm60ZkYUfu
 4FmZp64KkIJ4Yt7TZJhlamLQWGq1cRltK8LXY/1nD+1qoPvylb7FqkrTw6Ffb4yGDKqd
 dSLBu21zm5FAHgXoLABlHg7DqAE6mbiGjqSzo=
X-Google-DKIM-Signature: v=1; a=rsa-sha256; c=relaxed/relaxed;
 d=1e100.net; s=20230601; t=1721818804; x=1722423604;
 h=references:in-reply-to:cc:to:from:subject:message-id:date
 :x-gm-message-state:from:to:cc:subject:date:message-id:reply-to;
 bh=dDCT0RGqR50bEATHiFIQ0/MChXNhGoXhO5NwegyERhA=;
 b=riLiCT5SZOqKDshoESNVzdfLc7EHoherI7gRVaTMyaozkKOsI89+22fF1M6qdOFx+d
 EnI4FahBozlXceU1THP7eX6XhoMdESaPRHgTv9QXSsa6EUW7miMZhdptLh7xRl4dfx2y
 ECngln3Tqr5J4cG+UOd9vTdMpWP2+8K+p2RRXdVDZB27R4fTA29xE4xhI0xtv1K/igxA
 lRwawGMd15eX9Nc4BijzXP2qo7rSMHzyVp1XuZZ3bxKZhWrw8dEpVEREWvenySx0nAtG
 A1j90T3rhoylMTdptMqp4oHEZpJj2CUN8ZacmcJ+oTXiZS1Soo4JKhp+SaC3OjvquN/O
 JGtQ==
X-Gm-Message-State: AOJu0Yw8zppbYulEEoyKskaKT2skwcuw5Ov4YYqjE8TZ+VcSZpt20H08
 NhkF8FQMy0QclzKD8vIvPQuWk+zHg/DEmVwV9dNaHZNpkmxacDuA8NNygxixPt/0ZUuGNbyDjGP
 UOlQ1VQ1/jrrXw4f17f81DW6o1T4hVTWxj9+jHoeIseO+D+6gbLLbSTFq
X-Google-Smtp-Source: AGHT+IGyAg5yuF7o4FsbehawngfXScyOLnbt8Z2Jhf5/MHfLU9/WYsc1x+V1fu9WjJCYvDoRZIKsRqAl+bcI
X-Received: by 2002:a17:903:189:b0:1fd:71cd:4431 with SMTP id
 d9443c01a7336-1fdd6e7a904mr21980575ad.24.1721818803705; 
 Wed, 24 Jul 2024 04:00:03 -0700 (PDT)
Received: from postal.iol.unh.edu (postal.iol.unh.edu.
 [2606:4100:3880:1234::84]) by smtp-relay.gmail.com with ESMTPS id
 d9443c01a7336-1fd6f25fdc9sm4039525ad.52.2024.07.24.04.00.03
 (version=TLS1_2 cipher=ECDHE-ECDSA-AES128-GCM-SHA256 bits=128/128);
 Wed, 24 Jul 2024 04:00:03 -0700 (PDT)
X-Relaying-Domain: iol.unh.edu
Date: Wed, 24 Jul 2024 04:00:03 -0700 (PDT)
Message-ID: <66a0deb3.170a0220.8d583.5a0eSMTPIN_ADDED_MISSING@mx.google.com>
Received: from [172.17.0.2] (unknown [172.18.0.217])
 by postal.iol.unh.edu (Postfix) with ESMTP id E21B46052500;
 Wed, 24 Jul 2024 07:00:02 -0400 (EDT)
Subject: |FAILURE| pw142675 [PATCH] net/gve: Fix TX/RX queue setup and stop f
From: dpdklab@iol.unh.edu
To: Test Report <test-report@dpdk.org>
Cc: dpdk-test-reports@iol.unh.edu,
 Tathagat Priyadarshi <tathagat.dpdk@gmail.com>
In-Reply-To: <1721800736-2392953-1-git-send-email-tathagat.dpdk@gmail.com>
References: <1721800736-2392953-1-git-send-email-tathagat.dpdk@gmail.com>
Content-Type: text/plain
X-BeenThere: test-report@dpdk.org
X-Mailman-Version: 2.1.29
Precedence: list
List-Id: automatic DPDK test reports <test-report.dpdk.org>
List-Unsubscribe: <https://mails.dpdk.org/options/test-report>,
 <mailto:test-report-request@dpdk.org?subject=unsubscribe>
List-Archive: <http://mails.dpdk.org/archives/test-report/>
List-Post: <mailto:test-report@dpdk.org>
List-Help: <mailto:test-report-request@dpdk.org?subject=help>
List-Subscribe: <https://mails.dpdk.org/listinfo/test-report>,
 <mailto:test-report-request@dpdk.org?subject=subscribe>
Errors-To: test-report-bounces@dpdk.org

Test-Label: iol-unit-arm64-testing
Test-Status: FAILURE
http://dpdk.org/patch/142675

_Testing issues_

Submitter: Tathagat Priyadarshi <tathagat.dpdk@gmail.com>
Date: Wednesday, July 24 2024 05:58:56 
DPDK git baseline: Repo:dpdk
  Branch: master
  CommitID:9cad88310860ad99f9133af39f9cf98e524de9ac

142675 --> testing issues

Upstream job id: Generic-Unit-Test-DPDK#243999

Test environment and result as below:

+-----------------------------+----------------+--------------+---------------------------+------------------------------+
|         Environment         | dpdk_unit_test | lpm_autotest | cryptodev_sw_zuc_autotest | cryptodev_sw_snow3g_autotest |
+=============================+================+==============+===========================+==============================+
| CentOS Stream 9 (ARM)       | WARN           | SKIPPED      | SKIPPED                   | SKIPPED                      |
+-----------------------------+----------------+--------------+---------------------------+------------------------------+
| Debian 11 (Buster) (ARM)    | WARN           | SKIPPED      | SKIPPED                   | SKIPPED                      |
+-----------------------------+----------------+--------------+---------------------------+------------------------------+
| Debian 12 (arm)             | WARN           | SKIPPED      | WARN                      | PEND                         |
+-----------------------------+----------------+--------------+---------------------------+------------------------------+
| Fedora 37 (ARM)             | WARN           | SKIPPED      | SKIPPED                   | SKIPPED                      |
+-----------------------------+----------------+--------------+---------------------------+------------------------------+
| Fedora 38 (ARM)             | WARN           | SKIPPED      | SKIPPED                   | SKIPPED                      |
+-----------------------------+----------------+--------------+---------------------------+------------------------------+
| Fedora 38 (ARM Clang)       | WARN           | SKIPPED      | SKIPPED                   | SKIPPED                      |
+-----------------------------+----------------+--------------+---------------------------+------------------------------+
| Fedora 39 (ARM)             | WARN           | SKIPPED      | SKIPPED                   | SKIPPED                      |
+-----------------------------+----------------+--------------+---------------------------+------------------------------+
| Fedora 39 (ARM Clang)       | PEND           | SKIPPED      | SKIPPED                   | SKIPPED                      |
+-----------------------------+----------------+--------------+---------------------------+------------------------------+
| Fedora 40 (ARM)             | WARN           | SKIPPED      | SKIPPED                   | SKIPPED                      |
+-----------------------------+----------------+--------------+---------------------------+------------------------------+
| Fedora 40 (ARM Clang)       | PEND           | SKIPPED      | SKIPPED                   | SKIPPED                      |
+-----------------------------+----------------+--------------+---------------------------+------------------------------+
| 32-bit Ubuntu 20.04.4 (ARM) | PEND           | SKIPPED      | SKIPPED                   | SKIPPED                      |
+-----------------------------+----------------+--------------+---------------------------+------------------------------+
| Ubuntu 20.04 (ARM)          | PEND           | SKIPPED      | SKIPPED                   | SKIPPED                      |
+-----------------------------+----------------+--------------+---------------------------+------------------------------+
| Ubuntu 20.04 ARM SVE        | SKIPPED        | PEND         | SKIPPED                   | SKIPPED                      |
+-----------------------------+----------------+--------------+---------------------------+------------------------------+

==== 20 line log output for Fedora 40 (ARM) (dpdk_unit_test): ====
[1622/3202] Compiling C object 'drivers/a715181@@tmp_rte_net_i40e@sta/net_i40e_i40e_vf_representor.c.o'.
[1623/3202] Compiling C object 'drivers/a715181@@tmp_rte_net_i40e@sta/net_i40e_i40e_recycle_mbufs_vec_common.c.o'.
[1624/3202] Compiling C object 'drivers/a715181@@tmp_rte_net_i40e@sta/net_i40e_rte_pmd_i40e.c.o'.
[1625/3202] Compiling C object 'drivers/a715181@@tmp_rte_net_i40e@sta/net_i40e_i40e_rxtx_vec_neon.c.o'.
[1626/3202] Linking static target drivers/libtmp_rte_net_i40e.a.
[1627/3202] Compiling C object 'drivers/a715181@@tmp_rte_net_gve@sta/net_gve_gve_ethdev.c.o'.
FAILED: drivers/a715181@@tmp_rte_net_gve@sta/net_gve_gve_ethdev.c.o
ccache cc -Idrivers/a715181@@tmp_rte_net_gve@sta -Idrivers -I../drivers -Idrivers/net/gve -I../drivers/net/gve -I../drivers/net/gve/base -Ilib/ethdev -I../lib/ethdev -I. -I../ -Iconfig -I../config -Ilib/eal/include -I../lib/eal/include -Ilib/eal/linux/include -I../lib/eal/linux/include -Ilib/eal/arm/include -I../lib/eal/arm/include -Ilib/eal/common -I../lib/eal/common -Ilib/eal -I../lib/eal -Ilib/kvargs -I../lib/kvargs -Ilib/log -I../lib/log -Ilib/telemetry/../metrics -I../lib/telemetry/../metrics -Ilib/telemetry -I../lib/telemetry -Ilib/net -I../lib/net -Ilib/mbuf -I../lib/mbuf -Ilib/mempool -I../lib/mempool -Ilib/ring -I../lib/ring -Ilib/meter -I../lib/meter -Idrivers/bus/pci -I../drivers/bus/pci -I../drivers/bus/pci/linux -Ilib/pci -I../lib/pci -Idrivers/bus/vdev -I../drivers/bus/vdev -fdiagnostics-color=always -pipe -D_FILE_OFFSET_BITS=64 -Wall -Winvalid-pch -Wextra -Werror -std=c11 -O3 -include rte_config.h -Wcast-qual -Wdeprecated -Wformat -Wformat-nonliteral -Wformat-security 
 -Wmissing-declarations -Wmissing-prototypes -Wnested-externs -Wold-style-definition -Wpointer-arith -Wsign-compare -Wstrict-prototypes -Wundef -Wwrite-strings -Wno-address-of-packed-member -Wno-packed-not-aligned -Wno-missing-field-initializers -Wno-zero-length-bounds -D_GNU_SOURCE -fPIC -mcpu=thunderx2t99+crc+crypto -DALLOW_EXPERIMENTAL_API -DALLOW_INTERNAL_API -Wno-format-truncation -DRTE_LOG_DEFAULT_LOGTYPE=pmd.net.gve -MD -MQ 'drivers/a715181@@tmp_rte_net_gve@sta/net_gve_gve_ethdev.c.o' -MF 'drivers/a715181@@tmp_rte_net_gve@sta/net_gve_gve_ethdev.c.o.d' -o 'drivers/a715181@@tmp_rte_net_gve@sta/net_gve_gve_ethdev.c.o' -c ../drivers/net/gve/gve_ethdev.c
../drivers/net/gve/gve_ethdev.c: In function 'gve_start_queues':
../drivers/net/gve/gve_ethdev.c:291:9: error: this 'for' clause does not guard... [-Werror=misleading-indentation]
291 |         for (i = 0; i < num_queues; i++)
|         ^~~
../drivers/net/gve/gve_ethdev.c:296:17: note: ...this statement, but the latter is misleadingly indented as if it were guarded by the 'for'
296 |                 if (ret != 0) {
|                 ^~
cc1: all warnings being treated as errors
[1628/3202] Generating rte_net_hns3.pmd.c with a custom command.
[1629/3202] Generating rte_net_i40e.pmd.c with a custom command.
[1630/3202] Generating rte_common_cnxk.sym_chk with a meson_exe.py custom command.
ninja: build stopped: subcommand failed.
==== End log output ====

CentOS Stream 9 (ARM)
	Kernel: Container Host Kernel
	Compiler: gcc 11.4.1

Debian 11 (Buster) (ARM)
	Kernel: Container Host Kernel
	Compiler: gcc 10.2.1

Debian 12 (arm)
	Kernel: Container Host Kernel
	Compiler: gcc 12.2.0

Fedora 37 (ARM)
	Kernel: Depends on container host
	Compiler: gcc 12.3.1

Fedora 38 (ARM)
	Kernel: Depends on container host
	Compiler: gcc 13.2.1

Fedora 38 (ARM Clang)
	Kernel: Depends on container host
	Compiler: clang 16.0.6

Fedora 39 (ARM)
	Kernel: Depends on container host
	Compiler: gcc 13.2.1

Fedora 39 (ARM Clang)
	Kernel: Depends on container host
	Compiler: clang 17.0.6

Fedora 40 (ARM)
	Kernel: Depends on container host
	Compiler: gcc 14.1.1

Fedora 40 (ARM Clang)
	Kernel: Depends on container host
	Compiler: clang 18.1.6

32-bit Ubuntu 20.04.4 (ARM)
	Kernel: 5.4.0-155-generic aarch64
	Compiler: gcc 9.4

Ubuntu 20.04 (ARM)
	Kernel: Container Host Kernel
	Compiler: gcc 9.4.0

Ubuntu 20.04 ARM SVE
	Kernel: 5.4.0-167-generic
	Compiler: gcc (Ubuntu 10.5.0-1ubuntu1~20.04) 10.5.0

To view detailed results, visit:
https://lab.dpdk.org/results/dashboard/patchsets/30601/

UNH-IOL DPDK Community Lab

To manage your email subscriptions, visit: 
https://lab.dpdk.org/results/dashboard/preferences/subscriptions/