From mboxrd@z Thu Jan 1 00:00:00 1970 Return-Path: <test-report-bounces@dpdk.org> Received: from mails.dpdk.org (mails.dpdk.org [217.70.189.124]) by inbox.dpdk.org (Postfix) with ESMTP id 56048456A1 for <public@inbox.dpdk.org>; Wed, 24 Jul 2024 14:48:03 +0200 (CEST) Received: from mails.dpdk.org (localhost [127.0.0.1]) by mails.dpdk.org (Postfix) with ESMTP id 4DC2640E3E; Wed, 24 Jul 2024 14:48:03 +0200 (CEST) Received: from mail-pj1-f97.google.com (mail-pj1-f97.google.com [209.85.216.97]) by mails.dpdk.org (Postfix) with ESMTP id 7FB4040B97 for <test-report@dpdk.org>; Wed, 24 Jul 2024 14:48:01 +0200 (CEST) Received: by mail-pj1-f97.google.com with SMTP id 98e67ed59e1d1-2cb5b783c15so3979637a91.2 for <test-report@dpdk.org>; Wed, 24 Jul 2024 05:48:01 -0700 (PDT) DKIM-Signature: v=1; a=rsa-sha256; c=relaxed/relaxed; d=iol.unh.edu; s=unh-iol; t=1721825281; x=1722430081; darn=dpdk.org; h=references:in-reply-to:cc:to:from:subject:message-id:date:from:to :cc:subject:date:message-id:reply-to; bh=lQFTXBN1Ufi3zaeGY2KVDqSiU+jgvaf0GqHBnFxn6dM=; b=dUnl8lxmzJ+RGZ4R2QLrjF0XvHIA6Vs0B1FaV+WjnfQhO4MzQ4VuE4WD0Nn/aM5xSt TpkUiNni5E1wiXu8hM3ZXSTCDgKmLrWabFTOJ0QVUs1sc/houDY9jCUU5hO/YYwQuPcR jljJgU2cxD6Xlx90j0QZHc10/CRLAQRwsaB/8= X-Google-DKIM-Signature: v=1; a=rsa-sha256; c=relaxed/relaxed; d=1e100.net; s=20230601; t=1721825281; x=1722430081; h=references:in-reply-to:cc:to:from:subject:message-id:date :x-gm-message-state:from:to:cc:subject:date:message-id:reply-to; bh=lQFTXBN1Ufi3zaeGY2KVDqSiU+jgvaf0GqHBnFxn6dM=; b=lQvKhK1kTIYCA+mm9gfGuqgYPFtIFwimX5PuomhckXIjdkMH1ZoGW+I7oOh6Ir7tv8 bLrS+siP+q1s4yPEy3gaZm/f79q6GlEY7q36U1aEk6F3VjgNkW0hHeHl92EOEgH0obcC xalkwDaYFmRBN/wbIx6NT3LBJjk6gACo9wF5Fc7KXwBl2yuZcgJSdPs287zSoN7z1r/5 Bzkw6Vf44y758+rcpValcF6a1Ha0Bf95ABYrfn0+8SPOwb6gUF+NksQjxQrJt2aMSQgH /9GFS1Q81C0WtLH/oOa4VUUTgH3ZOkuvdXdiY24MBSjuutS7xQTpkN/2/weAQ2C4hdmU hPvQ== X-Gm-Message-State: AOJu0YyVaiRfJrR9fLy/KcKwrnrUqQZ7c+H1nAuXT9fDZYGe+1BP84Fq D7w1i+WsqvAeQl+l9OiP82AmFjim7HIglopbRQI33Wj6pRLW6eKE/uFoTe8lFKJJyWFyFUFL4MH KqXXiMfidAtnfE9U21wL2s0yIPnHg39Sv X-Google-Smtp-Source: AGHT+IELXM2hSKtw7D+FG5lRAmARr8qZXRR0LtekkfS022aFbRAhS+uwgqqs2Gy9pAO4Y6AZjsKE9/pSc/YC X-Received: by 2002:a17:90b:17cb:b0:2c9:95c7:7521 with SMTP id 98e67ed59e1d1-2cdb512845fmr2367532a91.1.1721825280656; Wed, 24 Jul 2024 05:48:00 -0700 (PDT) Received: from postal.iol.unh.edu (postal.iol.unh.edu. [132.177.123.84]) by smtp-relay.gmail.com with ESMTPS id 98e67ed59e1d1-2cdb73d2594sm70033a91.5.2024.07.24.05.48.00 (version=TLS1_2 cipher=ECDHE-ECDSA-AES128-GCM-SHA256 bits=128/128); Wed, 24 Jul 2024 05:48:00 -0700 (PDT) X-Relaying-Domain: iol.unh.edu Date: Wed, 24 Jul 2024 05:48:00 -0700 (PDT) Message-ID: <66a0f800.170a0220.13bc08.51d3SMTPIN_ADDED_MISSING@mx.google.com> Received: from [172.21.0.7] (unknown [172.18.0.240]) by postal.iol.unh.edu (Postfix) with ESMTP id B74556052500; Wed, 24 Jul 2024 08:47:59 -0400 (EDT) Subject: |FAILURE| pw142674 [PATCH] eal: add support for TRNG with Arm RNG fe From: dpdklab@iol.unh.edu To: Test Report <test-report@dpdk.org> Cc: dpdk-test-reports@iol.unh.edu, Shunzhi Wen <shunzhi.wen@arm.com> In-Reply-To: <20240723212703.721050-1-shunzhi.wen@arm.com> References: <20240723212703.721050-1-shunzhi.wen@arm.com> Content-Type: text/plain X-BeenThere: test-report@dpdk.org X-Mailman-Version: 2.1.29 Precedence: list List-Id: automatic DPDK test reports <test-report.dpdk.org> List-Unsubscribe: <https://mails.dpdk.org/options/test-report>, <mailto:test-report-request@dpdk.org?subject=unsubscribe> List-Archive: <http://mails.dpdk.org/archives/test-report/> List-Post: <mailto:test-report@dpdk.org> List-Help: <mailto:test-report-request@dpdk.org?subject=help> List-Subscribe: <https://mails.dpdk.org/listinfo/test-report>, <mailto:test-report-request@dpdk.org?subject=subscribe> Errors-To: test-report-bounces@dpdk.org Test-Label: iol-compile-amd64-testing Test-Status: FAILURE http://dpdk.org/patch/142674 _Testing issues_ Submitter: Shunzhi Wen <shunzhi.wen@arm.com> Date: Tuesday, July 23 2024 21:27:03 DPDK git baseline: Repo:dpdk Branch: master CommitID:82c47f005b9a0a1e3a649664b7713443d18abe43 142674 --> testing issues Upstream job id: Generic-DPDK-Compile-Meson#279004 Test environment and result as below: +---------------------+--------------------+------------------+-------------------+----------------------+-------------------+ | Environment | dpdk_meson_compile | dpdk_compile_ovs | dpdk_compile_spdk | dpdk_mingw64_compile | dpdk_msvc_compile | +=====================+====================+==================+===================+======================+===================+ | CentOS Stream 8 | PASS | PASS | PASS | SKIPPED | SKIPPED | +---------------------+--------------------+------------------+-------------------+----------------------+-------------------+ | CentOS Stream 9 | PASS | PASS | PEND | SKIPPED | SKIPPED | +---------------------+--------------------+------------------+-------------------+----------------------+-------------------+ | Debian 12 | PASS | PASS | PASS | SKIPPED | SKIPPED | +---------------------+--------------------+------------------+-------------------+----------------------+-------------------+ | Fedora 37 | PASS | PASS | PASS | SKIPPED | SKIPPED | +---------------------+--------------------+------------------+-------------------+----------------------+-------------------+ | Debian Bullseye | PASS | PEND | PEND | SKIPPED | SKIPPED | +---------------------+--------------------+------------------+-------------------+----------------------+-------------------+ | Fedora 39 | PASS | PASS | PASS | SKIPPED | SKIPPED | +---------------------+--------------------+------------------+-------------------+----------------------+-------------------+ | Fedora 38 (Clang) | PASS | PASS | PASS | SKIPPED | SKIPPED | +---------------------+--------------------+------------------+-------------------+----------------------+-------------------+ | Fedora 38 | PASS | PASS | PASS | SKIPPED | SKIPPED | +---------------------+--------------------+------------------+-------------------+----------------------+-------------------+ | Fedora 39 (Clang) | PEND | PEND | PEND | SKIPPED | SKIPPED | +---------------------+--------------------+------------------+-------------------+----------------------+-------------------+ | Fedora 40 (Clang) | PEND | PEND | PEND | SKIPPED | SKIPPED | +---------------------+--------------------+------------------+-------------------+----------------------+-------------------+ | Fedora 40 | PEND | PEND | PEND | SKIPPED | SKIPPED | +---------------------+--------------------+------------------+-------------------+----------------------+-------------------+ | openSUSE Leap 15 | PASS | PASS | SKIPPED | SKIPPED | SKIPPED | +---------------------+--------------------+------------------+-------------------+----------------------+-------------------+ | RHEL8 | PEND | PEND | SKIPPED | SKIPPED | SKIPPED | +---------------------+--------------------+------------------+-------------------+----------------------+-------------------+ | RHEL9 | PEND | PEND | SKIPPED | SKIPPED | SKIPPED | +---------------------+--------------------+------------------+-------------------+----------------------+-------------------+ | Ubuntu 20.04 | PEND | PEND | SKIPPED | SKIPPED | SKIPPED | +---------------------+--------------------+------------------+-------------------+----------------------+-------------------+ | Ubuntu 22.04 | PEND | PEND | PEND | SKIPPED | SKIPPED | +---------------------+--------------------+------------------+-------------------+----------------------+-------------------+ | Ubuntu 24.04 | PEND | PEND | PEND | SKIPPED | SKIPPED | +---------------------+--------------------+------------------+-------------------+----------------------+-------------------+ | Windows Server 2019 | FAIL | SKIPPED | SKIPPED | FAIL | SKIPPED | +---------------------+--------------------+------------------+-------------------+----------------------+-------------------+ | Windows Server 2022 | FAIL | SKIPPED | SKIPPED | FAIL | FAIL | +---------------------+--------------------+------------------+-------------------+----------------------+-------------------+ | Alpine | PEND | PEND | SKIPPED | SKIPPED | SKIPPED | +---------------------+--------------------+------------------+-------------------+----------------------+-------------------+ | FreeBSD 13.3 | PASS | SKIPPED | SKIPPED | SKIPPED | SKIPPED | +---------------------+--------------------+------------------+-------------------+----------------------+-------------------+ | FreeBSD 14.1 | PASS | SKIPPED | SKIPPED | SKIPPED | SKIPPED | +---------------------+--------------------+------------------+-------------------+----------------------+-------------------+ ==== 20 line log output for Windows Server 2022 (dpdk_msvc_compile): ==== �[�7�0�/�9�4�]� �G�e�n�e�r�a�t�i�n�g� �r�t�e�_�e�a�l�_�d�e�f� �w�i�t�h� �a� �c�u�s�t�o�m� �c�o�m�m�a�n�d� � �[�7�1�/�9�4�]� �C�o�m�p�i�l�i�n�g� �C� �o�b�j�e�c�t� �l�i�b�/�l�i�b�r�t�e�_�e�a�l�.�a�.�p�/�e�a�l�_�x�8�6�_�r�t�e�_�r�a�n�d�o�m�.�c�.�o�b�j� � �[�7�2�/�9�4�]� �C�o�m�p�i�l�i�n�g� �C� �o�b�j�e�c�t� �l�i�b�/�l�i�b�r�t�e�_�e�a�l�.�a�.�p�/�e�a�l�_�x�8�6�_�r�t�e�_�m�m�u�.�c�.�o�b�j� � �[�7�3�/�9�4�]� �G�e�n�e�r�a�t�i�n�g� �r�t�e�_�m�e�t�e�r�_�d�e�f� �w�i�t�h� �a� �c�u�s�t�o�m� �c�o�m�m�a�n�d� � �[�7�4�/�9�4�]� �G�e�n�e�r�a�t�i�n�g� �r�t�e�_�t�i�m�e�r�_�d�e�f� �w�i�t�h� �a� �c�u�s�t�o�m� �c�o�m�m�a�n�d� � �[�7�5�/�9�4�]� �L�i�n�k�i�n�g� �t�a�r�g�e�t� �l�i�b�/�r�t�e�_�e�a�l�-�2�4�.�d�l�l� � �F�A�I�L�E�D�:� �l�i�b�/�r�t�e�_�e�a�l�-�2�4�.�d�l�l� � � �"�l�i�n�k�"� �@�l�i�b�/�r�t�e�_�e�a�l�-�2�4�.�d�l�l�.�r�s�p� � �r�t�e�_�e�a�l�_�e�x�p�o�r�t�s�.�d�e�f� �:� �e�r�r�o�r� �L�N�K�2�0�0�1�:� �u�n�r�e�s�o�l�v�e�d� �e�x�t�e�r�n�a�l� �s�y�m�b�o�l� �r�t�e�_�d�r�a�n�d� � �r�t�e�_�e�a�l�_�e�x�p�o�r�t�s�.�d�e�f� �:� �e�r�r�o�r� �L�N�K�2�0�0�1�:� �u�n�r�e�s�o�l�v�e�d� �e�x�t�e�r�n�a�l� �s�y�m�b�o�l� �r�t�e�_�r�a�n�d� � �r�t�e�_�e�a�l�_�e�x�p�o�r�t�s�.�d�e�f� �:� �e�r�r�o�r� �L�N�K�2�0�0�1�:� �u�n�r�e�s�o�l�v�e�d� �e�x�t�e�r�n�a�l� �s�y�m�b�o�l� �r�t�e�_�r�a�n�d�_�m�a�x� � �r�t�e�_�e�a�l�_�e�x�p�o�r�t�s�.�d�e�f� �:� �e�r�r�o�r� �L�N�K�2�0�0�1�:� �u�n�r�e�s�o�l�v�e�d� �e�x�t�e�r�n�a�l� �s�y�m�b�o�l� �r�t�e�_�s�r�a�n�d� � �l�i�b�\�r�t�e�_�e�a�l�.�l�i�b� �:� �f�a�t�a�l� �e�r�r�o�r� �L�N�K�1�1�2�0�:� �4� �u�n�r�e�s�o�l�v�e�d� �e�x�t�e�r�n�a�l�s� � �[�7�6�/�9�4�]� �C�o�m�p�i�l�i�n�g� �C� �o�b�j�e�c�t� �l�i�b�/�l�i�b�r�t�e�_�m�e�t�e�r�.�a�.�p�/�m�e�t�e�r�_�r�t�e�_�m�e�t�e�r�.�c�.�o�b�j� � �[�7�7�/�9�4�]� �C�o�m�p�i�l�i�n�g� �C� �o�b�j�e�c�t� �l�i�b�/�l�i�b�r�t�e�_�r�i�n�g�.�a�.�p�/�r�i�n�g�_�r�t�e�_�r�i�n�g�.�c�.�o�b�j� � �[�7�8�/�9�4�]� �L�i�n�k�i�n�g� �s�t�a�t�i�c� �t�a�r�g�e�t� �l�i�b�/�l�i�b�r�t�e�_�e�a�l�.�a� � �[�7�9�/�9�4�]� �C�o�m�p�i�l�i�n�g� �C� �o�b�j�e�c�t� �l�i�b�/�l�i�b�r�t�e�_�p�c�i�.�a�.�p�/�p�c�i�_�r�t�e�_�p�c�i�.�c�.�o�b�j� � �[�8�0�/�9�4�]� �C�o�m�p�i�l�i�n�g� �C� �o�b�j�e�c�t� �l�i�b�/�l�i�b�r�t�e�_�t�i�m�e�r�.�a�.�p�/�t�i�m�e�r�_�r�t�e�_�t�i�m�e�r�.�c�.�o�b�j� � �n�i�n�j�a�:� �b�u�i�l�d� �s�t�o�p�p�e�d�:� �s�u�b�c�o�m�m�a�n�d� �f�a�i�l�e�d�.� � � ==== End log output ==== CentOS Stream 8 Kernel: 5.4.0-167-generic Compiler: gcc 8.5.0 20210514 CentOS Stream 9 Kernel: 5.4.0-167-generic Compiler: gcc 11.4.1 20230605 Debian 12 Kernel: Container Host Kernel Compiler: gcc 12.2.0 Fedora 37 Kernel: Depends on container host system Compiler: gcc 12.3.1 Debian Bullseye Kernel: 5.4.0-167-generic Compiler: gcc 10.2.1-6 Fedora 39 Kernel: Depends on container host Compiler: gcc 13.2.1 Fedora 38 (Clang) Kernel: Depends on container host Compiler: clang 16.0.6 Fedora 38 Kernel: Depends on container host Compiler: gcc 13.2.1 Fedora 39 (Clang) Kernel: Depends on container host Compiler: clang 17.0.6 Fedora 40 (Clang) Kernel: Depends on container host Compiler: clang 18.1.6 Fedora 40 Kernel: Depends on container host Compiler: gcc 14.1.1 openSUSE Leap 15 Kernel: 5.4.0-167-generic Compiler: gcc 7.5.0 RHEL8 Kernel: 5.4.0-167-generic Compiler: gcc 8.5.0 20210514 (Red Hat 8.5.0-20) RHEL9 Kernel: Depends on container host Compiler: gcc 11.4.1 Ubuntu 20.04 Kernel: 5.4.0-167-generic Compiler: gcc 9.4.0-1ubuntu1~20.04.1 Ubuntu 22.04 Kernel: 5.4.0-167-generic Compiler: gcc 11.4.0 Ubuntu 24.04 Kernel: 5.4.0-167-generic Compiler: gcc 13.2.0 Windows Server 2019 Kernel: 10.0.17763 Compiler: clang 14.0 and gcc 8.1.0 (MinGW) Windows Server 2022 Kernel: 10.0.20348.2031 Compiler: clang 15.0.7, gcc 8.1.0 (MinGW), and MSVC VS 17.9 Alpine Kernel: 5.4.0-167-generic Compiler: gcc (Alpine 13.2.1_git20231014) 13.2.1 20231014 FreeBSD 13.3 Kernel: 13.3-RELEASE-p1 Compiler: clang 17.0.6 FreeBSD 14.1 Kernel: 14.1 Compiler: clang 18.1.5 To view detailed results, visit: https://lab.dpdk.org/results/dashboard/patchsets/30600/ UNH-IOL DPDK Community Lab To manage your email subscriptions, visit: https://lab.dpdk.org/results/dashboard/preferences/subscriptions/