From mboxrd@z Thu Jan  1 00:00:00 1970
Return-Path: <test-report-bounces@dpdk.org>
Received: from mails.dpdk.org (mails.dpdk.org [217.70.189.124])
	by inbox.dpdk.org (Postfix) with ESMTP id E7338456A1
	for <public@inbox.dpdk.org>; Wed, 24 Jul 2024 15:21:21 +0200 (CEST)
Received: from mails.dpdk.org (localhost [127.0.0.1])
	by mails.dpdk.org (Postfix) with ESMTP id E2CA840E3E;
	Wed, 24 Jul 2024 15:21:21 +0200 (CEST)
Received: from mail-oo1-f99.google.com (mail-oo1-f99.google.com
 [209.85.161.99]) by mails.dpdk.org (Postfix) with ESMTP id BB4E640B97
 for <test-report@dpdk.org>; Wed, 24 Jul 2024 15:21:20 +0200 (CEST)
Received: by mail-oo1-f99.google.com with SMTP id
 006d021491bc7-5d57d8882eeso1703962eaf.1
 for <test-report@dpdk.org>; Wed, 24 Jul 2024 06:21:20 -0700 (PDT)
DKIM-Signature: v=1; a=rsa-sha256; c=relaxed/relaxed;
 d=iol.unh.edu; s=unh-iol; t=1721827280; x=1722432080; darn=dpdk.org;
 h=references:in-reply-to:cc:to:from:subject:message-id:date:from:to
 :cc:subject:date:message-id:reply-to;
 bh=MGTuwZsBwPFrInVYibACkbCQ0QZTcpGPs1PLAu3FZ2M=;
 b=T99bpVmAhJvD0ilaUS38ZN8sE5SCBuobNkZMg+Qt1qHZngOWPddI05S9fi8ImXk/Ok
 nQUiYolcUfB5HpotjTaMp2LemxEhOq0yB9WQvVAsuzeIFx+lBJAAmGphMPwubehyexgm
 RpLKSsl7BSmuJpoqb7YBEmeoHMWUS6WweUNbQ=
X-Google-DKIM-Signature: v=1; a=rsa-sha256; c=relaxed/relaxed;
 d=1e100.net; s=20230601; t=1721827280; x=1722432080;
 h=references:in-reply-to:cc:to:from:subject:message-id:date
 :x-gm-message-state:from:to:cc:subject:date:message-id:reply-to;
 bh=MGTuwZsBwPFrInVYibACkbCQ0QZTcpGPs1PLAu3FZ2M=;
 b=V2LUiweVZikpcxHcKCEVSEBbnyAqeCVRhiWHUSs3QMJzS7u5EHbE2/huvPvTd7Ih+h
 5/nxIPx9CJTW0G6Hi37ISbs0UbF75VAxvPCkShEscDsZW4m4HF5GRf3+XM9eBc2ybLXi
 apWFMXXqwyj+Jthlu8MFR7I8g/SxFcpGNGAkszYTDy4QJrxmfOy0uXKZsx2Hcfki8ITE
 6VTVZcuy15wS88rpFvRSPulLxLCfg8TdC16RmrP+udOVWKUkbNn5IufwJ/FC3iAqvvDj
 lSzSTwK6hfwhyizFnPOwqxbNg2Wpl8IEC6k9mA8Dn9cQ1jwivEgEKjcYIxGdUZs14ffK
 3bcg==
X-Gm-Message-State: AOJu0YwRwD6JjKJ4MQkDNE/ezKcy5KTv3wk2bURzILj8I5oQiBRijNR9
 UJGAgfPfJwwPYSVDkFp25DyR+f9JXl9c4aU0tJKgsZTmLRgwrEFexQZIQNiC5aZJW9xUrdOJt8I
 vNec+VG+BGYzaSM/av/vL8AxhTQja/MQF24F5vDIKVQvldiRm
X-Google-Smtp-Source: AGHT+IEV8Mai5/9mw33rvSxsA00FgsztNdQ6rTDepW8XBoGrMAMIvwQC3PvxXx0s7UudUJHVRt9gxyr/yQQV
X-Received: by 2002:a4a:ee8a:0:b0:5c6:60d9:b0e1 with SMTP id
 006d021491bc7-5d59c05256emr3575543eaf.2.1721827279882; 
 Wed, 24 Jul 2024 06:21:19 -0700 (PDT)
Received: from postal.iol.unh.edu (postal.iol.unh.edu.
 [2606:4100:3880:1234::84]) by smtp-relay.gmail.com with ESMTPS id
 006d021491bc7-5d59ec2e39esm104850eaf.0.2024.07.24.06.21.19
 (version=TLS1_2 cipher=ECDHE-ECDSA-AES128-GCM-SHA256 bits=128/128);
 Wed, 24 Jul 2024 06:21:19 -0700 (PDT)
X-Relaying-Domain: iol.unh.edu
Date: Wed, 24 Jul 2024 06:21:19 -0700 (PDT)
Message-ID: <66a0ffcf.4a0a0220.73fae.7fbcSMTPIN_ADDED_MISSING@mx.google.com>
Received: from [172.21.0.7] (unknown [172.18.0.240])
 by postal.iol.unh.edu (Postfix) with ESMTP id 59D3A60526E2;
 Wed, 24 Jul 2024 09:21:19 -0400 (EDT)
Subject: |FAILURE| pw142674 [PATCH] eal: add support for TRNG with Arm RNG fe
From: dpdklab@iol.unh.edu
To: Test Report <test-report@dpdk.org>
Cc: dpdk-test-reports@iol.unh.edu, Shunzhi Wen <shunzhi.wen@arm.com>
In-Reply-To: <20240723212703.721050-1-shunzhi.wen@arm.com>
References: <20240723212703.721050-1-shunzhi.wen@arm.com>
Content-Type: text/plain
X-BeenThere: test-report@dpdk.org
X-Mailman-Version: 2.1.29
Precedence: list
List-Id: automatic DPDK test reports <test-report.dpdk.org>
List-Unsubscribe: <https://mails.dpdk.org/options/test-report>,
 <mailto:test-report-request@dpdk.org?subject=unsubscribe>
List-Archive: <http://mails.dpdk.org/archives/test-report/>
List-Post: <mailto:test-report@dpdk.org>
List-Help: <mailto:test-report-request@dpdk.org?subject=help>
List-Subscribe: <https://mails.dpdk.org/listinfo/test-report>,
 <mailto:test-report-request@dpdk.org?subject=subscribe>
Errors-To: test-report-bounces@dpdk.org

Test-Label: iol-unit-amd64-testing
Test-Status: FAILURE
http://dpdk.org/patch/142674

_Testing issues_

Submitter: Shunzhi Wen <shunzhi.wen@arm.com>
Date: Tuesday, July 23 2024 21:27:03 
DPDK git baseline: Repo:dpdk
  Branch: master
  CommitID:82c47f005b9a0a1e3a649664b7713443d18abe43

142674 --> testing issues

Upstream job id: Generic-Unit-Test-DPDK#244033

Test environment and result as below:

+---------------------+----------------+
|     Environment     | dpdk_unit_test |
+=====================+================+
| Windows Server 2019 | FAIL           |
+---------------------+----------------+
| CentOS Stream 9     | PASS           |
+---------------------+----------------+
| CentOS Stream 8     | PASS           |
+---------------------+----------------+
| Debian Bullseye     | PASS           |
+---------------------+----------------+
| Debian 12           | PASS           |
+---------------------+----------------+
| Fedora 38 (Clang)   | PASS           |
+---------------------+----------------+
| Fedora 38           | PASS           |
+---------------------+----------------+
| Fedora 37           | PASS           |
+---------------------+----------------+
| Fedora 39           | PEND           |
+---------------------+----------------+
| Fedora 39 (Clang)   | PEND           |
+---------------------+----------------+
| Fedora 40           | PEND           |
+---------------------+----------------+
| Fedora 40 (Clang)   | PEND           |
+---------------------+----------------+
| RHEL9               | PEND           |
+---------------------+----------------+
| RHEL8               | PEND           |
+---------------------+----------------+
| openSUSE Leap 15    | PEND           |
+---------------------+----------------+
| Ubuntu 20.04        | PEND           |
+---------------------+----------------+
| Ubuntu 22.04        | PEND           |
+---------------------+----------------+
| Ubuntu 24.04        | PEND           |
+---------------------+----------------+
| Windows Server 2022 | FAIL           |
+---------------------+----------------+

==== Unit test summary for Windows Server 2022 (dpdk_unit_test): ====
Failed to get the unit test results.
Displaying the unit test results is not supported for some environments,
such as our aarch32 testing, where meson is not used to run the tests.
Download the logs available on our CI site.
==== End log output ====

Windows Server 2019
	Kernel: 10.0.17763
	Compiler: clang 14.0 and gcc 8.1.0 (MinGW)

CentOS Stream 9
	Kernel: 5.4.0-167-generic
	Compiler: gcc 11.4.1 20230605

CentOS Stream 8
	Kernel: 5.4.0-167-generic
	Compiler: gcc 8.5.0 20210514

Debian Bullseye
	Kernel: 5.4.0-167-generic
	Compiler: gcc 10.2.1-6

Debian 12
	Kernel: Container Host Kernel
	Compiler: gcc 12.2.0

Fedora 38 (Clang)
	Kernel: Depends on container host
	Compiler: clang 16.0.6

Fedora 38
	Kernel: Depends on container host
	Compiler: gcc 13.2.1

Fedora 37
	Kernel: Depends on container host system
	Compiler: gcc 12.3.1

Fedora 39
	Kernel: Depends on container host
	Compiler: gcc 13.2.1

Fedora 39 (Clang)
	Kernel: Depends on container host
	Compiler: clang 17.0.6

Fedora 40
	Kernel: Depends on container host
	Compiler: gcc 14.1.1

Fedora 40 (Clang)
	Kernel: Depends on container host
	Compiler: clang 18.1.6

RHEL9
	Kernel: Depends on container host
	Compiler: gcc 11.4.1

RHEL8
	Kernel: 5.4.0-167-generic
	Compiler: gcc 8.5.0 20210514 (Red Hat 8.5.0-20)

openSUSE Leap 15
	Kernel: 5.4.0-167-generic
	Compiler: gcc 7.5.0

Ubuntu 20.04
	Kernel: 5.4.0-167-generic
	Compiler: gcc 9.4.0-1ubuntu1~20.04.1

Ubuntu 22.04
	Kernel: 5.4.0-167-generic
	Compiler: gcc 11.4.0

Ubuntu 24.04
	Kernel: 5.4.0-167-generic
	Compiler: gcc 13.2.0

Windows Server 2022
	Kernel: 10.0.20348.2031
	Compiler: clang 15.0.7, gcc 8.1.0 (MinGW), and MSVC VS 17.9

To view detailed results, visit:
https://lab.dpdk.org/results/dashboard/patchsets/30600/

UNH-IOL DPDK Community Lab

To manage your email subscriptions, visit: 
https://lab.dpdk.org/results/dashboard/preferences/subscriptions/