From mboxrd@z Thu Jan  1 00:00:00 1970
Return-Path: <test-report-bounces@dpdk.org>
Received: from mails.dpdk.org (mails.dpdk.org [217.70.189.124])
	by inbox.dpdk.org (Postfix) with ESMTP id B4D12456A2
	for <public@inbox.dpdk.org>; Wed, 24 Jul 2024 16:27:18 +0200 (CEST)
Received: from mails.dpdk.org (localhost [127.0.0.1])
	by mails.dpdk.org (Postfix) with ESMTP id ADFB740E3E;
	Wed, 24 Jul 2024 16:27:18 +0200 (CEST)
Received: from mail-qv1-f99.google.com (mail-qv1-f99.google.com
 [209.85.219.99]) by mails.dpdk.org (Postfix) with ESMTP id 4C8F140B97
 for <test-report@dpdk.org>; Wed, 24 Jul 2024 16:27:17 +0200 (CEST)
Received: by mail-qv1-f99.google.com with SMTP id
 6a1803df08f44-6b06e63d288so37913976d6.0
 for <test-report@dpdk.org>; Wed, 24 Jul 2024 07:27:17 -0700 (PDT)
DKIM-Signature: v=1; a=rsa-sha256; c=relaxed/relaxed;
 d=iol.unh.edu; s=unh-iol; t=1721831236; x=1722436036; darn=dpdk.org;
 h=references:in-reply-to:cc:to:from:subject:message-id:date:from:to
 :cc:subject:date:message-id:reply-to;
 bh=RSTz8y972MkgFAmCOqCDB0CFJBxyYNK9mMF1WqscHqM=;
 b=hvHpoC8sSDR3ZTlxjJi8mMJQ+/JaIPjiZxsstcnzmW6oD5+RZnY4T1CpLIRw4WohDV
 vUYxnmfBZBF8Ox5hjBxM9XvyURGgV85EwBno/pWyxR2pMjOaKhc2VW1VWHzKW0iq6AEm
 vsSXSMbaG3HUIw9IkzBx1B0gudi93SQWqP490=
X-Google-DKIM-Signature: v=1; a=rsa-sha256; c=relaxed/relaxed;
 d=1e100.net; s=20230601; t=1721831236; x=1722436036;
 h=references:in-reply-to:cc:to:from:subject:message-id:date
 :x-gm-message-state:from:to:cc:subject:date:message-id:reply-to;
 bh=RSTz8y972MkgFAmCOqCDB0CFJBxyYNK9mMF1WqscHqM=;
 b=VbSiOwh+OiK+ey2uBS/OHps5bXhRCAyzVo+Bf7gHK0k+eeGh9/2zlt9L2WH6Vz0oUe
 W1MNaKDLuNniGuFt+zjm3Mvu5DTevXR/2g43I6sdOgcxdJ5SiTS9Lwyn9uKqXEF+Ejgn
 ovWQy9XG3oMSCD/o2bp31GbNSTS8JZvmurAHVf8MtBt0DcNo+Wwnf084WwFMWM3xQlEc
 2iU9Q7YvnxlLFXw/vHXJWMPoMpRBJUI7SyqJq5TDnr/QwQdj3yQqih4cTJ4GZue4tkIe
 InHjeliYLxEH5E6ZEqykwk8rdW9MIWWvi/kanltqXVeDNU7pGK8MQJ8kMiYFo7mONcu4
 Cghw==
X-Gm-Message-State: AOJu0YzX41cf7P7G4nfcXdG5VOB9odjvBhIJBqYzw0chBHbb+QZOORwk
 5ZkV6T0U4+20akmXYU3fwfQqNijZdpiAQWZc/uAZ/MW5PrKJTyiEb/B1GVCePfo25kAk2prrqcW
 7Jbn62xtHQHxHhbdxVWG6hsm308xO3dEvGRXVXvQ1
X-Google-Smtp-Source: AGHT+IFLBVRT5t+Pq7q3cSvNW4+wA3HCbAfXoMAEMKWuHgymx5qsOfpV9vwvmu/KxTTRfjpXYL239dASczOS
X-Received: by 2002:ad4:5ba3:0:b0:6b7:ab98:b8b3 with SMTP id
 6a1803df08f44-6b99077a268mr22851016d6.34.1721831236520; 
 Wed, 24 Jul 2024 07:27:16 -0700 (PDT)
Received: from postal.iol.unh.edu (postal.iol.unh.edu. [132.177.123.84])
 by smtp-relay.gmail.com with ESMTPS id
 6a1803df08f44-6b7ac7e61d1sm5196766d6.43.2024.07.24.07.27.16
 (version=TLS1_2 cipher=ECDHE-ECDSA-AES128-GCM-SHA256 bits=128/128);
 Wed, 24 Jul 2024 07:27:16 -0700 (PDT)
X-Relaying-Domain: iol.unh.edu
Date: Wed, 24 Jul 2024 07:27:16 -0700 (PDT)
Message-ID: <66a10f44.050a0220.2a0a2b.c3dfSMTPIN_ADDED_MISSING@mx.google.com>
Received: from [172.21.0.7] (unknown [172.18.0.240])
 by postal.iol.unh.edu (Postfix) with ESMTP id 3F8C16052722;
 Wed, 24 Jul 2024 10:27:16 -0400 (EDT)
Subject: |FAILURE| pw142671-142673 [PATCH] [v3,3/3] test-pmd: add more packet
From: dpdklab@iol.unh.edu
To: Test Report <test-report@dpdk.org>
Cc: dpdk-test-reports@iol.unh.edu,
 Stephen Hemminger <stephen@networkplumber.org>
In-Reply-To: <20240723203629.246735-4-stephen@networkplumber.org>
References: <20240723203629.246735-4-stephen@networkplumber.org>
Content-Type: text/plain
X-BeenThere: test-report@dpdk.org
X-Mailman-Version: 2.1.29
Precedence: list
List-Id: automatic DPDK test reports <test-report.dpdk.org>
List-Unsubscribe: <https://mails.dpdk.org/options/test-report>,
 <mailto:test-report-request@dpdk.org?subject=unsubscribe>
List-Archive: <http://mails.dpdk.org/archives/test-report/>
List-Post: <mailto:test-report@dpdk.org>
List-Help: <mailto:test-report-request@dpdk.org?subject=help>
List-Subscribe: <https://mails.dpdk.org/listinfo/test-report>,
 <mailto:test-report-request@dpdk.org?subject=subscribe>
Errors-To: test-report-bounces@dpdk.org

Test-Label: iol-unit-amd64-testing
Test-Status: FAILURE
http://dpdk.org/patch/142673

_Testing issues_

Submitter: Stephen Hemminger <stephen@networkplumber.org>
Date: Tuesday, July 23 2024 20:33:10 
DPDK git baseline: Repo:dpdk
  Branch: master
  CommitID:9cad88310860ad99f9133af39f9cf98e524de9ac

142671-142673 --> testing issues

Upstream job id: Generic-Unit-Test-DPDK#244073

Test environment and result as below:

+---------------------+----------------+
|     Environment     | dpdk_unit_test |
+=====================+================+
| Windows Server 2022 | FAIL           |
+---------------------+----------------+
| Windows Server 2019 | FAIL           |
+---------------------+----------------+
| CentOS Stream 8     | PASS           |
+---------------------+----------------+
| CentOS Stream 9     | PASS           |
+---------------------+----------------+
| Debian Bullseye     | PASS           |
+---------------------+----------------+
| Debian 12           | PASS           |
+---------------------+----------------+
| Fedora 37           | PASS           |
+---------------------+----------------+
| Fedora 38           | PASS           |
+---------------------+----------------+
| Fedora 38 (Clang)   | PASS           |
+---------------------+----------------+
| Fedora 39           | PASS           |
+---------------------+----------------+
| Fedora 39 (Clang)   | PASS           |
+---------------------+----------------+
| Fedora 40           | PEND           |
+---------------------+----------------+
| Fedora 40 (Clang)   | PEND           |
+---------------------+----------------+
| openSUSE Leap 15    | PEND           |
+---------------------+----------------+
| RHEL8               | PEND           |
+---------------------+----------------+
| RHEL9               | PEND           |
+---------------------+----------------+
| Ubuntu 20.04        | PEND           |
+---------------------+----------------+
| Ubuntu 22.04        | PEND           |
+---------------------+----------------+
| Ubuntu 24.04        | PEND           |
+---------------------+----------------+

==== Unit test summary for Windows Server 2019 (dpdk_unit_test): ====
Failed to get the unit test results.
Displaying the unit test results is not supported for some environments,
such as our aarch32 testing, where meson is not used to run the tests.
Download the logs available on our CI site.
==== End log output ====

Windows Server 2022
	Kernel: 10.0.20348.2031
	Compiler: clang 15.0.7, gcc 8.1.0 (MinGW), and MSVC VS 17.9

Windows Server 2019
	Kernel: 10.0.17763
	Compiler: clang 14.0 and gcc 8.1.0 (MinGW)

CentOS Stream 8
	Kernel: 5.4.0-167-generic
	Compiler: gcc 8.5.0 20210514

CentOS Stream 9
	Kernel: 5.4.0-167-generic
	Compiler: gcc 11.4.1 20230605

Debian Bullseye
	Kernel: 5.4.0-167-generic
	Compiler: gcc 10.2.1-6

Debian 12
	Kernel: Container Host Kernel
	Compiler: gcc 12.2.0

Fedora 37
	Kernel: Depends on container host system
	Compiler: gcc 12.3.1

Fedora 38
	Kernel: Depends on container host
	Compiler: gcc 13.2.1

Fedora 38 (Clang)
	Kernel: Depends on container host
	Compiler: clang 16.0.6

Fedora 39
	Kernel: Depends on container host
	Compiler: gcc 13.2.1

Fedora 39 (Clang)
	Kernel: Depends on container host
	Compiler: clang 17.0.6

Fedora 40
	Kernel: Depends on container host
	Compiler: gcc 14.1.1

Fedora 40 (Clang)
	Kernel: Depends on container host
	Compiler: clang 18.1.6

openSUSE Leap 15
	Kernel: 5.4.0-167-generic
	Compiler: gcc 7.5.0

RHEL8
	Kernel: 5.4.0-167-generic
	Compiler: gcc 8.5.0 20210514 (Red Hat 8.5.0-20)

RHEL9
	Kernel: Depends on container host
	Compiler: gcc 11.4.1

Ubuntu 20.04
	Kernel: 5.4.0-167-generic
	Compiler: gcc 9.4.0-1ubuntu1~20.04.1

Ubuntu 22.04
	Kernel: 5.4.0-167-generic
	Compiler: gcc 11.4.0

Ubuntu 24.04
	Kernel: 5.4.0-167-generic
	Compiler: gcc 13.2.0

To view detailed results, visit:
https://lab.dpdk.org/results/dashboard/patchsets/30599/

UNH-IOL DPDK Community Lab

To manage your email subscriptions, visit: 
https://lab.dpdk.org/results/dashboard/preferences/subscriptions/