From mboxrd@z Thu Jan  1 00:00:00 1970
Return-Path: <test-report-bounces@dpdk.org>
Received: from mails.dpdk.org (mails.dpdk.org [217.70.189.124])
	by inbox.dpdk.org (Postfix) with ESMTP id E41E4456A2
	for <public@inbox.dpdk.org>; Wed, 24 Jul 2024 16:37:41 +0200 (CEST)
Received: from mails.dpdk.org (localhost [127.0.0.1])
	by mails.dpdk.org (Postfix) with ESMTP id DC90443444;
	Wed, 24 Jul 2024 16:37:41 +0200 (CEST)
Received: from mail-oo1-f97.google.com (mail-oo1-f97.google.com
 [209.85.161.97]) by mails.dpdk.org (Postfix) with ESMTP id 4DA3640E3E
 for <test-report@dpdk.org>; Wed, 24 Jul 2024 16:37:28 +0200 (CEST)
Received: by mail-oo1-f97.google.com with SMTP id
 006d021491bc7-5c669a0b5d1so4069003eaf.3
 for <test-report@dpdk.org>; Wed, 24 Jul 2024 07:37:28 -0700 (PDT)
DKIM-Signature: v=1; a=rsa-sha256; c=relaxed/relaxed;
 d=iol.unh.edu; s=unh-iol; t=1721831847; x=1722436647; darn=dpdk.org;
 h=references:in-reply-to:cc:to:from:subject:message-id:date:from:to
 :cc:subject:date:message-id:reply-to;
 bh=ET5U9HVsFcnIkVqG+89ujgj1Gc0i7yNGn8ye1wtHbvE=;
 b=OJhXAL9ER/1ANgSXl2w0kJmJoFEsmbQIBLWi1Aq6bMfHktVMEgopdcOGOn5blStTJf
 l2QENR6VRORRfoVYMQFskssMGkBT2i8Sjf2fFUv8CY4WRI0lQaAlrpkAjLM7RPnTUiwb
 0kdADxOdLmkWC6syyrJRtMHSNO94DfA56S9KY=
X-Google-DKIM-Signature: v=1; a=rsa-sha256; c=relaxed/relaxed;
 d=1e100.net; s=20230601; t=1721831847; x=1722436647;
 h=references:in-reply-to:cc:to:from:subject:message-id:date
 :x-gm-message-state:from:to:cc:subject:date:message-id:reply-to;
 bh=ET5U9HVsFcnIkVqG+89ujgj1Gc0i7yNGn8ye1wtHbvE=;
 b=tIvRanyXc+fA63TFeEElKAa3Kx+LylC3RqhFwYR2twC1W8XKsu7kyioMTY10if2DIT
 29ZE1IANO5dzm0pzO9BisSOjEiSQOhcYtICgQKV9Sqn0Ih0/W23pZ6kCIvLlYci1hU52
 viIUYdYFzcSKu7X79TU+qee4Mo92e0MJGzJzl8AhOQsX2+yWGwVgE2vl1rFrKieMHyJv
 JlnTmQ5nd0/mwETefyEpbJD64zJSuRpa7fCQXwFJYZ4mCSgceY5iBsH1/LJR/fdJUrj/
 DyXVFqfvY3ZHsn+E8GhUdBp1Sa4SqPiyCWrySOIJ7md3DwRnufkdTkRoJAGoxeitf3rb
 ewjw==
X-Gm-Message-State: AOJu0Yy3WxmHHCnfVfQC0Gdp++Z4uId2amhj0QQE9ziQk2HFk4uivy5p
 fx+yi0rdQRuLmDvlkq2uQuVi9jhVVXoB50OvX/vBy8f//Qm6UaYLVf75Phyn7iejodBXsUXBb9Q
 iLdTZvtTirmos1a0t8rs9vkDP4nCcUhlXX86DyXeb
X-Google-Smtp-Source: AGHT+IH+H6MFjGtksIa6jdC7uCIfc99984hJs2tqslqiOl19mToq/j1qfRUp/miZJgMqWd6vTC2NLfDHkoIe
X-Received: by 2002:a05:6820:1515:b0:5c4:3977:a247 with SMTP id
 006d021491bc7-5d5ae208a8cmr16949eaf.0.1721831847643; 
 Wed, 24 Jul 2024 07:37:27 -0700 (PDT)
Received: from postal.iol.unh.edu (postal.iol.unh.edu. [132.177.123.84])
 by smtp-relay.gmail.com with ESMTPS id
 006d021491bc7-5d59ec2e39esm114146eaf.0.2024.07.24.07.37.27
 (version=TLS1_2 cipher=ECDHE-ECDSA-AES128-GCM-SHA256 bits=128/128);
 Wed, 24 Jul 2024 07:37:27 -0700 (PDT)
X-Relaying-Domain: iol.unh.edu
Date: Wed, 24 Jul 2024 07:37:27 -0700 (PDT)
Message-ID: <66a111a7.4a0a0220.73fae.88bcSMTPIN_ADDED_MISSING@mx.google.com>
Received: from [172.21.0.6] (unknown [172.18.0.240])
 by postal.iol.unh.edu (Postfix) with ESMTP id 24FEC6052722;
 Wed, 24 Jul 2024 10:37:27 -0400 (EDT)
Subject: |FAILURE| pw142671-142673 [PATCH] [v3,3/3] test-pmd: add more packet
From: dpdklab@iol.unh.edu
To: Test Report <test-report@dpdk.org>
Cc: dpdk-test-reports@iol.unh.edu,
 Stephen Hemminger <stephen@networkplumber.org>
In-Reply-To: <20240723203629.246735-4-stephen@networkplumber.org>
References: <20240723203629.246735-4-stephen@networkplumber.org>
Content-Type: text/plain
X-BeenThere: test-report@dpdk.org
X-Mailman-Version: 2.1.29
Precedence: list
List-Id: automatic DPDK test reports <test-report.dpdk.org>
List-Unsubscribe: <https://mails.dpdk.org/options/test-report>,
 <mailto:test-report-request@dpdk.org?subject=unsubscribe>
List-Archive: <http://mails.dpdk.org/archives/test-report/>
List-Post: <mailto:test-report@dpdk.org>
List-Help: <mailto:test-report-request@dpdk.org?subject=help>
List-Subscribe: <https://mails.dpdk.org/listinfo/test-report>,
 <mailto:test-report-request@dpdk.org?subject=subscribe>
Errors-To: test-report-bounces@dpdk.org

Test-Label: iol-compile-amd64-testing
Test-Status: FAILURE
http://dpdk.org/patch/142673

_Testing issues_

Submitter: Stephen Hemminger <stephen@networkplumber.org>
Date: Tuesday, July 23 2024 20:33:10 
DPDK git baseline: Repo:dpdk
  Branch: master
  CommitID:9cad88310860ad99f9133af39f9cf98e524de9ac

142671-142673 --> testing issues

Upstream job id: Generic-DPDK-Compile-Meson#279034

Test environment and result as below:

+---------------------+--------------------+----------------------+-------------------+------------------+-------------------+
|     Environment     | dpdk_meson_compile | dpdk_mingw64_compile | dpdk_msvc_compile | dpdk_compile_ovs | dpdk_compile_spdk |
+=====================+====================+======================+===================+==================+===================+
| Windows Server 2022 | FAIL               | FAIL                 | PASS              | SKIPPED          | SKIPPED           |
+---------------------+--------------------+----------------------+-------------------+------------------+-------------------+
| FreeBSD 13.3        | PASS               | SKIPPED              | SKIPPED           | SKIPPED          | SKIPPED           |
+---------------------+--------------------+----------------------+-------------------+------------------+-------------------+
| Windows Server 2019 | FAIL               | FAIL                 | SKIPPED           | SKIPPED          | SKIPPED           |
+---------------------+--------------------+----------------------+-------------------+------------------+-------------------+
| FreeBSD 14.1        | PASS               | SKIPPED              | SKIPPED           | SKIPPED          | SKIPPED           |
+---------------------+--------------------+----------------------+-------------------+------------------+-------------------+
| CentOS Stream 8     | PASS               | SKIPPED              | SKIPPED           | PASS             | PASS              |
+---------------------+--------------------+----------------------+-------------------+------------------+-------------------+
| CentOS Stream 9     | PASS               | SKIPPED              | SKIPPED           | PASS             | PASS              |
+---------------------+--------------------+----------------------+-------------------+------------------+-------------------+
| Debian Bullseye     | PASS               | SKIPPED              | SKIPPED           | PASS             | PASS              |
+---------------------+--------------------+----------------------+-------------------+------------------+-------------------+
| Debian 12           | PASS               | SKIPPED              | SKIPPED           | PASS             | PASS              |
+---------------------+--------------------+----------------------+-------------------+------------------+-------------------+
| Fedora 37           | PEND               | SKIPPED              | SKIPPED           | PEND             | PEND              |
+---------------------+--------------------+----------------------+-------------------+------------------+-------------------+
| Fedora 38 (Clang)   | PASS               | SKIPPED              | SKIPPED           | PASS             | PASS              |
+---------------------+--------------------+----------------------+-------------------+------------------+-------------------+
| Fedora 38           | PEND               | SKIPPED              | SKIPPED           | PEND             | PEND              |
+---------------------+--------------------+----------------------+-------------------+------------------+-------------------+
| Fedora 39 (Clang)   | PASS               | SKIPPED              | SKIPPED           | PASS             | PASS              |
+---------------------+--------------------+----------------------+-------------------+------------------+-------------------+
| Fedora 39           | PASS               | SKIPPED              | SKIPPED           | PASS             | PASS              |
+---------------------+--------------------+----------------------+-------------------+------------------+-------------------+
| Fedora 40 (Clang)   | PEND               | SKIPPED              | SKIPPED           | PEND             | PEND              |
+---------------------+--------------------+----------------------+-------------------+------------------+-------------------+
| Fedora 40           | PASS               | SKIPPED              | SKIPPED           | PASS             | PASS              |
+---------------------+--------------------+----------------------+-------------------+------------------+-------------------+
| openSUSE Leap 15    | PASS               | SKIPPED              | SKIPPED           | PASS             | SKIPPED           |
+---------------------+--------------------+----------------------+-------------------+------------------+-------------------+
| RHEL8               | PASS               | SKIPPED              | SKIPPED           | PASS             | SKIPPED           |
+---------------------+--------------------+----------------------+-------------------+------------------+-------------------+
| RHEL9               | PEND               | SKIPPED              | SKIPPED           | PEND             | SKIPPED           |
+---------------------+--------------------+----------------------+-------------------+------------------+-------------------+
| Ubuntu 20.04        | PEND               | SKIPPED              | SKIPPED           | PEND             | SKIPPED           |
+---------------------+--------------------+----------------------+-------------------+------------------+-------------------+
| Ubuntu 22.04        | PEND               | SKIPPED              | SKIPPED           | PEND             | PEND              |
+---------------------+--------------------+----------------------+-------------------+------------------+-------------------+
| Ubuntu 24.04        | PEND               | SKIPPED              | SKIPPED           | PEND             | PEND              |
+---------------------+--------------------+----------------------+-------------------+------------------+-------------------+
| Alpine              | PEND               | SKIPPED              | SKIPPED           | PEND             | SKIPPED           |
+---------------------+--------------------+----------------------+-------------------+------------------+-------------------+

==== 20 line log output for Windows Server 2019 (dpdk_mingw64_compile): ====
[241/752] Compiling C object lib/librte_eal.a.p/eal_x86_rte_mmu.c.obj
[242/752] Compiling C object lib/librte_mempool.a.p/mempool_rte_mempool.c.obj
[243/752] Compiling C object lib/librte_eal.a.p/eal_x86_rte_spinlock.c.obj
[244/752] Generating rte_ring_mingw with a custom command
[245/752] Generating rte_mbuf_mingw with a custom command
[246/752] Compiling C object lib/librte_mempool.a.p/mempool_rte_mempool_ops_default.c.obj
[247/752] Compiling C object lib/librte_mempool.a.p/mempool_mempool_trace_points.c.obj
[248/752] Compiling C object lib/librte_net.a.p/net_rte_dissect.c.obj
FAILED: lib/librte_net.a.p/net_rte_dissect.c.obj
"gcc" "-Ilib\librte_net.a.p" "-Ilib" "-I..\lib" "-Ilib\net" "-I..\lib\net" "-I." "-I.." "-Iconfig" "-I..\config" "-Ilib\eal\include" "-I..\lib\eal\include" "-Ilib\eal\windows\include" "-I..\lib\eal\windows\include" "-Ilib\eal\x86\include" "-I..\lib\eal\x86\include" "-Ilib\eal\common" "-I..\lib\eal\common" "-Ilib\eal" "-I..\lib\eal" "-Ilib\log" "-I..\lib\log" "-Ilib\kvargs" "-I..\lib\kvargs" "-Ilib\mbuf" "-I..\lib\mbuf" "-Ilib\mempool" "-I..\lib\mempool" "-Ilib\ring" "-I..\lib\ring" "-Ilib\metrics" "-I..\lib\metrics" "-Ilib\telemetry" "-I..\lib\telemetry" "-fdiagnostics-color=always" "-pipe" "-D_FILE_OFFSET_BITS=64" "-Wall" "-Winvalid-pch" "-Wextra" "-Werror" "-std=c11" "-O3" "-include" "rte_config.h" "-Wcast-qual" "-Wdeprecated" "-Wformat" "-Wformat-nonliteral" "-Wformat-security" "-Wmissing-declarations" "-Wmissing-prototypes" "-Wnested-externs" "-Wold-style-definition" "-Wpointer-arith" "-Wsign-compare" "-Wstrict-prototypes" "-Wundef" "-Wwrite-strings" "-Wno-packed-not-aligned" "-W
 no-missing-field-initializers" "-D_GNU_SOURCE" "-D_WIN32_WINNT=0x0A00" "-D__USE_MINGW_ANSI_STDIO" "-march=native" "-mno-avx512f" "-mrtm" "-DALLOW_EXPERIMENTAL_API" "-DALLOW_INTERNAL_API" "-Wno-format-truncation" "-DCC_X86_64_SSE42_PCLMULQDQ_SUPPORT" "-DRTE_LOG_DEFAULT_LOGTYPE=lib.net" -MD -MQ lib/librte_net.a.p/net_rte_dissect.c.obj -MF "lib\librte_net.a.p\net_rte_dissect.c.obj.d" -o lib/librte_net.a.p/net_rte_dissect.c.obj "-c" ../lib/net/rte_dissect.c
../lib/net/rte_dissect.c:12:10: fatal error: arpa/inet.h: No such file or directory
#include <arpa/inet.h>
^~~~~~~~~~~~~
compilation terminated.
[249/752] Compiling C object lib/librte_net.a.p/net_rte_arp.c.obj
[250/752] Compiling C object lib/librte_mbuf.a.p/mbuf_rte_mbuf_dyn.c.obj
[251/752] Compiling C object lib/librte_ring.a.p/ring_rte_ring.c.obj
[252/752] Compiling C object lib/librte_rcu.a.p/rcu_rte_rcu_qsbr.c.obj
[253/752] Compiling C object lib/librte_net.a.p/net_rte_ether.c.obj
ninja: build stopped: subcommand failed.
==== End log output ====

Windows Server 2022
	Kernel: 10.0.20348.2031
	Compiler: clang 15.0.7, gcc 8.1.0 (MinGW), and MSVC VS 17.9

FreeBSD 13.3
	Kernel: 13.3-RELEASE-p1
	Compiler: clang 17.0.6

Windows Server 2019
	Kernel: 10.0.17763
	Compiler: clang 14.0 and gcc 8.1.0 (MinGW)

FreeBSD 14.1
	Kernel: 14.1
	Compiler: clang 18.1.5

CentOS Stream 8
	Kernel: 5.4.0-167-generic
	Compiler: gcc 8.5.0 20210514

CentOS Stream 9
	Kernel: 5.4.0-167-generic
	Compiler: gcc 11.4.1 20230605

Debian Bullseye
	Kernel: 5.4.0-167-generic
	Compiler: gcc 10.2.1-6

Debian 12
	Kernel: Container Host Kernel
	Compiler: gcc 12.2.0

Fedora 37
	Kernel: Depends on container host system
	Compiler: gcc 12.3.1

Fedora 38 (Clang)
	Kernel: Depends on container host
	Compiler: clang 16.0.6

Fedora 38
	Kernel: Depends on container host
	Compiler: gcc 13.2.1

Fedora 39 (Clang)
	Kernel: Depends on container host
	Compiler: clang 17.0.6

Fedora 39
	Kernel: Depends on container host
	Compiler: gcc 13.2.1

Fedora 40 (Clang)
	Kernel: Depends on container host
	Compiler: clang 18.1.6

Fedora 40
	Kernel: Depends on container host
	Compiler: gcc 14.1.1

openSUSE Leap 15
	Kernel: 5.4.0-167-generic
	Compiler: gcc 7.5.0

RHEL8
	Kernel: 5.4.0-167-generic
	Compiler: gcc 8.5.0 20210514 (Red Hat 8.5.0-20)

RHEL9
	Kernel: Depends on container host
	Compiler: gcc 11.4.1

Ubuntu 20.04
	Kernel: 5.4.0-167-generic
	Compiler: gcc 9.4.0-1ubuntu1~20.04.1

Ubuntu 22.04
	Kernel: 5.4.0-167-generic
	Compiler: gcc 11.4.0

Ubuntu 24.04
	Kernel: 5.4.0-167-generic
	Compiler: gcc 13.2.0

Alpine
	Kernel: 5.4.0-167-generic
	Compiler: gcc (Alpine 13.2.1_git20231014) 13.2.1 20231014

To view detailed results, visit:
https://lab.dpdk.org/results/dashboard/patchsets/30599/

UNH-IOL DPDK Community Lab

To manage your email subscriptions, visit: 
https://lab.dpdk.org/results/dashboard/preferences/subscriptions/