From mboxrd@z Thu Jan  1 00:00:00 1970
Return-Path: <test-report-bounces@dpdk.org>
Received: from mails.dpdk.org (mails.dpdk.org [217.70.189.124])
	by inbox.dpdk.org (Postfix) with ESMTP id B991C456AF
	for <public@inbox.dpdk.org>; Thu, 25 Jul 2024 09:30:50 +0200 (CEST)
Received: from mails.dpdk.org (localhost [127.0.0.1])
	by mails.dpdk.org (Postfix) with ESMTP id B30E541101;
	Thu, 25 Jul 2024 09:30:50 +0200 (CEST)
Received: from mail-io1-f100.google.com (mail-io1-f100.google.com
 [209.85.166.100])
 by mails.dpdk.org (Postfix) with ESMTP id 6A40B40614
 for <test-report@dpdk.org>; Thu, 25 Jul 2024 09:30:49 +0200 (CEST)
Received: by mail-io1-f100.google.com with SMTP id
 ca18e2360f4ac-8076ef91d8eso24753239f.1
 for <test-report@dpdk.org>; Thu, 25 Jul 2024 00:30:49 -0700 (PDT)
DKIM-Signature: v=1; a=rsa-sha256; c=relaxed/relaxed;
 d=iol.unh.edu; s=unh-iol; t=1721892649; x=1722497449; darn=dpdk.org;
 h=references:in-reply-to:cc:to:from:subject:message-id:date:from:to
 :cc:subject:date:message-id:reply-to;
 bh=UQ/p4fK8OYA4rqSjwGMnh+gb8mkB1CjMaAwEr9AJYN0=;
 b=MacOpTwKjlSPIaZqqp/WPav7nmyZq8k88J8Df6/StvIgDtJD6DokuWV+L78BvRALtf
 GQdpcPpC1ia0VTqVX2WgAqu1LnaVqq57kKFFhzNApf7jLRATm+RvhR1ng9PQOYAKO9Sg
 JZ/bQ3o50TCogAQPmH4EQg6r/1Ui6/QbSRyTg=
X-Google-DKIM-Signature: v=1; a=rsa-sha256; c=relaxed/relaxed;
 d=1e100.net; s=20230601; t=1721892649; x=1722497449;
 h=references:in-reply-to:cc:to:from:subject:message-id:date
 :x-gm-message-state:from:to:cc:subject:date:message-id:reply-to;
 bh=UQ/p4fK8OYA4rqSjwGMnh+gb8mkB1CjMaAwEr9AJYN0=;
 b=LaYqQRWUFwRdt+nD+ueqJiNrwJzepxfby4wh2E0xMV9gpLDRexKqy3Zp/0Cl7hUJ0L
 61bo9VOFUyJsgBvC9Lx5uuIoOX/aXd5ESqH+jcsHdP1EGSIZTEtPnpTshC0ddzdi3a3k
 1iMNi8rJik7cGFYGlg/Es4pTj3wbu6fyHTMcF0FlqgNbhpnuT28lURCNQlRjXs4lTccp
 KOfOpSkEMRahTtLDppxFQEub3BL3/GeovIARnEDzXaSJPpynp7t3olZJj5UdYrm7TOvt
 pTEKzh1y2mg8HnIDCyrmiggB3P+pPWGw+usC/UfjGnMDLuqHnrQlKcxXod2WAFKy4zLC
 0X/w==
X-Gm-Message-State: AOJu0Yzj6WFobAcNn+maVF8gKgh4RDP37axIx7dDItfg3Zrmb2+jJ2NJ
 /w65u/EPDDfTns8zWrEwvNQgRSxaBRyV+M84NkDZbN3xHU8mAcdm+cqufDAtTCd1XVDinECluQW
 9EL1cKH5n94wn1XQ4xcdLq/oVwafst0Vo65aI/0RyvlPe52FYkm7+mUQS
X-Google-Smtp-Source: AGHT+IFcDeycgabSyaeZnCpScNatqp5/lMzedrJyX18kskMJHMBpeQWIRb4ZFRtmqIAUG8Gq/5U+tUCsJ8Pg
X-Received: by 2002:a05:6602:26c6:b0:7f9:59af:c26b with SMTP id
 ca18e2360f4ac-81f7e51c953mr138393739f.17.1721892648775; 
 Thu, 25 Jul 2024 00:30:48 -0700 (PDT)
Received: from postal.iol.unh.edu (postal.iol.unh.edu.
 [2606:4100:3880:1234::84]) by smtp-relay.gmail.com with ESMTPS id
 8926c6da1cb9f-4c29fc5e80csm54451173.80.2024.07.25.00.30.48
 (version=TLS1_2 cipher=ECDHE-ECDSA-AES128-GCM-SHA256 bits=128/128);
 Thu, 25 Jul 2024 00:30:48 -0700 (PDT)
X-Relaying-Domain: iol.unh.edu
Date: Thu, 25 Jul 2024 00:30:48 -0700 (PDT)
Message-ID: <66a1ff28.020a0220.17b97e.22deSMTPIN_ADDED_MISSING@mx.google.com>
Received: from [172.21.0.7] (unknown [172.18.0.240])
 by postal.iol.unh.edu (Postfix) with ESMTP id 45090605C351;
 Thu, 25 Jul 2024 03:30:48 -0400 (EDT)
Subject: |WARNING| pw142707-142709 [PATCH] [v4,3/3] test-pmd: add more packet
From: dpdklab@iol.unh.edu
To: Test Report <test-report@dpdk.org>
Cc: dpdk-test-reports@iol.unh.edu
In-Reply-To: <20240724184741.150763-4-stephen@networkplumber.org>
References: <20240724184741.150763-4-stephen@networkplumber.org>
Content-Type: text/plain
X-BeenThere: test-report@dpdk.org
X-Mailman-Version: 2.1.29
Precedence: list
List-Id: automatic DPDK test reports <test-report.dpdk.org>
List-Unsubscribe: <https://mails.dpdk.org/options/test-report>,
 <mailto:test-report-request@dpdk.org?subject=unsubscribe>
List-Archive: <http://mails.dpdk.org/archives/test-report/>
List-Post: <mailto:test-report@dpdk.org>
List-Help: <mailto:test-report-request@dpdk.org?subject=help>
List-Subscribe: <https://mails.dpdk.org/listinfo/test-report>,
 <mailto:test-report-request@dpdk.org?subject=subscribe>
Errors-To: test-report-bounces@dpdk.org

Test-Label: iol-compile-amd64-testing
Test-Status: WARNING
http://dpdk.org/patch/142709

_Testing issues_

Submitter: Stephen Hemminger <stephen@networkplumber.org>
Date: Wednesday, July 24 2024 18:46:14 
DPDK git baseline: Repo:dpdk
  Branch: master
  CommitID:82c47f005b9a0a1e3a649664b7713443d18abe43

142707-142709 --> testing issues

Upstream job id: Windows-Compile-DPDK-Meson#23833

Test environment and result as below:

+---------------------+--------------------+------------------+-------------------+----------------------+
|     Environment     | dpdk_meson_compile | dpdk_compile_ovs | dpdk_compile_spdk | dpdk_mingw64_compile |
+=====================+====================+==================+===================+======================+
| CentOS Stream 9     | PASS               | PASS             | PASS              | SKIPPED              |
+---------------------+--------------------+------------------+-------------------+----------------------+
| CentOS Stream 8     | PASS               | PASS             | PASS              | SKIPPED              |
+---------------------+--------------------+------------------+-------------------+----------------------+
| Debian Bullseye     | PASS               | PASS             | PASS              | SKIPPED              |
+---------------------+--------------------+------------------+-------------------+----------------------+
| Debian 12           | PASS               | PASS             | PASS              | SKIPPED              |
+---------------------+--------------------+------------------+-------------------+----------------------+
| Fedora 37           | PEND               | PEND             | PEND              | SKIPPED              |
+---------------------+--------------------+------------------+-------------------+----------------------+
| Fedora 39 (Clang)   | PEND               | PEND             | PEND              | SKIPPED              |
+---------------------+--------------------+------------------+-------------------+----------------------+
| Fedora 40 (Clang)   | PEND               | PEND             | PEND              | SKIPPED              |
+---------------------+--------------------+------------------+-------------------+----------------------+
| Fedora 39           | PEND               | PEND             | PEND              | SKIPPED              |
+---------------------+--------------------+------------------+-------------------+----------------------+
| Fedora 38 (Clang)   | PEND               | PEND             | PEND              | SKIPPED              |
+---------------------+--------------------+------------------+-------------------+----------------------+
| Fedora 40           | PEND               | PEND             | PEND              | SKIPPED              |
+---------------------+--------------------+------------------+-------------------+----------------------+
| Fedora 38           | PEND               | PEND             | PEND              | SKIPPED              |
+---------------------+--------------------+------------------+-------------------+----------------------+
| Ubuntu 22.04        | PEND               | PEND             | PEND              | SKIPPED              |
+---------------------+--------------------+------------------+-------------------+----------------------+
| RHEL9               | PEND               | PEND             | SKIPPED           | SKIPPED              |
+---------------------+--------------------+------------------+-------------------+----------------------+
| RHEL8               | PEND               | PEND             | SKIPPED           | SKIPPED              |
+---------------------+--------------------+------------------+-------------------+----------------------+
| Alpine              | PEND               | PEND             | SKIPPED           | SKIPPED              |
+---------------------+--------------------+------------------+-------------------+----------------------+
| Ubuntu 20.04        | PEND               | PEND             | SKIPPED           | SKIPPED              |
+---------------------+--------------------+------------------+-------------------+----------------------+
| Ubuntu 24.04        | PEND               | PEND             | PEND              | SKIPPED              |
+---------------------+--------------------+------------------+-------------------+----------------------+
| openSUSE Leap 15    | PEND               | PEND             | SKIPPED           | SKIPPED              |
+---------------------+--------------------+------------------+-------------------+----------------------+
| Windows Server 2022 | PASS               | SKIPPED          | SKIPPED           | PEND                 |
+---------------------+--------------------+------------------+-------------------+----------------------+
| Windows Server 2019 | PEND               | SKIPPED          | SKIPPED           | FAIL                 |
+---------------------+--------------------+------------------+-------------------+----------------------+
| FreeBSD 13.3        | PASS               | SKIPPED          | SKIPPED           | SKIPPED              |
+---------------------+--------------------+------------------+-------------------+----------------------+
| FreeBSD 14.1        | PEND               | SKIPPED          | SKIPPED           | SKIPPED              |
+---------------------+--------------------+------------------+-------------------+----------------------+

==== 20 line log output for Windows Server 2019 (dpdk_mingw64_compile): ====
In file included from ..\lib\net/rte_ip.h:21,
from ../lib/net/rte_dissect.c:20:
C:/mingw64/mingw64/x86_64-w64-mingw32/include/ws2tcpip.h:447:63: note: expected 'PVOID' {aka 'void *'} but argument is of type 'const uint8_t *' {aka 'const unsigned char *'}
WINSOCK_API_LINKAGE LPCSTR WSAAPI InetNtopA(INT Family, PVOID pAddr, LPSTR pStringBuf, size_t StringBufSize);
~~~~~~^~~~~
../lib/net/rte_dissect.c:292:29: error: passing argument 2 of 'inet_ntop' discards 'const' qualifier from pointer target type [-Werror=discarded-qualifiers]
inet_ntop(AF_INET6, ip6_hdr->dst_addr, dbuf, sizeof(dbuf));
~~~~~~~^~~~~~~~~~
In file included from ..\lib\net/rte_ip.h:21,
from ../lib/net/rte_dissect.c:20:
C:/mingw64/mingw64/x86_64-w64-mingw32/include/ws2tcpip.h:447:63: note: expected 'PVOID' {aka 'void *'} but argument is of type 'const uint8_t *' {aka 'const unsigned char *'}
WINSOCK_API_LINKAGE LPCSTR WSAAPI InetNtopA(INT Family, PVOID pAddr, LPSTR pStringBuf, size_t StringBufSize);
~~~~~~^~~~~
cc1.exe: all warnings being treated as errors
[253/752] Generating rte_mempool_mingw with a custom command
[254/752] Compiling C object lib/librte_eal.a.p/eal_x86_rte_mmu.c.obj
[255/752] Compiling C object lib/librte_net.a.p/net_rte_net.c.obj
[256/752] Compiling C object lib/librte_mempool.a.p/mempool_rte_mempool_ops_default.c.obj
[257/752] Compiling C object lib/librte_mempool.a.p/mempool_rte_mempool.c.obj
ninja: build stopped: subcommand failed.
==== End log output ====

CentOS Stream 9
	Kernel: 5.4.0-167-generic
	Compiler: gcc 11.4.1 20230605

CentOS Stream 8
	Kernel: 5.4.0-167-generic
	Compiler: gcc 8.5.0 20210514

Debian Bullseye
	Kernel: 5.4.0-167-generic
	Compiler: gcc 10.2.1-6

Debian 12
	Kernel: Container Host Kernel
	Compiler: gcc 12.2.0

Fedora 37
	Kernel: Depends on container host system
	Compiler: gcc 12.3.1

Fedora 39 (Clang)
	Kernel: Depends on container host
	Compiler: clang 17.0.6

Fedora 40 (Clang)
	Kernel: Depends on container host
	Compiler: clang 18.1.6

Fedora 39
	Kernel: Depends on container host
	Compiler: gcc 13.2.1

Fedora 38 (Clang)
	Kernel: Depends on container host
	Compiler: clang 16.0.6

Fedora 40
	Kernel: Depends on container host
	Compiler: gcc 14.1.1

Fedora 38
	Kernel: Depends on container host
	Compiler: gcc 13.2.1

Ubuntu 22.04
	Kernel: 5.4.0-167-generic
	Compiler: gcc 11.4.0

RHEL9
	Kernel: Depends on container host
	Compiler: gcc 11.4.1

RHEL8
	Kernel: 5.4.0-167-generic
	Compiler: gcc 8.5.0 20210514 (Red Hat 8.5.0-20)

Alpine
	Kernel: 5.4.0-167-generic
	Compiler: gcc (Alpine 13.2.1_git20231014) 13.2.1 20231014

Ubuntu 20.04
	Kernel: 5.4.0-167-generic
	Compiler: gcc 9.4.0-1ubuntu1~20.04.1

Ubuntu 24.04
	Kernel: 5.4.0-167-generic
	Compiler: gcc 13.2.0

openSUSE Leap 15
	Kernel: 5.4.0-167-generic
	Compiler: gcc 7.5.0

Windows Server 2022
	Kernel: 10.0.20348.2031
	Compiler: clang 15.0.7, gcc 8.1.0 (MinGW), and MSVC VS 17.9

Windows Server 2019
	Kernel: 10.0.17763
	Compiler: clang 14.0 and gcc 8.1.0 (MinGW)

FreeBSD 13.3
	Kernel: 13.3-RELEASE-p1
	Compiler: clang 17.0.6

FreeBSD 14.1
	Kernel: 14.1
	Compiler: clang 18.1.5

To view detailed results, visit:
https://lab.dpdk.org/results/dashboard/patchsets/30615/

UNH-IOL DPDK Community Lab

To manage your email subscriptions, visit: 
https://lab.dpdk.org/results/dashboard/preferences/subscriptions/