From mboxrd@z Thu Jan  1 00:00:00 1970
Return-Path: <test-report-bounces@dpdk.org>
Received: from mails.dpdk.org (mails.dpdk.org [217.70.189.124])
	by inbox.dpdk.org (Postfix) with ESMTP id 4A55C456AF
	for <public@inbox.dpdk.org>; Thu, 25 Jul 2024 09:44:23 +0200 (CEST)
Received: from mails.dpdk.org (localhost [127.0.0.1])
	by mails.dpdk.org (Postfix) with ESMTP id 457F141101;
	Thu, 25 Jul 2024 09:44:23 +0200 (CEST)
Received: from mail-oo1-f100.google.com (mail-oo1-f100.google.com
 [209.85.161.100])
 by mails.dpdk.org (Postfix) with ESMTP id 00FDD40614
 for <test-report@dpdk.org>; Thu, 25 Jul 2024 09:44:06 +0200 (CEST)
Received: by mail-oo1-f100.google.com with SMTP id
 006d021491bc7-5cebf0b37fcso415593eaf.1
 for <test-report@dpdk.org>; Thu, 25 Jul 2024 00:44:05 -0700 (PDT)
DKIM-Signature: v=1; a=rsa-sha256; c=relaxed/relaxed;
 d=iol.unh.edu; s=unh-iol; t=1721893445; x=1722498245; darn=dpdk.org;
 h=references:in-reply-to:cc:to:from:subject:message-id:date:from:to
 :cc:subject:date:message-id:reply-to;
 bh=2uLJZeattGOkuS4WRBB2l16vcJa1gkDWY/CSE0edWZU=;
 b=gqoExIY3mPK6WA1xBr+8H4tAwyQwqnBlGah0lobmuh3UcKV2c9EXbcmsp3mcqLttyr
 t8TZbWv4WG4VrWPFVtGC/9n2KrFtH3wM2VmxX3b820cOqRONSBrW7v6V6SxAekgZyiVF
 UA6XFpkfWQ393R+Sivo0JEz9ae8U/t2nnr/lI=
X-Google-DKIM-Signature: v=1; a=rsa-sha256; c=relaxed/relaxed;
 d=1e100.net; s=20230601; t=1721893445; x=1722498245;
 h=references:in-reply-to:cc:to:from:subject:message-id:date
 :x-gm-message-state:from:to:cc:subject:date:message-id:reply-to;
 bh=2uLJZeattGOkuS4WRBB2l16vcJa1gkDWY/CSE0edWZU=;
 b=RqcxDOqXWwD5GwyQorzpp8Dl3AiZQYIHCIIiSWGRePBW6C2ifcKOp+L+b+E5BQxqkZ
 qKdWwNG+JMP4Z+ipkof2/NsEmTL84AwsJJh1Y/bk3dT+TT9sRdr7JvxIjwi+ALKlrmQg
 f9Gbiwc6ukm3n39xx4MAvG4zdjRyZ5WLLOEcMXXQJP4N11rfXQbmprFmC1fbWFV4n4XB
 4nmX6OU1GN42QCcn0tSENcZX/P3I77RSY2DgM5rygzMQrrFjveo0RwPtuizyZntkIR2v
 AeRQ48isVDNWm+Tridmo71dwfy9XB5omDDnz9T9DfJZ92VzJVbVCeO6Yf4t+o2ybUC/s
 Tzsw==
X-Gm-Message-State: AOJu0YxUQWFpiqy4o43ZyOL26iNOe/EKKP0KMffSR4chtLCRjGt7tIRF
 mqEpKsZtez9v0FKEeUSXBqgUkACZGSkSIXonHjiOHPdgvzd9rEikq/T+ed8ndxC+CH1j4lvvb0m
 V7jGNZCj0zotxuHlZdYG9DinraiB3hGkWLv3xww3KQqO1JWnTjDmgkPVf
X-Google-Smtp-Source: AGHT+IGJiO2a/IElftjRHfq6lMBg6KGK3lAF3TsJEXgrUg/TXusOMg7mrlY1SpKQBIECkn7GIlL/wR0H/+zt
X-Received: by 2002:a05:6870:17a9:b0:25e:24b:e662 with SMTP id
 586e51a60fabf-264a1044167mr2402279fac.34.1721893445029; 
 Thu, 25 Jul 2024 00:44:05 -0700 (PDT)
Received: from postal.iol.unh.edu (postal.iol.unh.edu.
 [2606:4100:3880:1234::84]) by smtp-relay.gmail.com with ESMTPS id
 586e51a60fabf-2655e1fb5c9sm80405fac.31.2024.07.25.00.44.04
 (version=TLS1_2 cipher=ECDHE-ECDSA-AES128-GCM-SHA256 bits=128/128);
 Thu, 25 Jul 2024 00:44:05 -0700 (PDT)
X-Relaying-Domain: iol.unh.edu
Date: Thu, 25 Jul 2024 00:44:05 -0700 (PDT)
Message-ID: <66a20245.050a0220.1058f8.2d17SMTPIN_ADDED_MISSING@mx.google.com>
Received: from [172.21.0.7] (unknown [172.18.0.240])
 by postal.iol.unh.edu (Postfix) with ESMTP id 80F7F605C351;
 Thu, 25 Jul 2024 03:44:04 -0400 (EDT)
Subject: |WARNING| pw142707-142709 [PATCH] [v4,3/3] test-pmd: add more packet
From: dpdklab@iol.unh.edu
To: Test Report <test-report@dpdk.org>
Cc: dpdk-test-reports@iol.unh.edu
In-Reply-To: <20240724184741.150763-4-stephen@networkplumber.org>
References: <20240724184741.150763-4-stephen@networkplumber.org>
Content-Type: text/plain
X-BeenThere: test-report@dpdk.org
X-Mailman-Version: 2.1.29
Precedence: list
List-Id: automatic DPDK test reports <test-report.dpdk.org>
List-Unsubscribe: <https://mails.dpdk.org/options/test-report>,
 <mailto:test-report-request@dpdk.org?subject=unsubscribe>
List-Archive: <http://mails.dpdk.org/archives/test-report/>
List-Post: <mailto:test-report@dpdk.org>
List-Help: <mailto:test-report-request@dpdk.org?subject=help>
List-Subscribe: <https://mails.dpdk.org/listinfo/test-report>,
 <mailto:test-report-request@dpdk.org?subject=subscribe>
Errors-To: test-report-bounces@dpdk.org

Test-Label: iol-compile-amd64-testing
Test-Status: WARNING
http://dpdk.org/patch/142709

_Testing issues_

Submitter: Stephen Hemminger <stephen@networkplumber.org>
Date: Wednesday, July 24 2024 18:46:14 
DPDK git baseline: Repo:dpdk
  Branch: master
  CommitID:82c47f005b9a0a1e3a649664b7713443d18abe43

142707-142709 --> testing issues

Upstream job id: Generic-DPDK-Compile-Meson#279602

Test environment and result as below:

+---------------------+--------------------+------------------+-------------------+----------------------+
|     Environment     | dpdk_meson_compile | dpdk_compile_ovs | dpdk_compile_spdk | dpdk_mingw64_compile |
+=====================+====================+==================+===================+======================+
| CentOS Stream 9     | PASS               | PASS             | PASS              | SKIPPED              |
+---------------------+--------------------+------------------+-------------------+----------------------+
| CentOS Stream 8     | PASS               | PASS             | PASS              | SKIPPED              |
+---------------------+--------------------+------------------+-------------------+----------------------+
| Debian Bullseye     | PASS               | PASS             | PASS              | SKIPPED              |
+---------------------+--------------------+------------------+-------------------+----------------------+
| Debian 12           | PASS               | PASS             | PASS              | SKIPPED              |
+---------------------+--------------------+------------------+-------------------+----------------------+
| Fedora 37           | PEND               | PEND             | PEND              | SKIPPED              |
+---------------------+--------------------+------------------+-------------------+----------------------+
| Fedora 39 (Clang)   | PEND               | PEND             | PEND              | SKIPPED              |
+---------------------+--------------------+------------------+-------------------+----------------------+
| Fedora 40 (Clang)   | PEND               | PEND             | PEND              | SKIPPED              |
+---------------------+--------------------+------------------+-------------------+----------------------+
| Fedora 39           | PASS               | PASS             | PASS              | SKIPPED              |
+---------------------+--------------------+------------------+-------------------+----------------------+
| Fedora 38 (Clang)   | PEND               | PEND             | PEND              | SKIPPED              |
+---------------------+--------------------+------------------+-------------------+----------------------+
| Fedora 40           | PASS               | PASS             | PASS              | SKIPPED              |
+---------------------+--------------------+------------------+-------------------+----------------------+
| Fedora 38           | PEND               | PEND             | PEND              | SKIPPED              |
+---------------------+--------------------+------------------+-------------------+----------------------+
| Ubuntu 22.04        | PASS               | PASS             | PASS              | SKIPPED              |
+---------------------+--------------------+------------------+-------------------+----------------------+
| RHEL9               | PASS               | PASS             | SKIPPED           | SKIPPED              |
+---------------------+--------------------+------------------+-------------------+----------------------+
| RHEL8               | PASS               | PASS             | SKIPPED           | SKIPPED              |
+---------------------+--------------------+------------------+-------------------+----------------------+
| Alpine              | PASS               | PASS             | SKIPPED           | SKIPPED              |
+---------------------+--------------------+------------------+-------------------+----------------------+
| Ubuntu 20.04        | PASS               | PASS             | SKIPPED           | SKIPPED              |
+---------------------+--------------------+------------------+-------------------+----------------------+
| Ubuntu 24.04        | PEND               | PEND             | PEND              | SKIPPED              |
+---------------------+--------------------+------------------+-------------------+----------------------+
| openSUSE Leap 15    | PASS               | PASS             | SKIPPED           | SKIPPED              |
+---------------------+--------------------+------------------+-------------------+----------------------+
| Windows Server 2022 | PASS               | SKIPPED          | SKIPPED           | FAIL                 |
+---------------------+--------------------+------------------+-------------------+----------------------+
| Windows Server 2019 | PASS               | SKIPPED          | SKIPPED           | FAIL                 |
+---------------------+--------------------+------------------+-------------------+----------------------+
| FreeBSD 13.3        | PASS               | SKIPPED          | SKIPPED           | SKIPPED              |
+---------------------+--------------------+------------------+-------------------+----------------------+
| FreeBSD 14.1        | PASS               | SKIPPED          | SKIPPED           | SKIPPED              |
+---------------------+--------------------+------------------+-------------------+----------------------+

==== 20 line log output for Windows Server 2019 (dpdk_mingw64_compile): ====
In file included from ..\lib\net/rte_ip.h:21,
from ../lib/net/rte_dissect.c:20:
C:/mingw64/mingw64/x86_64-w64-mingw32/include/ws2tcpip.h:447:63: note: expected 'PVOID' {aka 'void *'} but argument is of type 'const uint8_t *' {aka 'const unsigned char *'}
WINSOCK_API_LINKAGE LPCSTR WSAAPI InetNtopA(INT Family, PVOID pAddr, LPSTR pStringBuf, size_t StringBufSize);
~~~~~~^~~~~
../lib/net/rte_dissect.c:292:29: error: passing argument 2 of 'inet_ntop' discards 'const' qualifier from pointer target type [-Werror=discarded-qualifiers]
inet_ntop(AF_INET6, ip6_hdr->dst_addr, dbuf, sizeof(dbuf));
~~~~~~~^~~~~~~~~~
In file included from ..\lib\net/rte_ip.h:21,
from ../lib/net/rte_dissect.c:20:
C:/mingw64/mingw64/x86_64-w64-mingw32/include/ws2tcpip.h:447:63: note: expected 'PVOID' {aka 'void *'} but argument is of type 'const uint8_t *' {aka 'const unsigned char *'}
WINSOCK_API_LINKAGE LPCSTR WSAAPI InetNtopA(INT Family, PVOID pAddr, LPSTR pStringBuf, size_t StringBufSize);
~~~~~~^~~~~
cc1.exe: all warnings being treated as errors
[253/752] Generating rte_mempool_mingw with a custom command
[254/752] Compiling C object lib/librte_eal.a.p/eal_x86_rte_mmu.c.obj
[255/752] Compiling C object lib/librte_net.a.p/net_rte_net.c.obj
[256/752] Compiling C object lib/librte_mempool.a.p/mempool_rte_mempool_ops_default.c.obj
[257/752] Compiling C object lib/librte_mempool.a.p/mempool_rte_mempool.c.obj
ninja: build stopped: subcommand failed.
==== End log output ====

CentOS Stream 9
	Kernel: 5.4.0-167-generic
	Compiler: gcc 11.4.1 20230605

CentOS Stream 8
	Kernel: 5.4.0-167-generic
	Compiler: gcc 8.5.0 20210514

Debian Bullseye
	Kernel: 5.4.0-167-generic
	Compiler: gcc 10.2.1-6

Debian 12
	Kernel: Container Host Kernel
	Compiler: gcc 12.2.0

Fedora 37
	Kernel: Depends on container host system
	Compiler: gcc 12.3.1

Fedora 39 (Clang)
	Kernel: Depends on container host
	Compiler: clang 17.0.6

Fedora 40 (Clang)
	Kernel: Depends on container host
	Compiler: clang 18.1.6

Fedora 39
	Kernel: Depends on container host
	Compiler: gcc 13.2.1

Fedora 38 (Clang)
	Kernel: Depends on container host
	Compiler: clang 16.0.6

Fedora 40
	Kernel: Depends on container host
	Compiler: gcc 14.1.1

Fedora 38
	Kernel: Depends on container host
	Compiler: gcc 13.2.1

Ubuntu 22.04
	Kernel: 5.4.0-167-generic
	Compiler: gcc 11.4.0

RHEL9
	Kernel: Depends on container host
	Compiler: gcc 11.4.1

RHEL8
	Kernel: 5.4.0-167-generic
	Compiler: gcc 8.5.0 20210514 (Red Hat 8.5.0-20)

Alpine
	Kernel: 5.4.0-167-generic
	Compiler: gcc (Alpine 13.2.1_git20231014) 13.2.1 20231014

Ubuntu 20.04
	Kernel: 5.4.0-167-generic
	Compiler: gcc 9.4.0-1ubuntu1~20.04.1

Ubuntu 24.04
	Kernel: 5.4.0-167-generic
	Compiler: gcc 13.2.0

openSUSE Leap 15
	Kernel: 5.4.0-167-generic
	Compiler: gcc 7.5.0

Windows Server 2022
	Kernel: 10.0.20348.2031
	Compiler: clang 15.0.7, gcc 8.1.0 (MinGW), and MSVC VS 17.9

Windows Server 2019
	Kernel: 10.0.17763
	Compiler: clang 14.0 and gcc 8.1.0 (MinGW)

FreeBSD 13.3
	Kernel: 13.3-RELEASE-p1
	Compiler: clang 17.0.6

FreeBSD 14.1
	Kernel: 14.1
	Compiler: clang 18.1.5

To view detailed results, visit:
https://lab.dpdk.org/results/dashboard/patchsets/30615/

UNH-IOL DPDK Community Lab

To manage your email subscriptions, visit: 
https://lab.dpdk.org/results/dashboard/preferences/subscriptions/