From mboxrd@z Thu Jan  1 00:00:00 1970
Return-Path: <test-report-bounces@dpdk.org>
Received: from mails.dpdk.org (mails.dpdk.org [217.70.189.124])
	by inbox.dpdk.org (Postfix) with ESMTP id 73CD7456B1
	for <public@inbox.dpdk.org>; Thu, 25 Jul 2024 10:21:06 +0200 (CEST)
Received: from mails.dpdk.org (localhost [127.0.0.1])
	by mails.dpdk.org (Postfix) with ESMTP id 6BC0F42DDC;
	Thu, 25 Jul 2024 10:21:06 +0200 (CEST)
Received: from mail-ot1-f98.google.com (mail-ot1-f98.google.com
 [209.85.210.98]) by mails.dpdk.org (Postfix) with ESMTP id 5A24940648
 for <test-report@dpdk.org>; Thu, 25 Jul 2024 10:21:05 +0200 (CEST)
Received: by mail-ot1-f98.google.com with SMTP id
 46e09a7af769-7036e383089so330432a34.2
 for <test-report@dpdk.org>; Thu, 25 Jul 2024 01:21:05 -0700 (PDT)
DKIM-Signature: v=1; a=rsa-sha256; c=relaxed/relaxed;
 d=iol.unh.edu; s=unh-iol; t=1721895664; x=1722500464; darn=dpdk.org;
 h=references:in-reply-to:cc:to:from:subject:message-id:date:from:to
 :cc:subject:date:message-id:reply-to;
 bh=dznA3OXF+uWIZ3tniKWzULtTAw3IHoMzZK2uEj4QA+g=;
 b=ZyyBwdUmFYY8yHaHEzwp3Ay+ZxRR9UzDLVjDrR7QLptVcgG6V8f8I5i8HiBcijcCNG
 wxz85pOBOpLHUWPn+PrXlGmRjy/TpvqZf0dP1sS/TBKS8idR/P9HNwz87eO7sNJxA6Zq
 tyA6TE/SxZg9DrmB5uA900ne9Xc6efaI3InLY=
X-Google-DKIM-Signature: v=1; a=rsa-sha256; c=relaxed/relaxed;
 d=1e100.net; s=20230601; t=1721895664; x=1722500464;
 h=references:in-reply-to:cc:to:from:subject:message-id:date
 :x-gm-message-state:from:to:cc:subject:date:message-id:reply-to;
 bh=dznA3OXF+uWIZ3tniKWzULtTAw3IHoMzZK2uEj4QA+g=;
 b=DlR/M46zhqfBoTuLPJBoez6fJmmkyJeXNzSiMdFtYmYyA49oRgVq6vOky4l4BDzTn+
 JlfQo+AxDBG5ds8vmvG+G2hAbMe6+bqWQxRmz+hy5PmnWmBCiIpvSn3UmIawOMlm0PL6
 by81HW6yLfnroMnUXYHfaBfIPa139d6Xs74wre2pQEYibuzgw53PaU5Ee1Qis9OG+WQP
 c4UrvDIuTxPT3wjhggmi8fyQA0WRwY1quM9PVJAipzJRkyF9qQsl11C7UOKodK2I+BJp
 5CH1fSWA51R6rNxTxYRDU3hlKsjX9vy4rC5msm3Ykmu99bYSafzNDJms5ybUVJci190C
 Rc2A==
X-Gm-Message-State: AOJu0YxPbGQWEinlskY8PzV1VPhFmUDbkr+6JOChFl0CI9h4fMF3wtF/
 kPtkTp2yMlqVHVVB2fIrZnOUT3LfZkohekNAOImdRWHp22qtZrI+Mtno3tfUnxySr6Gryi1wv7A
 D211YiezzgagnkUkZ4QZwfRFgYMKLthe8xVV5535K
X-Google-Smtp-Source: AGHT+IGgmoqhkIZeN2fHymd100iTeZalHo/JfDuSRXVL5Ad+vNfR69jLl9ydeDP7j/GXIGollvRz4uUnFbub
X-Received: by 2002:a05:6870:f154:b0:260:f5c6:e9ec with SMTP id
 586e51a60fabf-264a0d6ce5fmr2225558fac.17.1721895664437; 
 Thu, 25 Jul 2024 01:21:04 -0700 (PDT)
Received: from postal.iol.unh.edu (postal.iol.unh.edu. [132.177.123.84])
 by smtp-relay.gmail.com with ESMTPS id
 d2e1a72fcca58-70ead72f6c2sm95934b3a.3.2024.07.25.01.21.04
 (version=TLS1_2 cipher=ECDHE-ECDSA-AES128-GCM-SHA256 bits=128/128);
 Thu, 25 Jul 2024 01:21:04 -0700 (PDT)
X-Relaying-Domain: iol.unh.edu
Date: Thu, 25 Jul 2024 01:21:04 -0700 (PDT)
Message-ID: <66a20af0.050a0220.3cbc71.3f73SMTPIN_ADDED_MISSING@mx.google.com>
Received: from [172.17.0.3] (unknown [172.18.0.217])
 by postal.iol.unh.edu (Postfix) with ESMTP id 8170F60524C8;
 Thu, 25 Jul 2024 04:21:03 -0400 (EDT)
Subject: |FAILURE| pw142707-142709 [PATCH] [v4,3/3] test-pmd: add more packet
From: dpdklab@iol.unh.edu
To: Test Report <test-report@dpdk.org>
Cc: dpdk-test-reports@iol.unh.edu,
 Stephen Hemminger <stephen@networkplumber.org>
In-Reply-To: <20240724184741.150763-4-stephen@networkplumber.org>
References: <20240724184741.150763-4-stephen@networkplumber.org>
Content-Type: text/plain
X-BeenThere: test-report@dpdk.org
X-Mailman-Version: 2.1.29
Precedence: list
List-Id: automatic DPDK test reports <test-report.dpdk.org>
List-Unsubscribe: <https://mails.dpdk.org/options/test-report>,
 <mailto:test-report-request@dpdk.org?subject=unsubscribe>
List-Archive: <http://mails.dpdk.org/archives/test-report/>
List-Post: <mailto:test-report@dpdk.org>
List-Help: <mailto:test-report-request@dpdk.org?subject=help>
List-Subscribe: <https://mails.dpdk.org/listinfo/test-report>,
 <mailto:test-report-request@dpdk.org?subject=subscribe>
Errors-To: test-report-bounces@dpdk.org

Test-Label: iol-unit-amd64-testing
Test-Status: FAILURE
http://dpdk.org/patch/142709

_Testing issues_

Submitter: Stephen Hemminger <stephen@networkplumber.org>
Date: Wednesday, July 24 2024 18:46:14 
DPDK git baseline: Repo:dpdk
  Branch: master
  CommitID:82c47f005b9a0a1e3a649664b7713443d18abe43

142707-142709 --> testing issues

Upstream job id: Generic-Unit-Test-DPDK#244613

Test environment and result as below:

+---------------------+----------------+
|     Environment     | dpdk_unit_test |
+=====================+================+
| Windows Server 2019 | PASS           |
+---------------------+----------------+
| Windows Server 2022 | FAIL           |
+---------------------+----------------+
| CentOS Stream 8     | PASS           |
+---------------------+----------------+
| CentOS Stream 9     | PASS           |
+---------------------+----------------+
| Debian Bullseye     | PASS           |
+---------------------+----------------+
| Debian 12           | PASS           |
+---------------------+----------------+
| Fedora 37           | PASS           |
+---------------------+----------------+
| Fedora 39 (Clang)   | PEND           |
+---------------------+----------------+
| Fedora 38 (Clang)   | PEND           |
+---------------------+----------------+
| Fedora 39           | PASS           |
+---------------------+----------------+
| Fedora 38           | PEND           |
+---------------------+----------------+
| Fedora 40           | PEND           |
+---------------------+----------------+
| openSUSE Leap 15    | PEND           |
+---------------------+----------------+

==== Unit test summary for Windows Server 2022 (dpdk_unit_test): ====
Failed to get the unit test results.
Displaying the unit test results is not supported for some environments,
such as our aarch32 testing, where meson is not used to run the tests.
Download the logs available on our CI site.
==== End log output ====

Windows Server 2019
	Kernel: 10.0.17763
	Compiler: clang 14.0 and gcc 8.1.0 (MinGW)

Windows Server 2022
	Kernel: 10.0.20348.2031
	Compiler: clang 15.0.7, gcc 8.1.0 (MinGW), and MSVC VS 17.9

CentOS Stream 8
	Kernel: 5.4.0-167-generic
	Compiler: gcc 8.5.0 20210514

CentOS Stream 9
	Kernel: 5.4.0-167-generic
	Compiler: gcc 11.4.1 20230605

Debian Bullseye
	Kernel: 5.4.0-167-generic
	Compiler: gcc 10.2.1-6

Debian 12
	Kernel: Container Host Kernel
	Compiler: gcc 12.2.0

Fedora 37
	Kernel: Depends on container host system
	Compiler: gcc 12.3.1

Fedora 39 (Clang)
	Kernel: Depends on container host
	Compiler: clang 17.0.6

Fedora 38 (Clang)
	Kernel: Depends on container host
	Compiler: clang 16.0.6

Fedora 39
	Kernel: Depends on container host
	Compiler: gcc 13.2.1

Fedora 38
	Kernel: Depends on container host
	Compiler: gcc 13.2.1

Fedora 40
	Kernel: Depends on container host
	Compiler: gcc 14.1.1

openSUSE Leap 15
	Kernel: 5.4.0-167-generic
	Compiler: gcc 7.5.0

To view detailed results, visit:
https://lab.dpdk.org/results/dashboard/patchsets/30615/

UNH-IOL DPDK Community Lab

To manage your email subscriptions, visit: 
https://lab.dpdk.org/results/dashboard/preferences/subscriptions/