From mboxrd@z Thu Jan  1 00:00:00 1970
Return-Path: <test-report-bounces@dpdk.org>
Received: from mails.dpdk.org (mails.dpdk.org [217.70.189.124])
	by inbox.dpdk.org (Postfix) with ESMTP id B8947456B2
	for <public@inbox.dpdk.org>; Thu, 25 Jul 2024 10:39:22 +0200 (CEST)
Received: from mails.dpdk.org (localhost [127.0.0.1])
	by mails.dpdk.org (Postfix) with ESMTP id ADA0B42FB2;
	Thu, 25 Jul 2024 10:39:22 +0200 (CEST)
Received: from mail-oa1-f97.google.com (mail-oa1-f97.google.com
 [209.85.160.97]) by mails.dpdk.org (Postfix) with ESMTP id 2440040648
 for <test-report@dpdk.org>; Thu, 25 Jul 2024 10:38:25 +0200 (CEST)
Received: by mail-oa1-f97.google.com with SMTP id
 586e51a60fabf-260f1664fdfso331363fac.1
 for <test-report@dpdk.org>; Thu, 25 Jul 2024 01:38:25 -0700 (PDT)
DKIM-Signature: v=1; a=rsa-sha256; c=relaxed/relaxed;
 d=iol.unh.edu; s=unh-iol; t=1721896704; x=1722501504; darn=dpdk.org;
 h=references:in-reply-to:cc:to:from:subject:message-id:date:from:to
 :cc:subject:date:message-id:reply-to;
 bh=V06bNUMPmWAKBkRxHKhpLXm56eM4UwSfFEWxLLqCIb8=;
 b=fv75DGGqlMcvLG4PsijRtlusbtx7f9pOqthH0hrbsJb1iP0gjS7evRzMicGPEermD4
 AgVCooZ7FEgcxcS23mPKaaE2kro5A8UHppei6sZTPjaUkaMNqMmVDwdT9/1kzX92khhj
 XtF4UTKMcOR5BHMWh5hvpAkBvJnprijSC9h6A=
X-Google-DKIM-Signature: v=1; a=rsa-sha256; c=relaxed/relaxed;
 d=1e100.net; s=20230601; t=1721896704; x=1722501504;
 h=references:in-reply-to:cc:to:from:subject:message-id:date
 :x-gm-message-state:from:to:cc:subject:date:message-id:reply-to;
 bh=V06bNUMPmWAKBkRxHKhpLXm56eM4UwSfFEWxLLqCIb8=;
 b=DsyC9rQAhSPDLzVXYhwWe12WsqBxwK7+21yTjx9qUnda4slPqAmPmDdGSam/WQNYJC
 BF7XjtfdoH+cSJec0Y8nAndxQ/BEesQ7hLh6Gk1vcLgQKHD6pRIwTNAbwBnHKA9cg5KL
 NTBqSWpNg7x0leNlp/NYf5GKp+GKyAh7iThI+Nw246rDT3yEenTuZQ/GARN5hUeoVgsr
 hz4y/OC7zA0IE94KCBHsz+Vhx3wgvL+Gd0X8i22rby6t+9AD6ik6ZVpexo6IgBIrmAUi
 r8I/AQR6WauNdiDPcOnaj6K/mIlMihQp0La24zQymU78AyJgO6GyIUktqt1PfzQLQqsC
 Bpjw==
X-Gm-Message-State: AOJu0YxGYTZpNNneP0drRdt02fFCsjwar7CCyEiK26zXOmy7RKfEIZWz
 j1m7P7PJLFkPlPTrjevnoho9fMPelpJkLzi4lQofwhZxc6jfeQ+f3wsKaPmcFnHDTsEGXBOGQ3j
 iZpoCUaL2IRsKm2B5el3wkrEr6Sb4boVyb9Q0rJCE
X-Google-Smtp-Source: AGHT+IGsQHIaxkpZ+yi603/ix4sAyFa6Xwd0912b9zR+PgDZ7p5FuaNRP5SII7ruz9GK7A6s6xBwgFJAtkSl
X-Received: by 2002:a05:6871:1c5:b0:261:1aad:2c03 with SMTP id
 586e51a60fabf-266ede01daamr1392167fac.43.1721896704342; 
 Thu, 25 Jul 2024 01:38:24 -0700 (PDT)
Received: from postal.iol.unh.edu (postal.iol.unh.edu. [132.177.123.84])
 by smtp-relay.gmail.com with ESMTPS id
 586e51a60fabf-2655e1fcdaesm90334fac.32.2024.07.25.01.38.24
 (version=TLS1_2 cipher=ECDHE-ECDSA-AES128-GCM-SHA256 bits=128/128);
 Thu, 25 Jul 2024 01:38:24 -0700 (PDT)
X-Relaying-Domain: iol.unh.edu
Date: Thu, 25 Jul 2024 01:38:24 -0700 (PDT)
Message-ID: <66a20f00.050a0220.f0674.35b1SMTPIN_ADDED_MISSING@mx.google.com>
Received: from [172.17.0.3] (unknown [172.18.0.217])
 by postal.iol.unh.edu (Postfix) with ESMTP id CE68E60524C8;
 Thu, 25 Jul 2024 04:38:23 -0400 (EDT)
Subject: |FAILURE| pw142707-142709 [PATCH] [v4,3/3] test-pmd: add more packet
From: dpdklab@iol.unh.edu
To: Test Report <test-report@dpdk.org>
Cc: dpdk-test-reports@iol.unh.edu,
 Stephen Hemminger <stephen@networkplumber.org>
In-Reply-To: <20240724184741.150763-4-stephen@networkplumber.org>
References: <20240724184741.150763-4-stephen@networkplumber.org>
Content-Type: text/plain
X-BeenThere: test-report@dpdk.org
X-Mailman-Version: 2.1.29
Precedence: list
List-Id: automatic DPDK test reports <test-report.dpdk.org>
List-Unsubscribe: <https://mails.dpdk.org/options/test-report>,
 <mailto:test-report-request@dpdk.org?subject=unsubscribe>
List-Archive: <http://mails.dpdk.org/archives/test-report/>
List-Post: <mailto:test-report@dpdk.org>
List-Help: <mailto:test-report-request@dpdk.org?subject=help>
List-Subscribe: <https://mails.dpdk.org/listinfo/test-report>,
 <mailto:test-report-request@dpdk.org?subject=subscribe>
Errors-To: test-report-bounces@dpdk.org

Test-Label: iol-unit-amd64-testing
Test-Status: FAILURE
http://dpdk.org/patch/142709

_Testing issues_

Submitter: Stephen Hemminger <stephen@networkplumber.org>
Date: Wednesday, July 24 2024 18:46:14 
DPDK git baseline: Repo:dpdk
  Branch: master
  CommitID:82c47f005b9a0a1e3a649664b7713443d18abe43

142707-142709 --> testing issues

Upstream job id: Generic-Unit-Test-DPDK#244632

Test environment and result as below:

+---------------------+----------------+
|     Environment     | dpdk_unit_test |
+=====================+================+
| Windows Server 2019 | PASS           |
+---------------------+----------------+
| Windows Server 2022 | FAIL           |
+---------------------+----------------+
| CentOS Stream 8     | PASS           |
+---------------------+----------------+
| CentOS Stream 9     | PASS           |
+---------------------+----------------+
| Debian Bullseye     | PASS           |
+---------------------+----------------+
| Debian 12           | PASS           |
+---------------------+----------------+
| Fedora 37           | PASS           |
+---------------------+----------------+
| Fedora 39 (Clang)   | PASS           |
+---------------------+----------------+
| Fedora 38 (Clang)   | PASS           |
+---------------------+----------------+
| Fedora 39           | PASS           |
+---------------------+----------------+
| Fedora 38           | PASS           |
+---------------------+----------------+
| Fedora 40           | PASS           |
+---------------------+----------------+
| openSUSE Leap 15    | PASS           |
+---------------------+----------------+
| Fedora 40 (Clang)   | PASS           |
+---------------------+----------------+
| RHEL8               | PASS           |
+---------------------+----------------+
| RHEL9               | PASS           |
+---------------------+----------------+
| Ubuntu 20.04        | PASS           |
+---------------------+----------------+
| Ubuntu 22.04        | PASS           |
+---------------------+----------------+
| Ubuntu 24.04        | PASS           |
+---------------------+----------------+

==== Unit test summary for Windows Server 2022 (dpdk_unit_test): ====
Failed to get the unit test results.
Displaying the unit test results is not supported for some environments,
such as our aarch32 testing, where meson is not used to run the tests.
Download the logs available on our CI site.
==== End log output ====

Windows Server 2019
	Kernel: 10.0.17763
	Compiler: clang 14.0 and gcc 8.1.0 (MinGW)

Windows Server 2022
	Kernel: 10.0.20348.2031
	Compiler: clang 15.0.7, gcc 8.1.0 (MinGW), and MSVC VS 17.9

CentOS Stream 8
	Kernel: 5.4.0-167-generic
	Compiler: gcc 8.5.0 20210514

CentOS Stream 9
	Kernel: 5.4.0-167-generic
	Compiler: gcc 11.4.1 20230605

Debian Bullseye
	Kernel: 5.4.0-167-generic
	Compiler: gcc 10.2.1-6

Debian 12
	Kernel: Container Host Kernel
	Compiler: gcc 12.2.0

Fedora 37
	Kernel: Depends on container host system
	Compiler: gcc 12.3.1

Fedora 39 (Clang)
	Kernel: Depends on container host
	Compiler: clang 17.0.6

Fedora 38 (Clang)
	Kernel: Depends on container host
	Compiler: clang 16.0.6

Fedora 39
	Kernel: Depends on container host
	Compiler: gcc 13.2.1

Fedora 38
	Kernel: Depends on container host
	Compiler: gcc 13.2.1

Fedora 40
	Kernel: Depends on container host
	Compiler: gcc 14.1.1

openSUSE Leap 15
	Kernel: 5.4.0-167-generic
	Compiler: gcc 7.5.0

Fedora 40 (Clang)
	Kernel: Depends on container host
	Compiler: clang 18.1.6

RHEL8
	Kernel: 5.4.0-167-generic
	Compiler: gcc 8.5.0 20210514 (Red Hat 8.5.0-20)

RHEL9
	Kernel: Depends on container host
	Compiler: gcc 11.4.1

Ubuntu 20.04
	Kernel: 5.4.0-167-generic
	Compiler: gcc 9.4.0-1ubuntu1~20.04.1

Ubuntu 22.04
	Kernel: 5.4.0-167-generic
	Compiler: gcc 11.4.0

Ubuntu 24.04
	Kernel: 5.4.0-167-generic
	Compiler: gcc 13.2.0

To view detailed results, visit:
https://lab.dpdk.org/results/dashboard/patchsets/30615/

UNH-IOL DPDK Community Lab

To manage your email subscriptions, visit: 
https://lab.dpdk.org/results/dashboard/preferences/subscriptions/