From mboxrd@z Thu Jan  1 00:00:00 1970
Return-Path: <test-report-bounces@dpdk.org>
Received: from mails.dpdk.org (mails.dpdk.org [217.70.189.124])
	by inbox.dpdk.org (Postfix) with ESMTP id D74F6456B3
	for <public@inbox.dpdk.org>; Thu, 25 Jul 2024 11:03:08 +0200 (CEST)
Received: from mails.dpdk.org (localhost [127.0.0.1])
	by mails.dpdk.org (Postfix) with ESMTP id D1E244324F;
	Thu, 25 Jul 2024 11:03:08 +0200 (CEST)
Received: from mail-il1-f226.google.com (mail-il1-f226.google.com
 [209.85.166.226])
 by mails.dpdk.org (Postfix) with ESMTP id 68EB940DD7
 for <test-report@dpdk.org>; Thu, 25 Jul 2024 11:03:07 +0200 (CEST)
Received: by mail-il1-f226.google.com with SMTP id
 e9e14a558f8ab-39a1e26ca96so1370205ab.3
 for <test-report@dpdk.org>; Thu, 25 Jul 2024 02:03:07 -0700 (PDT)
DKIM-Signature: v=1; a=rsa-sha256; c=relaxed/relaxed;
 d=iol.unh.edu; s=unh-iol; t=1721898187; x=1722502987; darn=dpdk.org;
 h=references:in-reply-to:cc:to:from:subject:message-id:date:from:to
 :cc:subject:date:message-id:reply-to;
 bh=W5qwrteSo/5esuxmbvgKN7RB61jqj1zMYKw4ZtZBBjg=;
 b=hw9VCWxQmEncWHJHyhp5nSqBQmkeSYzkFmIHrogTJrq5QxCXp4+MD89YZmqljVEHOP
 JeS2BVeGlFy/ypcwiLauPAWUkygwqgMXcZoFohZdeMujnTbrg/kEZ2hF7lAk3Cepk77p
 tZT8BnpoCBZHn45MaGhBRMcPbf+f7721lKVgE=
X-Google-DKIM-Signature: v=1; a=rsa-sha256; c=relaxed/relaxed;
 d=1e100.net; s=20230601; t=1721898187; x=1722502987;
 h=references:in-reply-to:cc:to:from:subject:message-id:date
 :x-gm-message-state:from:to:cc:subject:date:message-id:reply-to;
 bh=W5qwrteSo/5esuxmbvgKN7RB61jqj1zMYKw4ZtZBBjg=;
 b=KPJptSXJON5u+SbpCUIRXJqjZBFk6UAgfqeQCMbvvJSz16o25Udqe2m4zUFYBm5XS1
 GBspFZs5oPXeGbsZ37WuQnisDdGIf53dJhotnTwQf9nZIw6bL8GRUj8wvOnMUEgm5AYE
 VtgBE1LMzMpIn9W9K1OUtyFGp+9Klccddlk5y3WV6uND20f7NOGfi93bBUrUA0AuSuqd
 4eL3Hh6pLpHIjkZqAiKs16sXZJRULzaBmLH6+AA/WehVTaFtHkxaOrzr0dyYrMggZCDE
 2thuTRRUeSQ1lBybvtsmy1GIWfjg4R7nlh4x3iQHcEQB/iIl1QGPPAiBoco8WXewQA/T
 PgMg==
X-Gm-Message-State: AOJu0Yw4/v6V4bRS23n8RI0jXYJmJMaj6bQcjdVdX6b3STSRk61SgiEi
 G1Lk3rZfXIB+udcWY3bvCVWnaOriIHzlGA97WkOGrFfwYid7ASIh/+PkzrYtGs/oP4PDvPGf1Bu
 Hrc6QC4cuNYKVODDyzcs5lOeyEaoJqQ29IRnbfOOR
X-Google-Smtp-Source: AGHT+IFRLKmDZc7qWq2+QorRKXN/Ppem8+q7DVZVqxNdznOlCo5PaK9qbk1C5LtCLvnihdgtv40o9GnkaDWU
X-Received: by 2002:a92:c548:0:b0:381:eca:8b30 with SMTP id
 e9e14a558f8ab-39a23fbb5f0mr13811615ab.24.1721898186664; 
 Thu, 25 Jul 2024 02:03:06 -0700 (PDT)
Received: from postal.iol.unh.edu (postal.iol.unh.edu. [132.177.123.84])
 by smtp-relay.gmail.com with ESMTPS id
 e9e14a558f8ab-39a22e9cae9sm1083815ab.30.2024.07.25.02.03.06
 (version=TLS1_2 cipher=ECDHE-ECDSA-AES128-GCM-SHA256 bits=128/128);
 Thu, 25 Jul 2024 02:03:06 -0700 (PDT)
X-Relaying-Domain: iol.unh.edu
Date: Thu, 25 Jul 2024 02:03:06 -0700 (PDT)
Message-ID: <66a214ca.050a0220.2a63f8.4087SMTPIN_ADDED_MISSING@mx.google.com>
Received: from [172.21.0.6] (unknown [172.18.0.240])
 by postal.iol.unh.edu (Postfix) with ESMTP id 26A5660524C8;
 Thu, 25 Jul 2024 05:03:06 -0400 (EDT)
Subject: |WARNING| pw142707-142709 [PATCH] [v4,3/3] test-pmd: add more packet
From: dpdklab@iol.unh.edu
To: Test Report <test-report@dpdk.org>
Cc: dpdk-test-reports@iol.unh.edu
In-Reply-To: <20240724184741.150763-4-stephen@networkplumber.org>
References: <20240724184741.150763-4-stephen@networkplumber.org>
Content-Type: text/plain
X-BeenThere: test-report@dpdk.org
X-Mailman-Version: 2.1.29
Precedence: list
List-Id: automatic DPDK test reports <test-report.dpdk.org>
List-Unsubscribe: <https://mails.dpdk.org/options/test-report>,
 <mailto:test-report-request@dpdk.org?subject=unsubscribe>
List-Archive: <http://mails.dpdk.org/archives/test-report/>
List-Post: <mailto:test-report@dpdk.org>
List-Help: <mailto:test-report-request@dpdk.org?subject=help>
List-Subscribe: <https://mails.dpdk.org/listinfo/test-report>,
 <mailto:test-report-request@dpdk.org?subject=subscribe>
Errors-To: test-report-bounces@dpdk.org

Test-Label: iol-compile-amd64-testing
Test-Status: WARNING
http://dpdk.org/patch/142709

_Testing issues_

Submitter: Stephen Hemminger <stephen@networkplumber.org>
Date: Wednesday, July 24 2024 18:46:14 
DPDK git baseline: Repo:dpdk
  Branch: master
  CommitID:82c47f005b9a0a1e3a649664b7713443d18abe43

142707-142709 --> testing issues

Upstream job id: Generic-DPDK-Compile-Meson#279626

Test environment and result as below:

+---------------------+--------------------+----------------------+-------------------+------------------+-------------------+
|     Environment     | dpdk_meson_compile | dpdk_mingw64_compile | dpdk_msvc_compile | dpdk_compile_ovs | dpdk_compile_spdk |
+=====================+====================+======================+===================+==================+===================+
| Windows Server 2022 | PASS               | FAIL                 | PASS              | SKIPPED          | SKIPPED           |
+---------------------+--------------------+----------------------+-------------------+------------------+-------------------+
| FreeBSD 13.3        | PASS               | SKIPPED              | SKIPPED           | SKIPPED          | SKIPPED           |
+---------------------+--------------------+----------------------+-------------------+------------------+-------------------+
| FreeBSD 14.1        | PASS               | SKIPPED              | SKIPPED           | SKIPPED          | SKIPPED           |
+---------------------+--------------------+----------------------+-------------------+------------------+-------------------+
| Windows Server 2019 | PASS               | FAIL                 | SKIPPED           | SKIPPED          | SKIPPED           |
+---------------------+--------------------+----------------------+-------------------+------------------+-------------------+
| CentOS Stream 8     | PASS               | SKIPPED              | SKIPPED           | PASS             | PASS              |
+---------------------+--------------------+----------------------+-------------------+------------------+-------------------+
| CentOS Stream 9     | PASS               | SKIPPED              | SKIPPED           | PASS             | PASS              |
+---------------------+--------------------+----------------------+-------------------+------------------+-------------------+
| Debian Bullseye     | PEND               | SKIPPED              | SKIPPED           | PEND             | PEND              |
+---------------------+--------------------+----------------------+-------------------+------------------+-------------------+
| Debian 12           | PEND               | SKIPPED              | SKIPPED           | PEND             | PEND              |
+---------------------+--------------------+----------------------+-------------------+------------------+-------------------+
| Fedora 37           | PASS               | SKIPPED              | SKIPPED           | PASS             | PASS              |
+---------------------+--------------------+----------------------+-------------------+------------------+-------------------+
| Fedora 38 (Clang)   | PEND               | SKIPPED              | SKIPPED           | PEND             | PEND              |
+---------------------+--------------------+----------------------+-------------------+------------------+-------------------+
| Fedora 38           | PEND               | SKIPPED              | SKIPPED           | PEND             | PEND              |
+---------------------+--------------------+----------------------+-------------------+------------------+-------------------+
| Fedora 39 (Clang)   | PEND               | SKIPPED              | SKIPPED           | PEND             | PEND              |
+---------------------+--------------------+----------------------+-------------------+------------------+-------------------+
| Fedora 39           | PEND               | SKIPPED              | SKIPPED           | PEND             | PEND              |
+---------------------+--------------------+----------------------+-------------------+------------------+-------------------+
| Fedora 40 (Clang)   | PEND               | SKIPPED              | SKIPPED           | PEND             | PEND              |
+---------------------+--------------------+----------------------+-------------------+------------------+-------------------+
| Fedora 40           | PEND               | SKIPPED              | SKIPPED           | PEND             | PEND              |
+---------------------+--------------------+----------------------+-------------------+------------------+-------------------+
| openSUSE Leap 15    | PEND               | SKIPPED              | SKIPPED           | PEND             | SKIPPED           |
+---------------------+--------------------+----------------------+-------------------+------------------+-------------------+
| RHEL8               | PEND               | SKIPPED              | SKIPPED           | PEND             | SKIPPED           |
+---------------------+--------------------+----------------------+-------------------+------------------+-------------------+
| RHEL9               | PEND               | SKIPPED              | SKIPPED           | PEND             | SKIPPED           |
+---------------------+--------------------+----------------------+-------------------+------------------+-------------------+
| Ubuntu 20.04        | PEND               | SKIPPED              | SKIPPED           | PEND             | SKIPPED           |
+---------------------+--------------------+----------------------+-------------------+------------------+-------------------+
| Ubuntu 22.04        | PEND               | SKIPPED              | SKIPPED           | PEND             | PEND              |
+---------------------+--------------------+----------------------+-------------------+------------------+-------------------+
| Ubuntu 24.04        | PEND               | SKIPPED              | SKIPPED           | PEND             | PEND              |
+---------------------+--------------------+----------------------+-------------------+------------------+-------------------+
| Alpine              | PEND               | SKIPPED              | SKIPPED           | PEND             | SKIPPED           |
+---------------------+--------------------+----------------------+-------------------+------------------+-------------------+

==== 20 line log output for Windows Server 2019 (dpdk_mingw64_compile): ====
In file included from ..\lib\net/rte_ip.h:21,
from ../lib/net/rte_dissect.c:20:
C:/mingw64/mingw64/x86_64-w64-mingw32/include/ws2tcpip.h:447:63: note: expected 'PVOID' {aka 'void *'} but argument is of type 'const uint8_t *' {aka 'const unsigned char *'}
WINSOCK_API_LINKAGE LPCSTR WSAAPI InetNtopA(INT Family, PVOID pAddr, LPSTR pStringBuf, size_t StringBufSize);
~~~~~~^~~~~
../lib/net/rte_dissect.c:292:29: error: passing argument 2 of 'inet_ntop' discards 'const' qualifier from pointer target type [-Werror=discarded-qualifiers]
inet_ntop(AF_INET6, ip6_hdr->dst_addr, dbuf, sizeof(dbuf));
~~~~~~~^~~~~~~~~~
In file included from ..\lib\net/rte_ip.h:21,
from ../lib/net/rte_dissect.c:20:
C:/mingw64/mingw64/x86_64-w64-mingw32/include/ws2tcpip.h:447:63: note: expected 'PVOID' {aka 'void *'} but argument is of type 'const uint8_t *' {aka 'const unsigned char *'}
WINSOCK_API_LINKAGE LPCSTR WSAAPI InetNtopA(INT Family, PVOID pAddr, LPSTR pStringBuf, size_t StringBufSize);
~~~~~~^~~~~
cc1.exe: all warnings being treated as errors
[247/752] Generating rte_rcu_mingw with a custom command
[248/752] Compiling C object lib/librte_net.a.p/net_rte_net_crc.c.obj
[249/752] Compiling C object lib/librte_eal.a.p/eal_x86_rte_spinlock.c.obj
[250/752] Compiling C object lib/librte_rcu.a.p/rcu_rte_rcu_qsbr.c.obj
[251/752] Compiling C object lib/librte_net.a.p/net_rte_net.c.obj
ninja: build stopped: subcommand failed.
==== End log output ====

Windows Server 2022
	Kernel: 10.0.20348.2031
	Compiler: clang 15.0.7, gcc 8.1.0 (MinGW), and MSVC VS 17.9

FreeBSD 13.3
	Kernel: 13.3-RELEASE-p1
	Compiler: clang 17.0.6

FreeBSD 14.1
	Kernel: 14.1
	Compiler: clang 18.1.5

Windows Server 2019
	Kernel: 10.0.17763
	Compiler: clang 14.0 and gcc 8.1.0 (MinGW)

CentOS Stream 8
	Kernel: 5.4.0-167-generic
	Compiler: gcc 8.5.0 20210514

CentOS Stream 9
	Kernel: 5.4.0-167-generic
	Compiler: gcc 11.4.1 20230605

Debian Bullseye
	Kernel: 5.4.0-167-generic
	Compiler: gcc 10.2.1-6

Debian 12
	Kernel: Container Host Kernel
	Compiler: gcc 12.2.0

Fedora 37
	Kernel: Depends on container host system
	Compiler: gcc 12.3.1

Fedora 38 (Clang)
	Kernel: Depends on container host
	Compiler: clang 16.0.6

Fedora 38
	Kernel: Depends on container host
	Compiler: gcc 13.2.1

Fedora 39 (Clang)
	Kernel: Depends on container host
	Compiler: clang 17.0.6

Fedora 39
	Kernel: Depends on container host
	Compiler: gcc 13.2.1

Fedora 40 (Clang)
	Kernel: Depends on container host
	Compiler: clang 18.1.6

Fedora 40
	Kernel: Depends on container host
	Compiler: gcc 14.1.1

openSUSE Leap 15
	Kernel: 5.4.0-167-generic
	Compiler: gcc 7.5.0

RHEL8
	Kernel: 5.4.0-167-generic
	Compiler: gcc 8.5.0 20210514 (Red Hat 8.5.0-20)

RHEL9
	Kernel: Depends on container host
	Compiler: gcc 11.4.1

Ubuntu 20.04
	Kernel: 5.4.0-167-generic
	Compiler: gcc 9.4.0-1ubuntu1~20.04.1

Ubuntu 22.04
	Kernel: 5.4.0-167-generic
	Compiler: gcc 11.4.0

Ubuntu 24.04
	Kernel: 5.4.0-167-generic
	Compiler: gcc 13.2.0

Alpine
	Kernel: 5.4.0-167-generic
	Compiler: gcc (Alpine 13.2.1_git20231014) 13.2.1 20231014

To view detailed results, visit:
https://lab.dpdk.org/results/dashboard/patchsets/30615/

UNH-IOL DPDK Community Lab

To manage your email subscriptions, visit: 
https://lab.dpdk.org/results/dashboard/preferences/subscriptions/