From mboxrd@z Thu Jan  1 00:00:00 1970
Return-Path: <test-report-bounces@dpdk.org>
Received: from mails.dpdk.org (mails.dpdk.org [217.70.189.124])
	by inbox.dpdk.org (Postfix) with ESMTP id DC7AF456B1
	for <public@inbox.dpdk.org>; Thu, 25 Jul 2024 11:24:36 +0200 (CEST)
Received: from mails.dpdk.org (localhost [127.0.0.1])
	by mails.dpdk.org (Postfix) with ESMTP id D9853433F4;
	Thu, 25 Jul 2024 11:24:36 +0200 (CEST)
Received: from mail-yw1-f227.google.com (mail-yw1-f227.google.com
 [209.85.128.227])
 by mails.dpdk.org (Postfix) with ESMTP id 920F040648
 for <test-report@dpdk.org>; Thu, 25 Jul 2024 11:24:21 +0200 (CEST)
Received: by mail-yw1-f227.google.com with SMTP id
 00721157ae682-6659e81bc68so7560907b3.0
 for <test-report@dpdk.org>; Thu, 25 Jul 2024 02:24:21 -0700 (PDT)
DKIM-Signature: v=1; a=rsa-sha256; c=relaxed/relaxed;
 d=iol.unh.edu; s=unh-iol; t=1721899461; x=1722504261; darn=dpdk.org;
 h=references:in-reply-to:cc:to:from:subject:message-id:date:from:to
 :cc:subject:date:message-id:reply-to;
 bh=e9vyQ5WgSAquqaXBTnVaXR5gN3imUOJf00ggoo/F29g=;
 b=UVYJTYyoMli0Q86N4CD0znSK4uvrIm9PsRfi0+FOemBZOV58gt2rRyDE/hRFfhPuig
 pTng4sq0/3fowMQeXeDvLLHz10F2jnd0VxyjiwkYQtzWNrXP2vBsXSP583rcJWLi0UY0
 lsp4tbtIXpjyqC9pcAItHYXE+sSuOHZNuVeZc=
X-Google-DKIM-Signature: v=1; a=rsa-sha256; c=relaxed/relaxed;
 d=1e100.net; s=20230601; t=1721899461; x=1722504261;
 h=references:in-reply-to:cc:to:from:subject:message-id:date
 :x-gm-message-state:from:to:cc:subject:date:message-id:reply-to;
 bh=e9vyQ5WgSAquqaXBTnVaXR5gN3imUOJf00ggoo/F29g=;
 b=kPvq3JHYMY9L/YerX8WMyTUjDiOjT52cCsB7x08Ie7W/4xg5nI38B/IoqvCDD6LSUH
 6lNJ/uV0a+Bo7qPG4T7Um8ed0Oxw+dRrOp7n3F7VynvLiVHt0N3N7+966q8GbWpXQhl4
 V/BxuZf8a8g0MjQxP1Md2U8oeJU1/zBEBAGNqjT7HKYA0yGPcsHhoJY706JUujzkYhPo
 Z22NlJaUNxbLi66sW5RdBw8xkGliUzm9AHedChfRkXODq0GhFsgqI1GIZb/KUmAm9DhS
 HjtNZPxryZbyhmLymeTuposZZwuGeHzjhQMGW79FOecVcl0qMflzBseQRpmJeZdFJRS1
 9HoA==
X-Gm-Message-State: AOJu0YzUCGRW706qUQkYxiUU+teqlLdXuehvWWTXSFHLfeBUrjArpsi9
 QZJwm88boHkmdvqgFBRCDx8HYGwKUHV8JF2qwD6rtr7T3TRZRehumL3Ra1ERPbMhpn4PwG2xShb
 ccPq5524TDNmNWLfYYfBX0vc7nnqogRhVwF3rK/qBfl8iZ8oIuhqGfyNr
X-Google-Smtp-Source: AGHT+IEFOXeKi4vEjJ3anfdI9ea2+v+AN9Xoo37ovM2QgQCuwawuUcLMSzbAfyNTQjLvBeb3N69mcA9y3Pwj
X-Received: by 2002:a81:c251:0:b0:665:7661:2b7a with SMTP id
 00721157ae682-675129bdc83mr20193687b3.25.1721899461072; 
 Thu, 25 Jul 2024 02:24:21 -0700 (PDT)
Received: from postal.iol.unh.edu (postal.iol.unh.edu.
 [2606:4100:3880:1234::84]) by smtp-relay.gmail.com with ESMTPS id
 00721157ae682-67566fc764dsm1265887b3.11.2024.07.25.02.24.20
 (version=TLS1_2 cipher=ECDHE-ECDSA-AES128-GCM-SHA256 bits=128/128);
 Thu, 25 Jul 2024 02:24:21 -0700 (PDT)
X-Relaying-Domain: iol.unh.edu
Date: Thu, 25 Jul 2024 02:24:21 -0700 (PDT)
Message-ID: <66a219c5.810a0220.3bd9e9.55f4SMTPIN_ADDED_MISSING@mx.google.com>
Received: from [172.17.0.4] (unknown [172.18.0.217])
 by postal.iol.unh.edu (Postfix) with ESMTP id B763160524C8;
 Thu, 25 Jul 2024 05:24:20 -0400 (EDT)
Subject: |WARNING| pw142707-142709 [PATCH] [v4,3/3] test-pmd: add more packet
From: dpdklab@iol.unh.edu
To: Test Report <test-report@dpdk.org>
Cc: dpdk-test-reports@iol.unh.edu
In-Reply-To: <20240724184741.150763-4-stephen@networkplumber.org>
References: <20240724184741.150763-4-stephen@networkplumber.org>
Content-Type: text/plain
X-BeenThere: test-report@dpdk.org
X-Mailman-Version: 2.1.29
Precedence: list
List-Id: automatic DPDK test reports <test-report.dpdk.org>
List-Unsubscribe: <https://mails.dpdk.org/options/test-report>,
 <mailto:test-report-request@dpdk.org?subject=unsubscribe>
List-Archive: <http://mails.dpdk.org/archives/test-report/>
List-Post: <mailto:test-report@dpdk.org>
List-Help: <mailto:test-report-request@dpdk.org?subject=help>
List-Subscribe: <https://mails.dpdk.org/listinfo/test-report>,
 <mailto:test-report-request@dpdk.org?subject=subscribe>
Errors-To: test-report-bounces@dpdk.org

Test-Label: iol-compile-amd64-testing
Test-Status: WARNING
http://dpdk.org/patch/142709

_Testing issues_

Submitter: Stephen Hemminger <stephen@networkplumber.org>
Date: Wednesday, July 24 2024 18:46:14 
DPDK git baseline: Repo:dpdk
  Branch: master
  CommitID:82c47f005b9a0a1e3a649664b7713443d18abe43

142707-142709 --> testing issues

Upstream job id: Generic-DPDK-Compile-Meson#279634

Test environment and result as below:

+---------------------+--------------------+----------------------+-------------------+------------------+-------------------+
|     Environment     | dpdk_meson_compile | dpdk_mingw64_compile | dpdk_msvc_compile | dpdk_compile_ovs | dpdk_compile_spdk |
+=====================+====================+======================+===================+==================+===================+
| Windows Server 2022 | PASS               | FAIL                 | PASS              | SKIPPED          | SKIPPED           |
+---------------------+--------------------+----------------------+-------------------+------------------+-------------------+
| FreeBSD 13.3        | PASS               | SKIPPED              | SKIPPED           | SKIPPED          | SKIPPED           |
+---------------------+--------------------+----------------------+-------------------+------------------+-------------------+
| FreeBSD 14.1        | PASS               | SKIPPED              | SKIPPED           | SKIPPED          | SKIPPED           |
+---------------------+--------------------+----------------------+-------------------+------------------+-------------------+
| Windows Server 2019 | PASS               | FAIL                 | SKIPPED           | SKIPPED          | SKIPPED           |
+---------------------+--------------------+----------------------+-------------------+------------------+-------------------+
| CentOS Stream 8     | PASS               | SKIPPED              | SKIPPED           | PASS             | PASS              |
+---------------------+--------------------+----------------------+-------------------+------------------+-------------------+
| CentOS Stream 9     | PASS               | SKIPPED              | SKIPPED           | PASS             | PASS              |
+---------------------+--------------------+----------------------+-------------------+------------------+-------------------+
| Debian Bullseye     | PASS               | SKIPPED              | SKIPPED           | PASS             | PASS              |
+---------------------+--------------------+----------------------+-------------------+------------------+-------------------+
| Debian 12           | PASS               | SKIPPED              | SKIPPED           | PASS             | PASS              |
+---------------------+--------------------+----------------------+-------------------+------------------+-------------------+
| Fedora 37           | PASS               | SKIPPED              | SKIPPED           | PASS             | PASS              |
+---------------------+--------------------+----------------------+-------------------+------------------+-------------------+
| Fedora 38 (Clang)   | PASS               | SKIPPED              | SKIPPED           | PASS             | PASS              |
+---------------------+--------------------+----------------------+-------------------+------------------+-------------------+
| Fedora 38           | PASS               | SKIPPED              | SKIPPED           | PASS             | PASS              |
+---------------------+--------------------+----------------------+-------------------+------------------+-------------------+
| Fedora 39 (Clang)   | PASS               | SKIPPED              | SKIPPED           | PASS             | PASS              |
+---------------------+--------------------+----------------------+-------------------+------------------+-------------------+
| Fedora 39           | PASS               | SKIPPED              | SKIPPED           | PASS             | PASS              |
+---------------------+--------------------+----------------------+-------------------+------------------+-------------------+
| Fedora 40 (Clang)   | PASS               | SKIPPED              | SKIPPED           | PASS             | PASS              |
+---------------------+--------------------+----------------------+-------------------+------------------+-------------------+
| Fedora 40           | PASS               | SKIPPED              | SKIPPED           | PASS             | PASS              |
+---------------------+--------------------+----------------------+-------------------+------------------+-------------------+
| openSUSE Leap 15    | PASS               | SKIPPED              | SKIPPED           | PASS             | SKIPPED           |
+---------------------+--------------------+----------------------+-------------------+------------------+-------------------+
| RHEL8               | PASS               | SKIPPED              | SKIPPED           | PASS             | SKIPPED           |
+---------------------+--------------------+----------------------+-------------------+------------------+-------------------+
| RHEL9               | PASS               | SKIPPED              | SKIPPED           | PASS             | SKIPPED           |
+---------------------+--------------------+----------------------+-------------------+------------------+-------------------+
| Ubuntu 20.04        | PASS               | SKIPPED              | SKIPPED           | PASS             | SKIPPED           |
+---------------------+--------------------+----------------------+-------------------+------------------+-------------------+
| Ubuntu 22.04        | PASS               | SKIPPED              | SKIPPED           | PASS             | PASS              |
+---------------------+--------------------+----------------------+-------------------+------------------+-------------------+
| Ubuntu 24.04        | PASS               | SKIPPED              | SKIPPED           | PASS             | PASS              |
+---------------------+--------------------+----------------------+-------------------+------------------+-------------------+
| Alpine              | PASS               | SKIPPED              | SKIPPED           | PASS             | SKIPPED           |
+---------------------+--------------------+----------------------+-------------------+------------------+-------------------+

==== 20 line log output for Windows Server 2019 (dpdk_mingw64_compile): ====
In file included from ..\lib\net/rte_ip.h:21,
from ../lib/net/rte_dissect.c:20:
C:/mingw64/mingw64/x86_64-w64-mingw32/include/ws2tcpip.h:447:63: note: expected 'PVOID' {aka 'void *'} but argument is of type 'const uint8_t *' {aka 'const unsigned char *'}
WINSOCK_API_LINKAGE LPCSTR WSAAPI InetNtopA(INT Family, PVOID pAddr, LPSTR pStringBuf, size_t StringBufSize);
~~~~~~^~~~~
../lib/net/rte_dissect.c:292:29: error: passing argument 2 of 'inet_ntop' discards 'const' qualifier from pointer target type [-Werror=discarded-qualifiers]
inet_ntop(AF_INET6, ip6_hdr->dst_addr, dbuf, sizeof(dbuf));
~~~~~~~^~~~~~~~~~
In file included from ..\lib\net/rte_ip.h:21,
from ../lib/net/rte_dissect.c:20:
C:/mingw64/mingw64/x86_64-w64-mingw32/include/ws2tcpip.h:447:63: note: expected 'PVOID' {aka 'void *'} but argument is of type 'const uint8_t *' {aka 'const unsigned char *'}
WINSOCK_API_LINKAGE LPCSTR WSAAPI InetNtopA(INT Family, PVOID pAddr, LPSTR pStringBuf, size_t StringBufSize);
~~~~~~^~~~~
cc1.exe: all warnings being treated as errors
[247/752] Generating rte_rcu_mingw with a custom command
[248/752] Compiling C object lib/librte_net.a.p/net_rte_net_crc.c.obj
[249/752] Compiling C object lib/librte_eal.a.p/eal_x86_rte_spinlock.c.obj
[250/752] Compiling C object lib/librte_rcu.a.p/rcu_rte_rcu_qsbr.c.obj
[251/752] Compiling C object lib/librte_net.a.p/net_rte_net.c.obj
ninja: build stopped: subcommand failed.
==== End log output ====

Windows Server 2022
	Kernel: 10.0.20348.2031
	Compiler: clang 15.0.7, gcc 8.1.0 (MinGW), and MSVC VS 17.9

FreeBSD 13.3
	Kernel: 13.3-RELEASE-p1
	Compiler: clang 17.0.6

FreeBSD 14.1
	Kernel: 14.1
	Compiler: clang 18.1.5

Windows Server 2019
	Kernel: 10.0.17763
	Compiler: clang 14.0 and gcc 8.1.0 (MinGW)

CentOS Stream 8
	Kernel: 5.4.0-167-generic
	Compiler: gcc 8.5.0 20210514

CentOS Stream 9
	Kernel: 5.4.0-167-generic
	Compiler: gcc 11.4.1 20230605

Debian Bullseye
	Kernel: 5.4.0-167-generic
	Compiler: gcc 10.2.1-6

Debian 12
	Kernel: Container Host Kernel
	Compiler: gcc 12.2.0

Fedora 37
	Kernel: Depends on container host system
	Compiler: gcc 12.3.1

Fedora 38 (Clang)
	Kernel: Depends on container host
	Compiler: clang 16.0.6

Fedora 38
	Kernel: Depends on container host
	Compiler: gcc 13.2.1

Fedora 39 (Clang)
	Kernel: Depends on container host
	Compiler: clang 17.0.6

Fedora 39
	Kernel: Depends on container host
	Compiler: gcc 13.2.1

Fedora 40 (Clang)
	Kernel: Depends on container host
	Compiler: clang 18.1.6

Fedora 40
	Kernel: Depends on container host
	Compiler: gcc 14.1.1

openSUSE Leap 15
	Kernel: 5.4.0-167-generic
	Compiler: gcc 7.5.0

RHEL8
	Kernel: 5.4.0-167-generic
	Compiler: gcc 8.5.0 20210514 (Red Hat 8.5.0-20)

RHEL9
	Kernel: Depends on container host
	Compiler: gcc 11.4.1

Ubuntu 20.04
	Kernel: 5.4.0-167-generic
	Compiler: gcc 9.4.0-1ubuntu1~20.04.1

Ubuntu 22.04
	Kernel: 5.4.0-167-generic
	Compiler: gcc 11.4.0

Ubuntu 24.04
	Kernel: 5.4.0-167-generic
	Compiler: gcc 13.2.0

Alpine
	Kernel: 5.4.0-167-generic
	Compiler: gcc (Alpine 13.2.1_git20231014) 13.2.1 20231014

To view detailed results, visit:
https://lab.dpdk.org/results/dashboard/patchsets/30615/

UNH-IOL DPDK Community Lab

To manage your email subscriptions, visit: 
https://lab.dpdk.org/results/dashboard/preferences/subscriptions/