From mboxrd@z Thu Jan  1 00:00:00 1970
Return-Path: <test-report-bounces@dpdk.org>
Received: from mails.dpdk.org (mails.dpdk.org [217.70.189.124])
	by inbox.dpdk.org (Postfix) with ESMTP id 92653456E6
	for <public@inbox.dpdk.org>; Mon, 29 Jul 2024 23:05:42 +0200 (CEST)
Received: from mails.dpdk.org (localhost [127.0.0.1])
	by mails.dpdk.org (Postfix) with ESMTP id 8DD6940B9A;
	Mon, 29 Jul 2024 23:05:42 +0200 (CEST)
Received: from mail-io1-f97.google.com (mail-io1-f97.google.com
 [209.85.166.97]) by mails.dpdk.org (Postfix) with ESMTP id CFFB04069D
 for <test-report@dpdk.org>; Mon, 29 Jul 2024 23:05:24 +0200 (CEST)
Received: by mail-io1-f97.google.com with SMTP id
 ca18e2360f4ac-81f905eb19cso194696339f.3
 for <test-report@dpdk.org>; Mon, 29 Jul 2024 14:05:24 -0700 (PDT)
DKIM-Signature: v=1; a=rsa-sha256; c=relaxed/relaxed;
 d=iol.unh.edu; s=unh-iol; t=1722287124; x=1722891924; darn=dpdk.org;
 h=references:in-reply-to:cc:to:from:subject:message-id:date:from:to
 :cc:subject:date:message-id:reply-to;
 bh=ZbG1ZX2eKm3iizWdri2veFm/uZ1il8qn3OpUD9BzkV4=;
 b=FV68VwLZh4pIGGEwbYGJSJAxUp2izm1P/eK/C0bvh64PZFKoP6mMyeV4uOetVYef1e
 9PAG5Y3slS8UyZbwjl4XebGOjUkF6ZRJ1QB5QNCnuDL9gc/VI8inaoTGquOd8DflMDIn
 5qlCPPWivV7Jro5S/G9qUcvtD9LGauab1BhRI=
X-Google-DKIM-Signature: v=1; a=rsa-sha256; c=relaxed/relaxed;
 d=1e100.net; s=20230601; t=1722287124; x=1722891924;
 h=references:in-reply-to:cc:to:from:subject:message-id:date
 :x-gm-message-state:from:to:cc:subject:date:message-id:reply-to;
 bh=ZbG1ZX2eKm3iizWdri2veFm/uZ1il8qn3OpUD9BzkV4=;
 b=iPB2lcg/6i+Pq06CvmTPaDtDtGAsQ9TQTisGWcW1r1uR3TUS3ZF2qbGvCKN5NI4L4F
 65sj1H8ufDZwrHj/oRiKCdatngscWSZ1AroGAGtS8qCoAfJ7tOSa4NuRh1L+WcyirK54
 XBGXKoicuupo0czZpxLFyf51JJ58o2sIjKcdOkCoX8QcdE+3keiXOiCfq8iunUhDO4ql
 XA33FEgFII2tqsRJDBrhnX+MibsISzxrSTPH4JozWqZzjr8pHlP0xIz6Fh9bW9MccAfm
 m+vGVqQEHPCkpZ3MQa56QMyC6RvX5DyTx4LEqgtwMWI1tTPII3h2fGXKqpOqXBvXnufT
 2gTA==
X-Gm-Message-State: AOJu0YxdCnF+JZVS54TiIsv7KyfPUXMVdL3yo2VCTpS9uuTO3RAojHwn
 pVvmzI9ZdOZu/0muEYeQd2RjvXORaUk8fIHMdKjhWckDPI1lvzjjlocjSqbisbcaddxJmPfK9vR
 oC3lfNtJJHThs+tVPvAK5qSfi859Arr5a2IuCmjpEjpAx1ucIR2eT+8xh
X-Google-Smtp-Source: AGHT+IGsIDrjyf4XkBUko0x4AhjPIVGGIUwhlWWKRo2vk9b5BR8AtXG1rg34+eaJ3LfHHseQx5f8vftgq71J
X-Received: by 2002:a05:6602:3c2:b0:807:eeef:4fb5 with SMTP id
 ca18e2360f4ac-81f95bc9360mr1197675539f.1.1722287124210; 
 Mon, 29 Jul 2024 14:05:24 -0700 (PDT)
Received: from postal.iol.unh.edu (postal.iol.unh.edu.
 [2606:4100:3880:1234::84]) by smtp-relay.gmail.com with ESMTPS id
 ca18e2360f4ac-81fa350fcdasm5520839f.5.2024.07.29.14.05.24
 (version=TLS1_2 cipher=ECDHE-ECDSA-AES128-GCM-SHA256 bits=128/128);
 Mon, 29 Jul 2024 14:05:24 -0700 (PDT)
X-Relaying-Domain: iol.unh.edu
Date: Mon, 29 Jul 2024 14:05:24 -0700 (PDT)
Message-ID: <66a80414.050a0220.a8b5f.3a6aSMTPIN_ADDED_MISSING@mx.google.com>
Received: from [172.21.0.7] (unknown [172.18.0.240])
 by postal.iol.unh.edu (Postfix) with ESMTP id ACCCF605C351;
 Mon, 29 Jul 2024 17:05:23 -0400 (EDT)
Subject: |WARNING| pw142744 [PATCH] [RFC] dmadev: add QoS capability
From: dpdklab@iol.unh.edu
To: Test Report <test-report@dpdk.org>
Cc: dpdk-test-reports@iol.unh.edu
In-Reply-To: <20240729115558.263574-1-vattunuru@marvell.com>
References: <20240729115558.263574-1-vattunuru@marvell.com>
Content-Type: text/plain
X-BeenThere: test-report@dpdk.org
X-Mailman-Version: 2.1.29
Precedence: list
List-Id: automatic DPDK test reports <test-report.dpdk.org>
List-Unsubscribe: <https://mails.dpdk.org/options/test-report>,
 <mailto:test-report-request@dpdk.org?subject=unsubscribe>
List-Archive: <http://mails.dpdk.org/archives/test-report/>
List-Post: <mailto:test-report@dpdk.org>
List-Help: <mailto:test-report-request@dpdk.org?subject=help>
List-Subscribe: <https://mails.dpdk.org/listinfo/test-report>,
 <mailto:test-report-request@dpdk.org?subject=subscribe>
Errors-To: test-report-bounces@dpdk.org

Test-Label: iol-abi-testing
Test-Status: WARNING
http://dpdk.org/patch/142744

_Testing issues_

Submitter: Vamsi Krishna Attunuru <vattunuru@marvell.com>
Date: Monday, July 29 2024 11:55:58 
DPDK git baseline: Repo:dpdk
  Branch: master
  CommitID:7f9b2c926a5192440eaecf0cb80cc45ac8d9a0f2

142744 --> testing issues

Upstream job id: Generic-DPDK-Compile-ABI#100780

Test environment and result as below:

+-------------------+----------+
|    Environment    | abi_test |
+===================+==========+
| CentOS Stream 8   | FAIL     |
+-------------------+----------+
| Debian Bullseye   | FAIL     |
+-------------------+----------+
| CentOS Stream 9   | FAIL     |
+-------------------+----------+
| Fedora 37         | FAIL     |
+-------------------+----------+
| Debian 12         | FAIL     |
+-------------------+----------+
| Fedora 38         | FAIL     |
+-------------------+----------+
| Fedora 38 (Clang) | FAIL     |
+-------------------+----------+
| Fedora 39         | PEND     |
+-------------------+----------+
| Fedora 39 (Clang) | FAIL     |
+-------------------+----------+
| openSUSE Leap 15  | FAIL     |
+-------------------+----------+
| RHEL9             | FAIL     |
+-------------------+----------+
| Ubuntu 24.04      | FAIL     |
+-------------------+----------+
| Fedora 40         | PEND     |
+-------------------+----------+
| RHEL8             | PEND     |
+-------------------+----------+
| Fedora 40 (Clang) | PEND     |
+-------------------+----------+
| Ubuntu 22.04      | PEND     |
+-------------------+----------+

==== 20 line log output for Ubuntu 24.04 (abi_test): ====
Variables changes summary: 0 Removed, 0 Changed, 0 Added variable

Functions changes summary: 0 Removed, 0 Changed, 0 Added function
Variables changes summary: 0 Removed, 0 Changed (26 filtered out), 0 Added variables

Functions changes summary: 0 Removed, 0 Changed (9 filtered out), 0 Added functions
Variables changes summary: 0 Removed, 0 Changed, 0 Added variable

Functions changes summary: 0 Removed, 0 Changed (121 filtered out), 0 Added functions
Variables changes summary: 0 Removed, 0 Changed, 0 Added variable

Functions changes summary: 0 Removed, 0 Changed, 0 Added (1 filtered out) function
Variables changes summary: 0 Removed, 0 Changed, 0 Added variable

Functions changes summary: 0 Removed, 0 Changed (56 filtered out), 0 Added (9 filtered out) functions
Variables changes summary: 0 Removed, 0 Changed (2 filtered out), 0 Added (2 filtered out) variables

Functions changes summary: 0 Removed, 0 Changed, 0 Added (6 filtered out) functions
Variables changes summary: 0 Removed, 0 Changed, 0 Added variable

==== End log output ====

CentOS Stream 8
	Kernel: 5.4.0-167-generic
	Compiler: gcc 8.5.0 20210514

Debian Bullseye
	Kernel: 5.4.0-167-generic
	Compiler: gcc 10.2.1-6

CentOS Stream 9
	Kernel: 5.4.0-167-generic
	Compiler: gcc 11.4.1 20230605

Fedora 37
	Kernel: Depends on container host system
	Compiler: gcc 12.3.1

Debian 12
	Kernel: Container Host Kernel
	Compiler: gcc 12.2.0

Fedora 38
	Kernel: Depends on container host
	Compiler: gcc 13.2.1

Fedora 38 (Clang)
	Kernel: Depends on container host
	Compiler: clang 16.0.6

Fedora 39
	Kernel: Depends on container host
	Compiler: gcc 13.2.1

Fedora 39 (Clang)
	Kernel: Depends on container host
	Compiler: clang 17.0.6

openSUSE Leap 15
	Kernel: 5.4.0-167-generic
	Compiler: gcc 7.5.0

RHEL9
	Kernel: Depends on container host
	Compiler: gcc 11.4.1

Ubuntu 24.04
	Kernel: 5.4.0-167-generic
	Compiler: gcc 13.2.0

Fedora 40
	Kernel: Depends on container host
	Compiler: gcc 14.1.1

RHEL8
	Kernel: 5.4.0-167-generic
	Compiler: gcc 8.5.0 20210514 (Red Hat 8.5.0-20)

Fedora 40 (Clang)
	Kernel: Depends on container host
	Compiler: clang 18.1.6

Ubuntu 22.04
	Kernel: 5.4.0-167-generic
	Compiler: gcc 11.4.0

To view detailed results, visit:
https://lab.dpdk.org/results/dashboard/patchsets/30640/

UNH-IOL DPDK Community Lab

To manage your email subscriptions, visit: 
https://lab.dpdk.org/results/dashboard/preferences/subscriptions/