From mboxrd@z Thu Jan  1 00:00:00 1970
Return-Path: <test-report-bounces@dpdk.org>
Received: from mails.dpdk.org (mails.dpdk.org [217.70.189.124])
	by inbox.dpdk.org (Postfix) with ESMTP id 89F8F456F4
	for <public@inbox.dpdk.org>; Tue, 30 Jul 2024 16:54:08 +0200 (CEST)
Received: from mails.dpdk.org (localhost [127.0.0.1])
	by mails.dpdk.org (Postfix) with ESMTP id 3F2BD40668;
	Tue, 30 Jul 2024 16:54:08 +0200 (CEST)
Received: from mail-il1-f227.google.com (mail-il1-f227.google.com
 [209.85.166.227])
 by mails.dpdk.org (Postfix) with ESMTP id 57AD3400D7
 for <test-report@dpdk.org>; Tue, 30 Jul 2024 11:08:10 +0200 (CEST)
Received: by mail-il1-f227.google.com with SMTP id
 e9e14a558f8ab-39b07cc76cdso1222355ab.1
 for <test-report@dpdk.org>; Tue, 30 Jul 2024 02:08:10 -0700 (PDT)
DKIM-Signature: v=1; a=rsa-sha256; c=relaxed/relaxed;
 d=iol.unh.edu; s=unh-iol; t=1722330489; x=1722935289; darn=dpdk.org;
 h=references:in-reply-to:cc:to:from:subject:message-id:date:from:to
 :cc:subject:date:message-id:reply-to;
 bh=r/BkGOKIQ3aqXLNAjYoTyamcrX0q5rvTBTwVbjqImc4=;
 b=Me3FI853mYJGUhDF8x7d/FpvGxCzgeQP9+fAU5FrJC/elkLmv7j+s2kiXIeDlwW9bH
 c7BqzPd6nJgQd3ZRSLVULA4wgfWXWPCneRprsjFQRn/sVCCePTN+B92aYdEzcbY1OhFH
 hjaBuAweQMYCOwSX80inGP7E7UJ4UawtizgfM=
X-Google-DKIM-Signature: v=1; a=rsa-sha256; c=relaxed/relaxed;
 d=1e100.net; s=20230601; t=1722330489; x=1722935289;
 h=references:in-reply-to:cc:to:from:subject:message-id:date
 :x-gm-message-state:from:to:cc:subject:date:message-id:reply-to;
 bh=r/BkGOKIQ3aqXLNAjYoTyamcrX0q5rvTBTwVbjqImc4=;
 b=m/rfBdOoZR+Ddn+4bsaE9BNwYQnVG+Qn4DJoTq8u5/eoNfitMRiC3VLXiSqPuU4I/l
 uuhWa4Indk/PkRKY9ZhOOcg2QOfC/tC/xJF0GkWAmbyTr3qFfBekf1XogG6LkSuXdPZ/
 sQxydyoC/VdTOA+aGw0Tgff4knvb68yCCWoO6xM1B+6CCRWFgZ2DEuCBNOZpnsCiHIrP
 28jU5NUVyajuMu3GJJFH3KOfNjjpRueJH/4F+Pa0UJpNn/q8yThbZKjuvV5L/QOve+BH
 QhII2j1QIFCPozKqBeag3UuRyybxeliOctVM7iQrMoQ8JUEAzl62ftGipxY7PzPRLMmL
 FxSA==
X-Gm-Message-State: AOJu0YzLlaObc0z9C57cnud3PAl4IBd1iwg3LyiDznYpNKKe7o41hilt
 hhT9T8ecXpkBAc2gSlrwHay6MCKLRUGLgFWYgBr1JZwXWYP6OWjJmDvfOiNyxZv0+B5VsFe5ctl
 3PM+dZY9u75ceHJJXijmS3KyMxnQSdJrvNQiJ7hz7cfxXzDssKhzpHv93
X-Google-Smtp-Source: AGHT+IF23Jo7Ju+2cu0CfJlrlvIvxta65ZcIJFEolEBi8Wp8rN9EdmXTLam/G63ar3UC/jmU8X7s/aah2HrJ
X-Received: by 2002:a05:6e02:1385:b0:379:494f:57e2 with SMTP id
 e9e14a558f8ab-39b06af1c4amr8572935ab.5.1722330489627; 
 Tue, 30 Jul 2024 02:08:09 -0700 (PDT)
Received: from postal.iol.unh.edu (postal.iol.unh.edu.
 [2606:4100:3880:1234::84]) by smtp-relay.gmail.com with ESMTPS id
 e9e14a558f8ab-39a22f10ed3sm6501225ab.71.2024.07.30.02.08.09
 (version=TLS1_2 cipher=ECDHE-ECDSA-AES128-GCM-SHA256 bits=128/128);
 Tue, 30 Jul 2024 02:08:09 -0700 (PDT)
X-Relaying-Domain: iol.unh.edu
Date: Tue, 30 Jul 2024 02:08:09 -0700 (PDT)
Message-ID: <66a8ad79.050a0220.3db63a.449eSMTPIN_ADDED_MISSING@mx.google.com>
Received: from [172.17.0.2] (unknown [172.18.0.217])
 by postal.iol.unh.edu (Postfix) with ESMTP id 2875F60524C8;
 Tue, 30 Jul 2024 05:08:09 -0400 (EDT)
Subject: |WARNING| pw142751 [PATCH] [v1] net/cpfl: fix cpfl parser issue
From: dpdklab@iol.unh.edu
To: Test Report <test-report@dpdk.org>
Cc: dpdk-test-reports@iol.unh.edu
In-Reply-To: <20240730050952.837611-1-praveen.shetty@intel.com>
References: <20240730050952.837611-1-praveen.shetty@intel.com>
Content-Type: text/plain
X-BeenThere: test-report@dpdk.org
X-Mailman-Version: 2.1.29
Precedence: list
List-Id: automatic DPDK test reports <test-report.dpdk.org>
List-Unsubscribe: <https://mails.dpdk.org/options/test-report>,
 <mailto:test-report-request@dpdk.org?subject=unsubscribe>
List-Archive: <http://mails.dpdk.org/archives/test-report/>
List-Post: <mailto:test-report@dpdk.org>
List-Help: <mailto:test-report-request@dpdk.org?subject=help>
List-Subscribe: <https://mails.dpdk.org/listinfo/test-report>,
 <mailto:test-report-request@dpdk.org?subject=subscribe>
Errors-To: test-report-bounces@dpdk.org

Test-Label: iol-unit-amd64-testing
Test-Status: WARNING
http://dpdk.org/patch/142751

_Testing issues_

Submitter: Praveen Shetty <praveen.shetty@intel.com>
Date: Tuesday, July 30 2024 05:09:52 
DPDK git baseline: Repo:dpdk
  Branch: master
  CommitID:3b017bdc4c25e2cd6733a9363e9c566b95834cc4

142751 --> testing issues

Upstream job id: Generic-Unit-Test-DPDK#246206

Test environment and result as below:

+---------------------+----------------+
|     Environment     | dpdk_unit_test |
+=====================+================+
| CentOS Stream 8     | WARN           |
+---------------------+----------------+
| CentOS Stream 9     | PASS           |
+---------------------+----------------+
| Windows Server 2022 | PASS           |
+---------------------+----------------+
| Debian Bullseye     | PASS           |
+---------------------+----------------+
| Fedora 37           | PASS           |
+---------------------+----------------+
| Debian 12           | PASS           |
+---------------------+----------------+
| Fedora 38           | PASS           |
+---------------------+----------------+
| Windows Server 2019 | PASS           |
+---------------------+----------------+
| Fedora 38 (Clang)   | PASS           |
+---------------------+----------------+
| Fedora 39           | PASS           |
+---------------------+----------------+
| Fedora 40           | PASS           |
+---------------------+----------------+
| Fedora 39 (Clang)   | PASS           |
+---------------------+----------------+
| Fedora 40 (Clang)   | PASS           |
+---------------------+----------------+
| RHEL9               | PASS           |
+---------------------+----------------+
| RHEL8               | WARN           |
+---------------------+----------------+
| openSUSE Leap 15    | WARN           |
+---------------------+----------------+
| Ubuntu 20.04        | PASS           |
+---------------------+----------------+
| Ubuntu 22.04        | PASS           |
+---------------------+----------------+
| Ubuntu 24.04        | PASS           |
+---------------------+----------------+

==== 20 line log output for openSUSE Leap 15 (dpdk_unit_test): ====
FAILED: drivers/a715181@@tmp_rte_net_cpfl@sta/net_cpfl_cpfl_flow_parser.c.o
ccache cc -Idrivers/a715181@@tmp_rte_net_cpfl@sta -Idrivers -I../drivers -Idrivers/net/cpfl -I../drivers/net/cpfl -Ilib/ethdev -I../lib/ethdev -I. -I../ -Iconfig -I../config -Ilib/eal/include -I../lib/eal/include -Ilib/eal/linux/include -I../lib/eal/linux/include -Ilib/eal/x86/include -I../lib/eal/x86/include -Ilib/eal/common -I../lib/eal/common -Ilib/eal -I../lib/eal -Ilib/kvargs -I../lib/kvargs -Ilib/log -I../lib/log -Ilib/telemetry/../metrics -I../lib/telemetry/../metrics -Ilib/telemetry -I../lib/telemetry -Ilib/net -I../lib/net -Ilib/mbuf -I../lib/mbuf -Ilib/mempool -I../lib/mempool -Ilib/ring -I../lib/ring -Ilib/meter -I../lib/meter -Idrivers/bus/pci -I../drivers/bus/pci -I../drivers/bus/pci/linux -Ilib/pci -I../lib/pci -Idrivers/bus/vdev -I../drivers/bus/vdev -Ilib/hash -I../lib/hash -Ilib/rcu -I../lib/rcu -Idrivers/common/idpf -I../drivers/common/idpf -Idrivers/common/idpf/../iavf -I../drivers/common/idpf/../iavf -fdiagnostics-color=always -pipe -D_FILE_OFFSET_BITS=64 -Wall -W
 invalid-pch -Wextra -Werror -std=c11 -O3 -include rte_config.h -Wcast-qual -Wdeprecated -Wformat -Wformat-nonliteral -Wformat-security -Wmissing-declarations -Wmissing-prototypes -Wnested-externs -Wold-style-definition -Wpointer-arith -Wsign-compare -Wstrict-prototypes -Wundef -Wwrite-strings -Wno-missing-field-initializers -D_GNU_SOURCE -fPIC -march=native -mrtm -DALLOW_EXPERIMENTAL_API -DALLOW_INTERNAL_API -Wno-format-truncation -DCC_AVX512_SUPPORT -DRTE_LOG_DEFAULT_LOGTYPE=pmd.net.cpfl -MD -MQ 'drivers/a715181@@tmp_rte_net_cpfl@sta/net_cpfl_cpfl_flow_parser.c.o' -MF 'drivers/a715181@@tmp_rte_net_cpfl@sta/net_cpfl_cpfl_flow_parser.c.o.d' -o 'drivers/a715181@@tmp_rte_net_cpfl@sta/net_cpfl_cpfl_flow_parser.c.o' -c ../drivers/net/cpfl/cpfl_flow_parser.c
../drivers/net/cpfl/cpfl_flow_parser.c: In function 'cpfl_parser_create':
../drivers/net/cpfl/cpfl_flow_parser.c:248:33: error: 'mask_32b' may be used uninitialized in this function [-Werror=maybe-uninitialized]
js_field->fields[i].mask_32b = mask_32b;
~~~~~~~~~~~~~~~~~~~~~~~~~~~~~^~~~~~~~~~
../drivers/net/cpfl/cpfl_flow_parser.c:240:13: note: 'mask_32b' was declared here
uint32_t mask_32b;
^~~~~~~~
../drivers/net/cpfl/cpfl_flow_parser.c:225:34: error: 'mask_32b' may be used uninitialized in this function [-Werror=maybe-uninitialized]
js_field->fields[i].mask_32b = mask_32b;
~~~~~~~~~~~~~~~~~~~~~~~~~~~~~^~~~~~~~~~
../drivers/net/cpfl/cpfl_flow_parser.c:218:14: note: 'mask_32b' was declared here
uint32_t mask_32b;
^~~~~~~~
cc1: all warnings being treated as errors
[1299/2919] Compiling C object 'drivers/a715181@@tmp_rte_net_cxgbe@sta/net_cxgbe_cxgbe_ethdev.c.o'.
[1300/2919] Generating rte_net_cnxk.sym_chk with a meson_exe.py custom command.
[1301/2919] Generating rte_common_cnxk.sym_chk with a meson_exe.py custom command.
ninja: build stopped: subcommand failed.
==== End log output ====

CentOS Stream 8
	Kernel: 5.4.0-167-generic
	Compiler: gcc 8.5.0 20210514

CentOS Stream 9
	Kernel: 5.4.0-167-generic
	Compiler: gcc 11.4.1 20230605

Windows Server 2022
	Kernel: 10.0.20348.2031
	Compiler: clang 15.0.7, gcc 8.1.0 (MinGW), and MSVC VS 17.9

Debian Bullseye
	Kernel: 5.4.0-167-generic
	Compiler: gcc 10.2.1-6

Fedora 37
	Kernel: Depends on container host system
	Compiler: gcc 12.3.1

Debian 12
	Kernel: Container Host Kernel
	Compiler: gcc 12.2.0

Fedora 38
	Kernel: Depends on container host
	Compiler: gcc 13.2.1

Windows Server 2019
	Kernel: 10.0.17763
	Compiler: clang 14.0 and gcc 8.1.0 (MinGW)

Fedora 38 (Clang)
	Kernel: Depends on container host
	Compiler: clang 16.0.6

Fedora 39
	Kernel: Depends on container host
	Compiler: gcc 13.2.1

Fedora 40
	Kernel: Depends on container host
	Compiler: gcc 14.1.1

Fedora 39 (Clang)
	Kernel: Depends on container host
	Compiler: clang 17.0.6

Fedora 40 (Clang)
	Kernel: Depends on container host
	Compiler: clang 18.1.6

RHEL9
	Kernel: Depends on container host
	Compiler: gcc 11.4.1

RHEL8
	Kernel: 5.4.0-167-generic
	Compiler: gcc 8.5.0 20210514 (Red Hat 8.5.0-20)

openSUSE Leap 15
	Kernel: 5.4.0-167-generic
	Compiler: gcc 7.5.0

Ubuntu 20.04
	Kernel: 5.4.0-167-generic
	Compiler: gcc 9.4.0-1ubuntu1~20.04.1

Ubuntu 22.04
	Kernel: 5.4.0-167-generic
	Compiler: gcc 11.4.0

Ubuntu 24.04
	Kernel: 5.4.0-167-generic
	Compiler: gcc 13.2.0

To view detailed results, visit:
https://lab.dpdk.org/results/dashboard/patchsets/30647/

UNH-IOL DPDK Community Lab

To manage your email subscriptions, visit: 
https://lab.dpdk.org/results/dashboard/preferences/subscriptions/