From mboxrd@z Thu Jan  1 00:00:00 1970
Return-Path: <test-report-bounces@dpdk.org>
Received: from mails.dpdk.org (mails.dpdk.org [217.70.189.124])
	by inbox.dpdk.org (Postfix) with ESMTP id 463A0456FC
	for <public@inbox.dpdk.org>; Wed, 31 Jul 2024 03:14:51 +0200 (CEST)
Received: from mails.dpdk.org (localhost [127.0.0.1])
	by mails.dpdk.org (Postfix) with ESMTP id 41DF5406FF;
	Wed, 31 Jul 2024 03:14:51 +0200 (CEST)
Received: from mail-io1-f98.google.com (mail-io1-f98.google.com
 [209.85.166.98]) by mails.dpdk.org (Postfix) with ESMTP id A2BDA4042E
 for <test-report@dpdk.org>; Wed, 31 Jul 2024 03:14:49 +0200 (CEST)
Received: by mail-io1-f98.google.com with SMTP id
 ca18e2360f4ac-81f94ce2272so194462939f.2
 for <test-report@dpdk.org>; Tue, 30 Jul 2024 18:14:49 -0700 (PDT)
DKIM-Signature: v=1; a=rsa-sha256; c=relaxed/relaxed;
 d=iol.unh.edu; s=unh-iol; t=1722388489; x=1722993289; darn=dpdk.org;
 h=references:in-reply-to:cc:to:from:subject:message-id:date:from:to
 :cc:subject:date:message-id:reply-to;
 bh=kebHezX1yvYSLvL1KXb7WRC862AnO0OteKWFAggjc7w=;
 b=f0LGu9MnVwrwePFickr74o71fyihiIoaWG+mtbytbF7pYRP5Tb9AYymN5cbVmVANrO
 xWCNlIabVF1Zx4TEm71VJ6iskrM9q1rjhu0p2XC7+wkDccYoZ8Ar15qAkzCwizi06MEt
 DLW94Ep5tAr4lOK94vz3HHoVJwPOlWQFGpa9o=
X-Google-DKIM-Signature: v=1; a=rsa-sha256; c=relaxed/relaxed;
 d=1e100.net; s=20230601; t=1722388489; x=1722993289;
 h=references:in-reply-to:cc:to:from:subject:message-id:date
 :x-gm-message-state:from:to:cc:subject:date:message-id:reply-to;
 bh=kebHezX1yvYSLvL1KXb7WRC862AnO0OteKWFAggjc7w=;
 b=tiM3tfTswb4CdMTIletncRiMxILsR+9Ma33KzuQomF64NGjcjwKe8z6G78DQDVFU0a
 HiGp7AgU/nP9GUdJgFa/L+5ft9OYjChiu7VViUkc5BSIQ9zYb7/tu2qFTn+DE59AcHlM
 TY2h+yUITJ5QK1gmMhZuKxOiYjyq+izGR9R4jAwlX+kCI3DKNHfdAwJOYkN1DkiQLIlD
 XbCYK1P+Iy9YCJSeRDrQXdvE0OaF1voTrJST7f0f3hpr64NbdAx4TIab+n44LoNbgtot
 2M5rnRW4gyMcF7tQ5xwQz+n87RwMMSri+HcAZWaXKaMmx0EUofg0157w1MIugIy3NiHE
 /DPg==
X-Gm-Message-State: AOJu0Ywjz1Qd7/Ggj+tudfn62GH+dXsP97FAeZ9Py3Hy8GCOH8tlu2eL
 SMUf7+g1QNF2fXj1wE9Ly1Q39AvU7paRM4WzscQnyZFS1YOihBiU00Qf7wDUOINtLCIDVFGEDpL
 ky8QfySh27oU0UGXCu55Kom6PaudxEJBiYiE06DV1VVr6nQFBEp8P7rGu
X-Google-Smtp-Source: AGHT+IE86+XsF2Sa1IPZQ4S5pGcxYBrHJqkq1jPiyXDzZ2YQ+bOTQBzAgqeSbvXxvDFa/Hd3pNfgFk+gP1Iv
X-Received: by 2002:a05:6e02:216e:b0:39a:ec10:a194 with SMTP id
 e9e14a558f8ab-39aec2de81cmr163913305ab.11.1722388488777; 
 Tue, 30 Jul 2024 18:14:48 -0700 (PDT)
Received: from postal.iol.unh.edu (postal.iol.unh.edu.
 [2606:4100:3880:1234::84]) by smtp-relay.gmail.com with ESMTPS id
 e9e14a558f8ab-39a22e9d565sm7227995ab.27.2024.07.30.18.14.48
 (version=TLS1_2 cipher=ECDHE-ECDSA-AES128-GCM-SHA256 bits=128/128);
 Tue, 30 Jul 2024 18:14:48 -0700 (PDT)
X-Relaying-Domain: iol.unh.edu
Date: Tue, 30 Jul 2024 18:14:48 -0700 (PDT)
Message-ID: <66a99008.050a0220.3c7fec.91f2SMTPIN_ADDED_MISSING@mx.google.com>
Received: from [172.17.0.4] (unknown [172.18.0.217])
 by postal.iol.unh.edu (Postfix) with ESMTP id 467ED605C351;
 Tue, 30 Jul 2024 21:14:48 -0400 (EDT)
Subject: |FAILURE| pw142765-142767 [PATCH] [3/3] test: remove unused resource
From: dpdklab@iol.unh.edu
To: Test Report <test-report@dpdk.org>
Cc: dpdk-test-reports@iol.unh.edu,
 Stephen Hemminger <stephen@networkplumber.org>
In-Reply-To: <20240730225520.83314-4-stephen@networkplumber.org>
References: <20240730225520.83314-4-stephen@networkplumber.org>
Content-Type: text/plain
X-BeenThere: test-report@dpdk.org
X-Mailman-Version: 2.1.29
Precedence: list
List-Id: automatic DPDK test reports <test-report.dpdk.org>
List-Unsubscribe: <https://mails.dpdk.org/options/test-report>,
 <mailto:test-report-request@dpdk.org?subject=unsubscribe>
List-Archive: <http://mails.dpdk.org/archives/test-report/>
List-Post: <mailto:test-report@dpdk.org>
List-Help: <mailto:test-report-request@dpdk.org?subject=help>
List-Subscribe: <https://mails.dpdk.org/listinfo/test-report>,
 <mailto:test-report-request@dpdk.org?subject=subscribe>
Errors-To: test-report-bounces@dpdk.org

Test-Label: iol-unit-amd64-testing
Test-Status: FAILURE
http://dpdk.org/patch/142767

_Testing issues_

Submitter: Stephen Hemminger <stephen@networkplumber.org>
Date: Tuesday, July 30 2024 22:51:29 
DPDK git baseline: Repo:dpdk
  Branch: master
  CommitID:1d245ca8239d947258b3ae7cc4d8df97ef527852

142765-142767 --> testing issues

Upstream job id: Generic-Unit-Test-DPDK#246598

Test environment and result as below:

+---------------------+----------------+
|     Environment     | dpdk_unit_test |
+=====================+================+
| Windows Server 2019 | FAIL           |
+---------------------+----------------+
| Windows Server 2022 | FAIL           |
+---------------------+----------------+
| CentOS Stream 8     | PASS           |
+---------------------+----------------+
| CentOS Stream 9     | PASS           |
+---------------------+----------------+
| Debian Bullseye     | PASS           |
+---------------------+----------------+
| Fedora 37           | PASS           |
+---------------------+----------------+
| Debian 12           | PASS           |
+---------------------+----------------+
| Fedora 38           | PASS           |
+---------------------+----------------+
| Fedora 38 (Clang)   | PASS           |
+---------------------+----------------+
| Fedora 39 (Clang)   | PASS           |
+---------------------+----------------+
| Fedora 40           | PASS           |
+---------------------+----------------+
| Fedora 40 (Clang)   | PASS           |
+---------------------+----------------+
| RHEL8               | PASS           |
+---------------------+----------------+
| openSUSE Leap 15    | PASS           |
+---------------------+----------------+
| RHEL9               | PASS           |
+---------------------+----------------+
| Ubuntu 20.04        | PASS           |
+---------------------+----------------+
| Ubuntu 24.04        | PEND           |
+---------------------+----------------+
| Ubuntu 22.04        | PASS           |
+---------------------+----------------+
| Fedora 39           | PASS           |
+---------------------+----------------+

==== Unit test summary for Windows Server 2022 (dpdk_unit_test): ====
Failed to get the unit test results.
Displaying the unit test results is not supported for some environments,
such as our aarch32 testing, where meson is not used to run the tests.
Download the logs available on our CI site.
==== End log output ====

Windows Server 2019
	Kernel: 10.0.17763
	Compiler: clang 14.0 and gcc 8.1.0 (MinGW)

Windows Server 2022
	Kernel: 10.0.20348.2031
	Compiler: clang 15.0.7, gcc 8.1.0 (MinGW), and MSVC VS 17.9

CentOS Stream 8
	Kernel: 5.4.0-167-generic
	Compiler: gcc 8.5.0 20210514

CentOS Stream 9
	Kernel: 5.4.0-167-generic
	Compiler: gcc 11.4.1 20230605

Debian Bullseye
	Kernel: 5.4.0-167-generic
	Compiler: gcc 10.2.1-6

Fedora 37
	Kernel: Depends on container host system
	Compiler: gcc 12.3.1

Debian 12
	Kernel: Container Host Kernel
	Compiler: gcc 12.2.0

Fedora 38
	Kernel: Depends on container host
	Compiler: gcc 13.2.1

Fedora 38 (Clang)
	Kernel: Depends on container host
	Compiler: clang 16.0.6

Fedora 39 (Clang)
	Kernel: Depends on container host
	Compiler: clang 17.0.6

Fedora 40
	Kernel: Depends on container host
	Compiler: gcc 14.1.1

Fedora 40 (Clang)
	Kernel: Depends on container host
	Compiler: clang 18.1.6

RHEL8
	Kernel: 5.4.0-167-generic
	Compiler: gcc 8.5.0 20210514 (Red Hat 8.5.0-20)

openSUSE Leap 15
	Kernel: 5.4.0-167-generic
	Compiler: gcc 7.5.0

RHEL9
	Kernel: Depends on container host
	Compiler: gcc 11.4.1

Ubuntu 20.04
	Kernel: 5.4.0-167-generic
	Compiler: gcc 9.4.0-1ubuntu1~20.04.1

Ubuntu 24.04
	Kernel: 5.4.0-167-generic
	Compiler: gcc 13.2.0

Ubuntu 22.04
	Kernel: 5.4.0-167-generic
	Compiler: gcc 11.4.0

Fedora 39
	Kernel: Depends on container host
	Compiler: gcc 13.2.1

To view detailed results, visit:
https://lab.dpdk.org/results/dashboard/patchsets/30659/

UNH-IOL DPDK Community Lab

To manage your email subscriptions, visit: 
https://lab.dpdk.org/results/dashboard/preferences/subscriptions/