From mboxrd@z Thu Jan  1 00:00:00 1970
Return-Path: <test-report-bounces@dpdk.org>
Received: from mails.dpdk.org (mails.dpdk.org [217.70.189.124])
	by inbox.dpdk.org (Postfix) with ESMTP id 7D09D4570D
	for <public@inbox.dpdk.org>; Thu,  1 Aug 2024 09:44:15 +0200 (CEST)
Received: from mails.dpdk.org (localhost [127.0.0.1])
	by mails.dpdk.org (Postfix) with ESMTP id 74123402C8;
	Thu,  1 Aug 2024 09:44:15 +0200 (CEST)
Received: from mail-pg1-f228.google.com (mail-pg1-f228.google.com
 [209.85.215.228])
 by mails.dpdk.org (Postfix) with ESMTP id 3A5804014F
 for <test-report@dpdk.org>; Thu,  1 Aug 2024 09:44:14 +0200 (CEST)
Received: by mail-pg1-f228.google.com with SMTP id
 41be03b00d2f7-7a1d48e0a5fso3924960a12.3
 for <test-report@dpdk.org>; Thu, 01 Aug 2024 00:44:14 -0700 (PDT)
DKIM-Signature: v=1; a=rsa-sha256; c=relaxed/relaxed;
 d=iol.unh.edu; s=unh-iol; t=1722498253; x=1723103053; darn=dpdk.org;
 h=references:in-reply-to:cc:to:from:subject:message-id:date:from:to
 :cc:subject:date:message-id:reply-to;
 bh=92q5UTgUyY7yVdb9IdMdRTT0cNnWlGoJ1v0wJPIoxJ0=;
 b=dO0JIwJkR2SafBxot1hqrWG+xnEwnyRvOKo35NLk8zvA0br+4ZpkXbwgJj/vUNAumy
 kc5YfDkyMdErFMlq/1og4DXQWXri5j5FY/zEjIY0KkjZrD8Y7PzAloNt0v1S5nIqPucM
 X3eDBVtkZrjJgU+7/O2E/9F/URNpIV2skMKQY=
X-Google-DKIM-Signature: v=1; a=rsa-sha256; c=relaxed/relaxed;
 d=1e100.net; s=20230601; t=1722498253; x=1723103053;
 h=references:in-reply-to:cc:to:from:subject:message-id:date
 :x-gm-message-state:from:to:cc:subject:date:message-id:reply-to;
 bh=92q5UTgUyY7yVdb9IdMdRTT0cNnWlGoJ1v0wJPIoxJ0=;
 b=qRQxZ5tfD1b54BXqiAFblWcKmYTDLHs/+J/LYYPymTsQdR2MVCNbZgSf7rk6OpdpEg
 krLw8w96O0HgFntno4hK+f9Be5IPOOaYB8a7FEGW32wNeeaPtx6wi+cRfS9RoayS7wsW
 MyR4rw8kgaXMYPxJHGTlJtBkpP86x8B7C4P/5//NOYFHZcRKRQD526TGJe4YEq19jARA
 p50dg5gkOl08MrYKHXHgWgZShkoE+4ixehO1MnPyGHx9saQ4voF0y9hnY8szFTipV2o0
 ViTn9M6ZRSPOKQ/J+EjPAD8CPk/9jp900DKR+z64AqoicBUMaAgB7U5O78SZ38ZI5mdZ
 2NFw==
X-Gm-Message-State: AOJu0YyKe4qI/ZSTqYKokcJJIi3ZmUvkOc8uX6BJleH7lZc+2rpygdK3
 6b1w4b3iWLuVFUGJBwvGzkTh7LaEpfZrx6v8TAA1dKrs083eERj2UzhWxyRGQpc3sSy+U3NAILx
 f/SxQQBl6CIRurWI8wQxcAN92mZf3L2byhiZbyFDw
X-Google-Smtp-Source: AGHT+IFLtlYev/IMBoLqIEV4bsy2G4zRJ/YAZmngjjtQ4yOD0J6FmkV2rnud1IwmbwcJ/a/1vIL68zUcKHQn
X-Received: by 2002:a05:6a21:385:b0:1c4:9f31:ac9e with SMTP id
 adf61e73a8af0-1c68d0f79f5mr1903222637.42.1722498253308; 
 Thu, 01 Aug 2024 00:44:13 -0700 (PDT)
Received: from postal.iol.unh.edu (postal.iol.unh.edu. [132.177.123.84])
 by smtp-relay.gmail.com with ESMTPS id
 98e67ed59e1d1-2cfdc4b65a3sm147770a91.17.2024.08.01.00.44.13
 (version=TLS1_2 cipher=ECDHE-ECDSA-AES128-GCM-SHA256 bits=128/128);
 Thu, 01 Aug 2024 00:44:13 -0700 (PDT)
X-Relaying-Domain: iol.unh.edu
Date: Thu, 01 Aug 2024 00:44:13 -0700 (PDT)
Message-ID: <66ab3ccd.170a0220.24668c.a8b7SMTPIN_ADDED_MISSING@mx.google.com>
Received: from [172.17.0.4] (unknown [172.18.0.217])
 by postal.iol.unh.edu (Postfix) with ESMTP id 73A626052500;
 Thu,  1 Aug 2024 03:44:12 -0400 (EDT)
Subject: |WARNING| pw142788-142789 [PATCH] [2/2] app/crypto-perf: test queue 
From: dpdklab@iol.unh.edu
To: Test Report <test-report@dpdk.org>
Cc: dpdk-test-reports@iol.unh.edu
In-Reply-To: <20240731115445.1771803-2-gakhil@marvell.com>
References: <20240731115445.1771803-2-gakhil@marvell.com>
Content-Type: text/plain
X-BeenThere: test-report@dpdk.org
X-Mailman-Version: 2.1.29
Precedence: list
List-Id: automatic DPDK test reports <test-report.dpdk.org>
List-Unsubscribe: <https://mails.dpdk.org/options/test-report>,
 <mailto:test-report-request@dpdk.org?subject=unsubscribe>
List-Archive: <http://mails.dpdk.org/archives/test-report/>
List-Post: <mailto:test-report@dpdk.org>
List-Help: <mailto:test-report-request@dpdk.org?subject=help>
List-Subscribe: <https://mails.dpdk.org/listinfo/test-report>,
 <mailto:test-report-request@dpdk.org?subject=subscribe>
Errors-To: test-report-bounces@dpdk.org

Test-Label: iol-abi-testing
Test-Status: WARNING
http://dpdk.org/patch/142789

_Testing issues_

Submitter: Akhil Goyal <gakhil@marvell.com>
Date: Wednesday, July 31 2024 11:54:45 
DPDK git baseline: Repo:dpdk
  Branch: master
  CommitID:4b5abe7ec1ed2d43a285599bbba23f62ac049d8f

142788-142789 --> testing issues

Upstream job id: Generic-DPDK-Compile-ABI#101336

Test environment and result as below:

+-------------------+----------+
|    Environment    | abi_test |
+===================+==========+
| CentOS Stream 8   | FAIL     |
+-------------------+----------+
| CentOS Stream 9   | FAIL     |
+-------------------+----------+
| Debian Bullseye   | FAIL     |
+-------------------+----------+
| Fedora 37         | FAIL     |
+-------------------+----------+
| Debian 12         | FAIL     |
+-------------------+----------+
| Fedora 38 (Clang) | FAIL     |
+-------------------+----------+
| Fedora 38         | FAIL     |
+-------------------+----------+
| Fedora 39 (Clang) | FAIL     |
+-------------------+----------+
| Fedora 39         | PEND     |
+-------------------+----------+
| RHEL9             | PEND     |
+-------------------+----------+
| Fedora 40 (Clang) | FAIL     |
+-------------------+----------+
| Fedora 40         | PEND     |
+-------------------+----------+
| openSUSE Leap 15  | FAIL     |
+-------------------+----------+
| Ubuntu 24.04      | PEND     |
+-------------------+----------+
| Ubuntu 22.04      | PEND     |
+-------------------+----------+
| RHEL8             | PEND     |
+-------------------+----------+

==== 20 line log output for openSUSE Leap 15 (abi_test): ====

[C] 'function int rte_cryptodev_queue_pair_setup(uint8_t, uint16_t, const rte_cryptodev_qp_conf*, int)' at rte_cryptodev.c:1435:1 has some indirect sub-type changes:
parameter 3 of type 'const rte_cryptodev_qp_conf*' has sub-type changes:
in pointed to type 'const rte_cryptodev_qp_conf':
in unqualified underlying type 'struct rte_cryptodev_qp_conf' at rte_cryptodev.h:627:1:
type size changed from 128 to 192 (in bits)
1 data member insertion:
'uint8_t rte_cryptodev_qp_conf::priority', at offset 128 (in bits) at rte_cryptodev.h:631:1

Error: ABI issue reported for abidiff --suppr /home-local/jenkins-local/jenkins-agent/workspace/Generic-DPDK-Compile-ABI@4/dpdk/devtools/libabigail.abignore --no-added-syms --headers-dir1 reference/usr/local/include --headers-dir2 build_install/usr/local/include reference/usr/local/lib64/librte_cryptodev.so.24.0 build_install/usr/local/lib64/librte_cryptodev.so.24.2
ABIDIFF_ABI_CHANGE, this change requires a review (abidiff flagged this as a potential issue).
Functions changes summary: 0 Removed, 0 Changed, 0 Added (6 filtered out) functions
Variables changes summary: 0 Removed, 0 Changed, 0 Added variable

Functions changes summary: 0 Removed, 0 Changed (56 filtered out), 0 Added (9 filtered out) functions
Variables changes summary: 0 Removed, 0 Changed (2 filtered out), 0 Added (2 filtered out) variables

Functions changes summary: 0 Removed, 0 Changed, 0 Added (1 filtered out) function
Variables changes summary: 0 Removed, 0 Changed, 0 Added variable

==== End log output ====

CentOS Stream 8
	Kernel: 5.4.0-167-generic
	Compiler: gcc 8.5.0 20210514

CentOS Stream 9
	Kernel: 5.4.0-167-generic
	Compiler: gcc 11.4.1 20230605

Debian Bullseye
	Kernel: 5.4.0-167-generic
	Compiler: gcc 10.2.1-6

Fedora 37
	Kernel: Depends on container host system
	Compiler: gcc 12.3.1

Debian 12
	Kernel: Container Host Kernel
	Compiler: gcc 12.2.0

Fedora 38 (Clang)
	Kernel: Depends on container host
	Compiler: clang 16.0.6

Fedora 38
	Kernel: Depends on container host
	Compiler: gcc 13.2.1

Fedora 39 (Clang)
	Kernel: Depends on container host
	Compiler: clang 17.0.6

Fedora 39
	Kernel: Depends on container host
	Compiler: gcc 13.2.1

RHEL9
	Kernel: Depends on container host
	Compiler: gcc 11.4.1

Fedora 40 (Clang)
	Kernel: Depends on container host
	Compiler: clang 18.1.6

Fedora 40
	Kernel: Depends on container host
	Compiler: gcc 14.1.1

openSUSE Leap 15
	Kernel: 5.4.0-167-generic
	Compiler: gcc 7.5.0

Ubuntu 24.04
	Kernel: 5.4.0-167-generic
	Compiler: gcc 13.2.0

Ubuntu 22.04
	Kernel: 5.4.0-167-generic
	Compiler: gcc 11.4.0

RHEL8
	Kernel: 5.4.0-167-generic
	Compiler: gcc 8.5.0 20210514 (Red Hat 8.5.0-20)

To view detailed results, visit:
https://lab.dpdk.org/results/dashboard/patchsets/30676/

UNH-IOL DPDK Community Lab

To manage your email subscriptions, visit: 
https://lab.dpdk.org/results/dashboard/preferences/subscriptions/