From mboxrd@z Thu Jan 1 00:00:00 1970 Return-Path: <test-report-bounces@dpdk.org> Received: from mails.dpdk.org (mails.dpdk.org [217.70.189.124]) by inbox.dpdk.org (Postfix) with ESMTP id 7A10845794 for <public@inbox.dpdk.org>; Sun, 11 Aug 2024 12:34:12 +0200 (CEST) Received: from mails.dpdk.org (localhost [127.0.0.1]) by mails.dpdk.org (Postfix) with ESMTP id 60283400D7; Sun, 11 Aug 2024 12:34:12 +0200 (CEST) Received: from mail-io1-f100.google.com (mail-io1-f100.google.com [209.85.166.100]) by mails.dpdk.org (Postfix) with ESMTP id 86DB3400D5 for <test-report@dpdk.org>; Sun, 11 Aug 2024 12:34:10 +0200 (CEST) Received: by mail-io1-f100.google.com with SMTP id ca18e2360f4ac-81f921c40f2so137106039f.0 for <test-report@dpdk.org>; Sun, 11 Aug 2024 03:34:10 -0700 (PDT) DKIM-Signature: v=1; a=rsa-sha256; c=relaxed/relaxed; d=iol.unh.edu; s=unh-iol; t=1723372450; x=1723977250; darn=dpdk.org; h=references:in-reply-to:cc:to:from:subject:message-id:date:from:to :cc:subject:date:message-id:reply-to; bh=+/V3Z6W+qYY/plJhn/inZ25+e1/se2iOf68l0NG7BQU=; b=TvpzJ4rSPYTcDljG5EIUJUgY9v8vhhczqEqtBPhmfKOgApwxlPP6ytYB0nzXL0EU0N KDmMVL+MIeKhrRwnnS80ZiB55eQdT2De93xocfeG5YJBmkGLyBpJUdxbJAUhfRaWV9qk qTB40glA4OG29cf1QgtJkqA9oWuqSpqA2Mkwo= X-Google-DKIM-Signature: v=1; a=rsa-sha256; c=relaxed/relaxed; d=1e100.net; s=20230601; t=1723372450; x=1723977250; h=references:in-reply-to:cc:to:from:subject:message-id:date :x-gm-message-state:from:to:cc:subject:date:message-id:reply-to; bh=+/V3Z6W+qYY/plJhn/inZ25+e1/se2iOf68l0NG7BQU=; b=UIi/cke0oNtEcMbJzeToYAo20XLyWNHfOxNGrDHBLGcbeMYFcTODX6wf+lnGvrlx1m Vo/zfxe1qa17TPbWcqw8EXdAfBmCAQQmdN9Ua3FGf9GGB9qYtwEOaNU9mOjFKnFcHd8u rt0Zi2+Njhha/p5vSwt3AjOlh1bL4KGoype9+0MB4vjFEEUFhMcHGoy5F0TtZkjmp+m7 iSvrHZ8fYMl0KHuDabfk03fBVvewFz2UdukUSd0dXa1h2stB5sGhFy3pYjGZKXWR0TE7 xKJG16XE8pjXHjqk6x8t7fgBF3Lr1HpxkAE9kuALeEkCk4halR8MsqnvWrv9R8H5vvBT MPBQ== X-Gm-Message-State: AOJu0YxYd1nfYv03wg7akDZt98lMxIq/Xhdw36AAjhCFZffXPqhL+J75 YsrMermPrGdVo1ptD0s0k7O3xXQxPAmYYDyPG9k8ivxzQ6L++3PAvtt6QwTCJ+dnPipE+nR0Gwm NwfRBuX+Qv9h+PdN1IKapeineUlorcN+Lw6EisaQ75/Gak50X4dVG05ob X-Google-Smtp-Source: AGHT+IEwKmnezRlKbjNdFdO9KS8Dlw3Gv2nGX5zSXogmtzgCI9fixEUuy0iVdeHC460JPqCCp0GO05BNwNW0 X-Received: by 2002:a6b:f61a:0:b0:7f6:853d:de8b with SMTP id ca18e2360f4ac-8225eec5da4mr813449539f.14.1723372449745; Sun, 11 Aug 2024 03:34:09 -0700 (PDT) Received: from postal.iol.unh.edu (postal.iol.unh.edu. [2606:4100:3880:1234::84]) by smtp-relay.gmail.com with ESMTPS id 8926c6da1cb9f-4ca769ef88dsm49633173.55.2024.08.11.03.34.09 (version=TLS1_2 cipher=ECDHE-ECDSA-AES128-GCM-SHA256 bits=128/128); Sun, 11 Aug 2024 03:34:09 -0700 (PDT) X-Relaying-Domain: iol.unh.edu Date: Sun, 11 Aug 2024 03:34:09 -0700 (PDT) Message-ID: <66b893a1.050a0220.4f0a5.3c0eSMTPIN_ADDED_MISSING@mx.google.com> Received: from [172.21.0.7] (unknown [172.18.0.240]) by postal.iol.unh.edu (Postfix) with ESMTP id 29B216052500; Sun, 11 Aug 2024 06:34:09 -0400 (EDT) Subject: |WARNING| pw143061 [PATCH] service: extend service function call sta From: dpdklab@iol.unh.edu To: Test Report <test-report@dpdk.org> Cc: dpdk-test-reports@iol.unh.edu In-Reply-To: <20240809202539.590510-1-mattias.ronnblom@ericsson.com> References: <20240809202539.590510-1-mattias.ronnblom@ericsson.com> Content-Type: text/plain X-BeenThere: test-report@dpdk.org X-Mailman-Version: 2.1.29 Precedence: list List-Id: automatic DPDK test reports <test-report.dpdk.org> List-Unsubscribe: <https://mails.dpdk.org/options/test-report>, <mailto:test-report-request@dpdk.org?subject=unsubscribe> List-Archive: <http://mails.dpdk.org/archives/test-report/> List-Post: <mailto:test-report@dpdk.org> List-Help: <mailto:test-report-request@dpdk.org?subject=help> List-Subscribe: <https://mails.dpdk.org/listinfo/test-report>, <mailto:test-report-request@dpdk.org?subject=subscribe> Errors-To: test-report-bounces@dpdk.org Test-Label: iol-compile-amd64-testing Test-Status: WARNING http://dpdk.org/patch/143061 _Testing issues_ Submitter: Mattias Ronnblom <mattias.ronnblom@ericsson.com> Date: Friday, August 09 2024 20:25:39 DPDK git baseline: Repo:dpdk Branch: master CommitID:cb9187bc5c2b4bab0ad80194ac3b60491de14e8c 143061 --> testing issues Upstream job id: Generic-DPDK-Compile-Meson#286968 Test environment and result as below: +---------------------+--------------------+-------------------+----------------------+------------------+-------------------+ | Environment | dpdk_meson_compile | dpdk_msvc_compile | dpdk_mingw64_compile | dpdk_compile_ovs | dpdk_compile_spdk | +=====================+====================+===================+======================+==================+===================+ | Windows Server 2022 | PASS | FAIL | PASS | SKIPPED | SKIPPED | +---------------------+--------------------+-------------------+----------------------+------------------+-------------------+ | Windows Server 2019 | PASS | SKIPPED | PASS | SKIPPED | SKIPPED | +---------------------+--------------------+-------------------+----------------------+------------------+-------------------+ | FreeBSD 13.3 | PASS | SKIPPED | SKIPPED | SKIPPED | SKIPPED | +---------------------+--------------------+-------------------+----------------------+------------------+-------------------+ | FreeBSD 14.1 | PASS | SKIPPED | SKIPPED | SKIPPED | SKIPPED | +---------------------+--------------------+-------------------+----------------------+------------------+-------------------+ | CentOS Stream 9 | PEND | SKIPPED | SKIPPED | PEND | PEND | +---------------------+--------------------+-------------------+----------------------+------------------+-------------------+ | Debian Bullseye | PEND | SKIPPED | SKIPPED | PEND | PEND | +---------------------+--------------------+-------------------+----------------------+------------------+-------------------+ | Debian 12 | PASS | SKIPPED | SKIPPED | PASS | PASS | +---------------------+--------------------+-------------------+----------------------+------------------+-------------------+ | Fedora 37 | PASS | SKIPPED | SKIPPED | PASS | PASS | +---------------------+--------------------+-------------------+----------------------+------------------+-------------------+ | Fedora 38 (Clang) | PEND | SKIPPED | SKIPPED | PEND | PEND | +---------------------+--------------------+-------------------+----------------------+------------------+-------------------+ | Fedora 38 | PASS | SKIPPED | SKIPPED | PASS | PASS | +---------------------+--------------------+-------------------+----------------------+------------------+-------------------+ | Fedora 39 (Clang) | PEND | SKIPPED | SKIPPED | PEND | PEND | +---------------------+--------------------+-------------------+----------------------+------------------+-------------------+ | Fedora 39 | PEND | SKIPPED | SKIPPED | PEND | PEND | +---------------------+--------------------+-------------------+----------------------+------------------+-------------------+ | Fedora 40 (Clang) | PEND | SKIPPED | SKIPPED | PEND | PEND | +---------------------+--------------------+-------------------+----------------------+------------------+-------------------+ | Fedora 40 | PEND | SKIPPED | SKIPPED | PEND | PEND | +---------------------+--------------------+-------------------+----------------------+------------------+-------------------+ | openSUSE Leap 15 | PASS | SKIPPED | SKIPPED | PASS | SKIPPED | +---------------------+--------------------+-------------------+----------------------+------------------+-------------------+ | RHEL8 | PASS | SKIPPED | SKIPPED | PASS | SKIPPED | +---------------------+--------------------+-------------------+----------------------+------------------+-------------------+ | RHEL9 | PEND | SKIPPED | SKIPPED | PEND | SKIPPED | +---------------------+--------------------+-------------------+----------------------+------------------+-------------------+ | Ubuntu 20.04 | PASS | SKIPPED | SKIPPED | PASS | SKIPPED | +---------------------+--------------------+-------------------+----------------------+------------------+-------------------+ | Ubuntu 22.04 | PEND | SKIPPED | SKIPPED | PEND | PEND | +---------------------+--------------------+-------------------+----------------------+------------------+-------------------+ | Ubuntu 24.04 | PEND | SKIPPED | SKIPPED | PEND | PEND | +---------------------+--------------------+-------------------+----------------------+------------------+-------------------+ | Alpine | PEND | SKIPPED | SKIPPED | PEND | SKIPPED | +---------------------+--------------------+-------------------+----------------------+------------------+-------------------+ ==== 20 line log output for Windows Server 2022 (dpdk_msvc_compile): ==== �[�4�0�/�9�4�]� �L�i�n�k�i�n�g� �t�a�r�g�e�t� �l�i�b�/�r�t�e�_�l�o�g�-�2�5�.�d�l�l� � � � � �C�r�e�a�t�i�n�g� �l�i�b�r�a�r�y� �l�i�b�\�r�t�e�_�l�o�g�.�l�i�b� �a�n�d� �o�b�j�e�c�t� �l�i�b�\�r�t�e�_�l�o�g�.�e�x�p� � �[�4�1�/�9�4�]� �L�i�n�k�i�n�g� �s�t�a�t�i�c� �t�a�r�g�e�t� �l�i�b�/�l�i�b�r�t�e�_�l�o�g�.�a� � �[�4�2�/�9�4�]� �C�o�m�p�i�l�i�n�g� �C� �o�b�j�e�c�t� �l�i�b�/�l�i�b�r�t�e�_�e�a�l�.�a�.�p�/�e�a�l�_�c�o�m�m�o�n�_�r�t�e�_�m�a�l�l�o�c�.�c�.�o�b�j� � �[�4�3�/�9�4�]� �C�o�m�p�i�l�i�n�g� �C� �o�b�j�e�c�t� �l�i�b�/�l�i�b�r�t�e�_�e�a�l�.�a�.�p�/�e�a�l�_�c�o�m�m�o�n�_�r�t�e�_�s�e�r�v�i�c�e�.�c�.�o�b�j� � �F�A�I�L�E�D�:� �l�i�b�/�l�i�b�r�t�e�_�e�a�l�.�a�.�p�/�e�a�l�_�c�o�m�m�o�n�_�r�t�e�_�s�e�r�v�i�c�e�.�c�.�o�b�j� � � �"�c�l�"� �"�-�I�l�i�b�\�l�i�b�r�t�e�_�e�a�l�.�a�.�p�"� �"�-�I�l�i�b�"� �"�-�I�.�.�\�l�i�b�"� �"�-�I�.�"� �"�-�I�.�.�"� �"�-�I�c�o�n�f�i�g�"� �"�-�I�.�.�\�c�o�n�f�i�g�"� �"�-�I�l�i�b�\�e�a�l�\�i�n�c�l�u�d�e�"� �"�-�I�.�.�\�l�i�b�\�e�a�l�\�i�n�c�l�u�d�e�"� �"�-�I�l�i�b�\�e�a�l�\�w�i�n�d�o�w�s�\�i�n�c�l�u�d�e�"� �"�-�I�.�.�\�l�i�b�\�e�a�l�\�w�i�n�d�o�w�s�\�i�n�c�l�u�d�e�"� �"�-�I�l�i�b�\�e�a�l�\�x�8�6�\�i�n�c�l�u�d�e�"� �"�-�I�.�.�\�l�i�b�\�e�a�l�\�x�8�6�\�i�n�c�l�u�d�e�"� �"�-�I�l�i�b�\�e�a�l�\�c�o�m�m�o�n�"� �"�-�I�.�.�\�l�i�b�\�e�a�l�\�c�o�m�m�o�n�"� �"�-�I�l�i�b�\�e�a�l�"� �"�-�I�.�.�\�l�i�b�\�e�a�l�"� �"�-�I�l�i�b�\�l�o�g�"� �"�-�I�.�.�\�l�i�b�\�l�o�g�"� �"�-�I�l�i�b�\�k�v�a�r�g�s�"� �"�-�I�.�.�\�l�i�b�\�k�v�a�r�g�s�"� �"�/�M�D�"� �"�/�n�o�l�o�g�o�"� �"�/�s�h�o�w�I�n�c�l�u�d�e�s�"� �"�/�W�3�"� �"�/�W�X�"� �"�/�s�t�d�:�c�1�1�"� �"�/�O�2�"� �"�/�G�w�"� �"�/�w�d�4�2�4�4�"� �"�/�w�d�4�2�6�7�"� �"�/�w�d�4�1�4�6�"� �"�/�e�x�p�e�r�i�m�e�n�t�a�l�:�c�1�1�a�t�o�m�i�c�s�"� �"�/�d�1�e�x�p�e�r �i�m�e�n�t�a�l�:�t�y�p�e�o�f�"� �"�/�e�x�p�e�r�i�m�e�n�t�a�l�:�s�t�a�t�e�m�e�n�t�E�x�p�r�e�s�s�i�o�n�s�"� �"�/�F�I�"� �"�r�t�e�_�c�o�n�f�i�g�.�h�"� �"�-�D�_�G�N�U�_�S�O�U�R�C�E�"� �"�-�D�_�W�I�N�3�2�_�W�I�N�N�T�=�0�x�0�A�0�0�"� �"�-�D�A�L�L�O�W�_�E�X�P�E�R�I�M�E�N�T�A�L�_�A�P�I�"� �"�-�D�A�L�L�O�W�_�I�N�T�E�R�N�A�L�_�A�P�I�"� �"�-�D�A�B�I�_�V�E�R�S�I�O�N�=�\�"�2�5�.�0�\�"�"� �"�-�D�R�T�E�_�L�O�G�_�D�E�F�A�U�L�T�_�L�O�G�T�Y�P�E�=�l�i�b�.�e�a�l�"� �"�/�F�d�l�i�b�\�l�i�b�r�t�e�_�e�a�l�.�a�.�p�\�e�a�l�_�c�o�m�m�o�n�_�r�t�e�_�s�e�r�v�i�c�e�.�c�.�p�d�b�"� �/�F�o�l�i�b�/�l�i�b�r�t�e�_�e�a�l�.�a�.�p�/�e�a�l�_�c�o�m�m�o�n�_�r�t�e�_�s�e�r�v�i�c�e�.�c�.�o�b�j� �"�/�c�"� �.�.�/�l�i�b�/�e�a�l�/�c�o�m�m�o�n�/�r�t�e�_�s�e�r�v�i�c�e�.�c� � �.�.�/�l�i�b�/�e�a�l�/�c�o�m�m�o�n�/�r�t�e�_�s�e�r�v�i�c�e�.�c�(�3�8�1�)�:� �e�r�r�o�r� �C�7�7�0�7�:� �c�a�l�l� �t�o� �'�_�_�c�1�1�_�a�t�o�m�i�c�_�s�t�o�r�e�'�:� �a�r�g�u�m�e�n�t� �t�y�p�e� �'�u�i�n�t�6�4�_�t� �*�'� �m�u�s�t� �b�e� �a� �p�o�i�n�t�e�r� �t�o� �a�n� �a�t�o�m�i�c� �t�y�p�e� � �.�.�/�l�i�b�/�e�a�l�/�c�o�m�m�o�n�/�r�t�e�_�s�e�r�v�i�c�e�.�c�(�3�9�8�)�:� �w�a�r�n�i�n�g� �C�4�0�9�0�:� �'�f�u�n�c�t�i�o�n�'�:� �d�i�f�f�e�r�e�n�t� �'�_�A�t�o�m�i�c�'� �q�u�a�l�i�f�i�e�r�s� � �.�.�/�l�i�b�/�e�a�l�/�c�o�m�m�o�n�/�r�t�e�_�s�e�r�v�i�c�e�.�c�(�4�0�1�)�:� �w�a�r�n�i�n�g� �C�4�0�9�0�:� �'�f�u�n�c�t�i�o�n�'�:� �d�i�f�f�e�r�e�n�t� �'�_�A�t�o�m�i�c�'� �q�u�a�l�i�f�i�e�r�s� � �.�.�/�l�i�b�/�e�a�l�/�c�o�m�m�o�n�/�r�t�e�_�s�e�r�v�i�c�e�.�c�(�4�0�3�)�:� �w�a�r�n�i�n�g� �C�4�0�9�0�:� �'�f�u�n�c�t�i�o�n�'�:� �d�i�f�f�e�r�e�n�t� �'�_�A�t�o�m�i�c�'� �q�u�a�l�i�f�i�e�r�s� � �.�.�/�l�i�b�/�e�a�l�/�c�o�m�m�o�n�/�r�t�e�_�s�e�r�v�i�c�e�.�c�(�4�0�9�)�:� �w�a�r�n�i�n�g� �C�4�0�9�0�:� �'�f�u�n�c�t�i�o�n�'�:� �d�i�f�f�e�r�e�n�t� �'�_�A�t�o�m�i�c�'� �q�u�a�l�i�f�i�e�r�s� � �.�.�/�l�i�b�/�e�a�l�/�c�o�m�m�o�n�/�r�t�e�_�s�e�r�v�i�c�e�.�c�(�4�1�0�)�:� �w�a�r�n�i�n�g� �C�4�0�9�0�:� �'�f�u�n�c�t�i�o�n�'�:� �d�i�f�f�e�r�e�n�t� �'�_�A�t�o�m�i�c�'� �q�u�a�l�i�f�i�e�r�s� � �[�4�4�/�9�4�]� �C�o�m�p�i�l�i�n�g� �C� �o�b�j�e�c�t� �l�i�b�/�l�i�b�r�t�e�_�e�a�l�.�a�.�p�/�e�a�l�_�w�i�n�d�o�w�s�_�e�a�l�_�f�i�l�e�.�c�.�o�b�j� � �[�4�5�/�9�4�]� �G�e�n�e�r�a�t�i�n�g� �s�y�m�b�o�l� �f�i�l�e� �l�i�b�/�r�t�e�_�l�o�g�-�2�5�.�d�l�l�.�p�/�r�t�e�_�l�o�g�-�2�5�.�d�l�l�.�s�y�m�b�o�l�s� � �[�4�6�/�9�4�]� �C�o�m�p�i�l�i�n�g� �C� �o�b�j�e�c�t� �l�i�b�/�l�i�b�r�t�e�_�e�a�l�.�a�.�p�/�e�a�l�_�w�i�n�d�o�w�s�_�e�a�l�_�h�u�g�e�p�a�g�e�s�.�c�.�o�b�j� � �[�4�7�/�9�4�]� �C�o�m�p�i�l�i�n�g� �C� �o�b�j�e�c�t� �l�i�b�/�l�i�b�r�t�e�_�e�a�l�.�a�.�p�/�e�a�l�_�w�i�n�d�o�w�s�_�e�a�l�_�i�n�t�e�r�r�u�p�t�s�.�c�.�o�b�j� � �[�4�8�/�9�4�]� �C�o�m�p�i�l�i�n�g� �C� �o�b�j�e�c�t� �l�i�b�/�l�i�b�r�t�e�_�e�a�l�.�a�.�p�/�e�a�l�_�w�i�n�d�o�w�s�_�e�a�l�_�a�l�a�r�m�.�c�.�o�b�j� � �n�i�n�j�a�:� �b�u�i�l�d� �s�t�o�p�p�e�d�:� �s�u�b�c�o�m�m�a�n�d� �f�a�i�l�e�d�.� � � ==== End log output ==== Windows Server 2022 Kernel: 10.0.20348.2031 Compiler: clang 15.0.7, gcc 8.1.0 (MinGW), and MSVC VS 17.9 Windows Server 2019 Kernel: 10.0.17763 Compiler: clang 14.0 and gcc 8.1.0 (MinGW) FreeBSD 13.3 Kernel: 13.3-RELEASE-p1 Compiler: clang 17.0.6 FreeBSD 14.1 Kernel: 14.1 Compiler: clang 18.1.5 CentOS Stream 9 Kernel: 5.4.0-167-generic Compiler: gcc 11.4.1 20230605 Debian Bullseye Kernel: 5.4.0-167-generic Compiler: gcc 10.2.1-6 Debian 12 Kernel: Container Host Kernel Compiler: gcc 12.2.0 Fedora 37 Kernel: Depends on container host system Compiler: gcc 12.3.1 Fedora 38 (Clang) Kernel: Depends on container host Compiler: clang 16.0.6 Fedora 38 Kernel: Depends on container host Compiler: gcc 13.2.1 Fedora 39 (Clang) Kernel: Depends on container host Compiler: clang 17.0.6 Fedora 39 Kernel: Depends on container host Compiler: gcc 13.2.1 Fedora 40 (Clang) Kernel: Depends on container host Compiler: clang 18.1.6 Fedora 40 Kernel: Depends on container host Compiler: gcc 14.1.1 openSUSE Leap 15 Kernel: 5.4.0-167-generic Compiler: gcc 7.5.0 RHEL8 Kernel: 5.4.0-167-generic Compiler: gcc 8.5.0 20210514 (Red Hat 8.5.0-20) RHEL9 Kernel: Depends on container host Compiler: gcc 11.4.1 Ubuntu 20.04 Kernel: 5.4.0-167-generic Compiler: gcc 9.4.0-1ubuntu1~20.04.1 Ubuntu 22.04 Kernel: 5.4.0-167-generic Compiler: gcc 11.4.0 Ubuntu 24.04 Kernel: 5.4.0-167-generic Compiler: gcc 13.2.0 Alpine Kernel: 5.4.0-167-generic Compiler: gcc (Alpine 13.2.1_git20231014) 13.2.1 20231014 To view detailed results, visit: https://lab.dpdk.org/results/dashboard/patchsets/30761/ UNH-IOL DPDK Community Lab To manage your email subscriptions, visit: https://lab.dpdk.org/results/dashboard/preferences/subscriptions/