From mboxrd@z Thu Jan  1 00:00:00 1970
Return-Path: <test-report-bounces@dpdk.org>
Received: from mails.dpdk.org (mails.dpdk.org [217.70.189.124])
	by inbox.dpdk.org (Postfix) with ESMTP id 6816E457C3
	for <public@inbox.dpdk.org>; Wed, 14 Aug 2024 15:44:02 +0200 (CEST)
Received: from mails.dpdk.org (localhost [127.0.0.1])
	by mails.dpdk.org (Postfix) with ESMTP id 6231D402C4;
	Wed, 14 Aug 2024 15:44:02 +0200 (CEST)
Received: from mail-pl1-f225.google.com (mail-pl1-f225.google.com
 [209.85.214.225])
 by mails.dpdk.org (Postfix) with ESMTP id EC3C140274
 for <test-report@dpdk.org>; Wed, 14 Aug 2024 15:44:00 +0200 (CEST)
Received: by mail-pl1-f225.google.com with SMTP id
 d9443c01a7336-1fc611a0f8cso48431615ad.2
 for <test-report@dpdk.org>; Wed, 14 Aug 2024 06:44:00 -0700 (PDT)
DKIM-Signature: v=1; a=rsa-sha256; c=relaxed/relaxed;
 d=iol.unh.edu; s=unh-iol; t=1723643040; x=1724247840; darn=dpdk.org;
 h=references:in-reply-to:cc:to:from:subject:message-id:date:from:to
 :cc:subject:date:message-id:reply-to;
 bh=2cYBBBIdnCw3EqQy5NNmPPBg9kVCs9oATifR0nzL8R4=;
 b=V225/AslrNPem59nH920r+z58tt0E4hupV/E66qDWWz+nbsZDi+v/lXEIgs/jz3z31
 /mkXjktWfw+138QNs/JsFsFb60Yb3dRRyggEBTtMYoJnAm1RHXtmqz1YVp742B0sosvw
 3/xINAmAZ9aC8QgW+eDkjclahVy44Ah1dKXy4=
X-Google-DKIM-Signature: v=1; a=rsa-sha256; c=relaxed/relaxed;
 d=1e100.net; s=20230601; t=1723643040; x=1724247840;
 h=references:in-reply-to:cc:to:from:subject:message-id:date
 :x-gm-message-state:from:to:cc:subject:date:message-id:reply-to;
 bh=2cYBBBIdnCw3EqQy5NNmPPBg9kVCs9oATifR0nzL8R4=;
 b=N/B+8ywXiQRahIuuwgfMZZYsD5/YyHh1ChKa10X2OxqOpkFFbUImKxnQyNFb1hVVdY
 MmjRDGAyoB5ysi/hRFzZHXFJrYVuqoyRXHZevhevAXw9+/+go4X3nBngI2R5lOQeHBIH
 5CdlnyDaCHyd0hXSL//O/gNvl+tSYKo2lnx7BTSql49oz0ODp9HcYscoF2OE+ST4zVf0
 XM0cslgFnvashDtG5S0h8lLrq5GWg1+S1N/Lnx9OHXPaFkCK6+f/2hB7bzpJwpp3ddUS
 NemY9qoUCGSQspwHYSu63Pur+UFDTpv30NrNDsRIMAvDcF6BCzWqP3phaOANAO+/Eoti
 rRSQ==
X-Gm-Message-State: AOJu0YymH3R6QVetFz1zVbGsNgTQYQAveR91AlVgRS/rlcbyVzvAQ9aj
 nKvDlE50jnv05ImH+lNsHGd22eaEQE1JnuG/mZpWEglOpT5qLkil7/SFp5KD+Z69QwY3LETc+1h
 bLV5rYZH8MitZp3U97C23v882V4IqGrRf/ijZE87iHXXYDtqliseEEPAW
X-Google-Smtp-Source: AGHT+IEXL2JyULmPv/qOMZ2eTMaCtyArIIoQHnJkoWpKWxtJvAps6H2lLrapKj0D4OP/YOF8QoiaGOl37UUJ
X-Received: by 2002:a17:903:354d:b0:1fd:9238:40f with SMTP id
 d9443c01a7336-201d641e6eemr34419855ad.22.1723643039823; 
 Wed, 14 Aug 2024 06:43:59 -0700 (PDT)
Received: from postal.iol.unh.edu (postal.iol.unh.edu.
 [2606:4100:3880:1234::84]) by smtp-relay.gmail.com with ESMTPS id
 d9443c01a7336-201cd1a7edasm2338605ad.108.2024.08.14.06.43.59
 (version=TLS1_2 cipher=ECDHE-ECDSA-AES128-GCM-SHA256 bits=128/128);
 Wed, 14 Aug 2024 06:43:59 -0700 (PDT)
X-Relaying-Domain: iol.unh.edu
Date: Wed, 14 Aug 2024 06:43:59 -0700 (PDT)
Message-ID: <66bcb49f.170a0220.b3121.b07bSMTPIN_ADDED_MISSING@mx.google.com>
Received: from [172.17.0.3] (unknown [172.18.0.217])
 by postal.iol.unh.edu (Postfix) with ESMTP id EBE8860526E2;
 Wed, 14 Aug 2024 09:43:58 -0400 (EDT)
Subject: |FAILURE| pw143122 [PATCH] [v2] net/bnxt: fix issue reading sff8436 
From: dpdklab@iol.unh.edu
To: Test Report <test-report@dpdk.org>
Cc: dpdk-test-reports@iol.unh.edu, Peter Morrow <pdmorrow@gmail.com>
In-Reply-To: <20240812103405.2041816-1-pdmorrow@gmail.com>
References: <20240812103405.2041816-1-pdmorrow@gmail.com>
Content-Type: text/plain
X-BeenThere: test-report@dpdk.org
X-Mailman-Version: 2.1.29
Precedence: list
List-Id: automatic DPDK test reports <test-report.dpdk.org>
List-Unsubscribe: <https://mails.dpdk.org/options/test-report>,
 <mailto:test-report-request@dpdk.org?subject=unsubscribe>
List-Archive: <http://mails.dpdk.org/archives/test-report/>
List-Post: <mailto:test-report@dpdk.org>
List-Help: <mailto:test-report-request@dpdk.org?subject=help>
List-Subscribe: <https://mails.dpdk.org/listinfo/test-report>,
 <mailto:test-report-request@dpdk.org?subject=subscribe>
Errors-To: test-report-bounces@dpdk.org

Test-Label: iol-unit-amd64-testing
Test-Status: FAILURE
http://dpdk.org/patch/143122

_Testing issues_

Submitter: Peter Morrow <pdmorrow@gmail.com>
Date: Monday, August 12 2024 10:34:05 
DPDK git baseline: Repo:dpdk
  Branch: master
  CommitID:b3485f4293997d35b6daecc3437bb0c183a51fb3

143122 --> testing issues

Upstream job id: Generic-Unit-Test-DPDK#252216

Test environment and result as below:

+---------------------+----------------+
|     Environment     | dpdk_unit_test |
+=====================+================+
| Windows Server 2019 | PASS           |
+---------------------+----------------+
| Windows Server 2022 | PASS           |
+---------------------+----------------+
| CentOS Stream 9     | PASS           |
+---------------------+----------------+
| Debian Bullseye     | PASS           |
+---------------------+----------------+
| Fedora 37           | PASS           |
+---------------------+----------------+
| Fedora 38           | PASS           |
+---------------------+----------------+
| Debian 12           | PASS           |
+---------------------+----------------+
| Fedora 38 (Clang)   | PASS           |
+---------------------+----------------+
| Fedora 39           | PASS           |
+---------------------+----------------+
| Fedora 39 (Clang)   | PEND           |
+---------------------+----------------+
| Fedora 40           | PASS           |
+---------------------+----------------+
| RHEL8               | PASS           |
+---------------------+----------------+
| Ubuntu 20.04        | PASS           |
+---------------------+----------------+
| Fedora 40 (Clang)   | PEND           |
+---------------------+----------------+
| RHEL9               | WARN           |
+---------------------+----------------+
| openSUSE Leap 15    | PEND           |
+---------------------+----------------+
| Ubuntu 22.04        | PEND           |
+---------------------+----------------+
| Ubuntu 24.04        | PEND           |
+---------------------+----------------+

==== 20 line log output for RHEL9 (dpdk_unit_test): ====
Compiler for C supports arguments -Wformat-nonliteral: YES
Compiler for C supports arguments -Wformat-security: YES
Compiler for C supports arguments -Wmissing-declarations: YES
Compiler for C supports arguments -Wmissing-prototypes: YES
Compiler for C supports arguments -Wnested-externs: YES
Compiler for C supports arguments -Wold-style-definition: YES
Compiler for C supports arguments -Wpointer-arith: YES
Compiler for C supports arguments -Wsign-compare: YES
Compiler for C supports arguments -Wstrict-prototypes: YES
Compiler for C supports arguments -Wundef: YES
Compiler for C supports arguments -Wwrite-strings: YES
Compiler for C supports arguments -Wno-address-of-packed-member -Waddress-of-packed-member: YES
Compiler for C supports arguments -Wno-packed-not-aligned -Wpacked-not-aligned: YES
Compiler for C supports arguments -Wno-missing-field-initializers -Wmissing-field-initializers: YES
Compiler for C supports arguments -Wno-zero-length-bounds -Wzero-length-bounds: YES
Program /home-local/jenkins-local/jenkins-agent/workspace/Generic-Unit-Test-DPDK/dpdk/config/arm/armv8_machine.py found: YES (/home-local/jenkins-local/jenkins-agent/workspace/Generic-Unit-Test-DPDK/dpdk/config/arm/armv8_machine.py)

config/arm/meson.build:767:16: ERROR: Problem encountered: Error when getting Arm Implementer ID and part number.

A full log can be found at /home-local/jenkins-local/jenkins-agent/workspace/Generic-Unit-Test-DPDK/dpdk/build/meson-logs/meson-log.txt
==== End log output ====

Windows Server 2019
	Kernel: 10.0.17763
	Compiler: clang 14.0 and gcc 8.1.0 (MinGW)

Windows Server 2022
	Kernel: 10.0.20348.2031
	Compiler: clang 15.0.7, gcc 8.1.0 (MinGW), and MSVC VS 17.9

CentOS Stream 9
	Kernel: 5.4.0-167-generic
	Compiler: gcc 11.4.1 20230605

Debian Bullseye
	Kernel: 5.4.0-167-generic
	Compiler: gcc 10.2.1-6

Fedora 37
	Kernel: Depends on container host system
	Compiler: gcc 12.3.1

Fedora 38
	Kernel: Depends on container host
	Compiler: gcc 13.2.1

Debian 12
	Kernel: Container Host Kernel
	Compiler: gcc 12.2.0

Fedora 38 (Clang)
	Kernel: Depends on container host
	Compiler: clang 16.0.6

Fedora 39
	Kernel: Depends on container host
	Compiler: gcc 13.2.1

Fedora 39 (Clang)
	Kernel: Depends on container host
	Compiler: clang 17.0.6

Fedora 40
	Kernel: Depends on container host
	Compiler: gcc 14.1.1

RHEL8
	Kernel: 5.4.0-167-generic
	Compiler: gcc 8.5.0 20210514 (Red Hat 8.5.0-20)

Ubuntu 20.04
	Kernel: 5.4.0-167-generic
	Compiler: gcc 9.4.0-1ubuntu1~20.04.1

Fedora 40 (Clang)
	Kernel: Depends on container host
	Compiler: clang 18.1.6

RHEL9
	Kernel: Depends on container host
	Compiler: gcc 11.4.1

openSUSE Leap 15
	Kernel: 5.4.0-167-generic
	Compiler: gcc 7.5.0

Ubuntu 22.04
	Kernel: 5.4.0-167-generic
	Compiler: gcc 11.4.0

Ubuntu 24.04
	Kernel: 5.4.0-167-generic
	Compiler: gcc 13.2.0

To view detailed results, visit:
https://lab.dpdk.org/results/dashboard/patchsets/30788/

UNH-IOL DPDK Community Lab

To manage your email subscriptions, visit: 
https://lab.dpdk.org/results/dashboard/preferences/subscriptions/