From mboxrd@z Thu Jan  1 00:00:00 1970
Return-Path: <test-report-bounces@dpdk.org>
Received: from mails.dpdk.org (mails.dpdk.org [217.70.189.124])
	by inbox.dpdk.org (Postfix) with ESMTP id 94DF0457D4
	for <public@inbox.dpdk.org>; Thu, 15 Aug 2024 12:12:39 +0200 (CEST)
Received: from mails.dpdk.org (localhost [127.0.0.1])
	by mails.dpdk.org (Postfix) with ESMTP id 1691742E44;
	Thu, 15 Aug 2024 12:12:39 +0200 (CEST)
Received: from mail-yw1-f227.google.com (mail-yw1-f227.google.com
 [209.85.128.227])
 by mails.dpdk.org (Postfix) with ESMTP id DB8574025F
 for <test-report@dpdk.org>; Thu, 15 Aug 2024 12:10:50 +0200 (CEST)
Received: by mail-yw1-f227.google.com with SMTP id
 00721157ae682-6512866fa87so7528557b3.2
 for <test-report@dpdk.org>; Thu, 15 Aug 2024 03:10:50 -0700 (PDT)
DKIM-Signature: v=1; a=rsa-sha256; c=relaxed/relaxed;
 d=iol.unh.edu; s=unh-iol; t=1723716650; x=1724321450; darn=dpdk.org;
 h=references:in-reply-to:cc:to:from:subject:message-id:date:from:to
 :cc:subject:date:message-id:reply-to;
 bh=jbdznXIBHjezmAUhQjlLdRtg9PLLUUZA+6qFhNI7dKo=;
 b=Nm7Wpyt8Cti+fyEUoVJkIG+YfC0WBeuymq4ctyee0RerYArIeYVCRry+RCnh1evikQ
 FQFt07J+B9exw9r4vT79/oy0MSmPneLu+dStZNhqo51Mla4Sv7TGQGJV//2Enl1ntLtX
 Rv5+EVUzWiqekWO7OfoAxdNgCzPr0NBKVL6Gc=
X-Google-DKIM-Signature: v=1; a=rsa-sha256; c=relaxed/relaxed;
 d=1e100.net; s=20230601; t=1723716650; x=1724321450;
 h=references:in-reply-to:cc:to:from:subject:message-id:date
 :x-gm-message-state:from:to:cc:subject:date:message-id:reply-to;
 bh=jbdznXIBHjezmAUhQjlLdRtg9PLLUUZA+6qFhNI7dKo=;
 b=WCtcAtfm4TIPl5MUkT0KaZS1L79eP4xTIQmtLgb+J6mIG/wwjedTqfEjUftpurkFK3
 HC9BKUguLC7eEnRb0d2RVp1q6j36GAvt3hk2NVQSsPc+An8ddWX3n+lQseSCY4YJagGQ
 WiTRDfYCAhvOPkCdXwMGMSCh/vWFL41PI4LtsKHiJ5F+TCN5jBYUuh1SWvn3aF4r2/rS
 BlAI9+vXHZA4c8g8ZQrAliNjRUbgXckcUu3nPlDAPvxaMB0d05bZ7jgUjaTp29j+kfQv
 BkhIElNA8bv97Uf4nWh0kYULVuKDJs2NdbR9Z4joMJ9Vf9RBDHHIVUXOL6iTIQoWyLm7
 Kckw==
X-Gm-Message-State: AOJu0Yw1Mij0ZIYWc3ZKmNsd0zhIa9gMTrF7jkWT4qImZ6kp9e+EF30o
 eW3d8xViC6oI+jsN0+6tWm+ynsjgtFLOGXLMWm5g4Vwffi97aSuM+GZW2uEzOl/x7frzFzH/K4m
 vkJutqrLBvRwChDLOOlZ3q8CMr+3CngvP14zmsrcV
X-Google-Smtp-Source: AGHT+IG52MIn7aT0wpagoM4+gvbT9xC0xIYH4hcSwZvPhiU4apkTsPY+Z5RaQErtQyQ6/3dvEinucR3P9Qco
X-Received: by 2002:a05:690c:4b0c:b0:6b0:7203:f0ed with SMTP id
 00721157ae682-6b07203f1b7mr7520937b3.20.1723716650187; 
 Thu, 15 Aug 2024 03:10:50 -0700 (PDT)
Received: from postal.iol.unh.edu (postal.iol.unh.edu. [132.177.123.84])
 by smtp-relay.gmail.com with ESMTPS id
 00721157ae682-6af9e1d66d3sm581487b3.67.2024.08.15.03.10.50
 (version=TLS1_2 cipher=ECDHE-ECDSA-AES128-GCM-SHA256 bits=128/128);
 Thu, 15 Aug 2024 03:10:50 -0700 (PDT)
X-Relaying-Domain: iol.unh.edu
Date: Thu, 15 Aug 2024 03:10:50 -0700 (PDT)
Message-ID: <66bdd42a.050a0220.5bc0e.250bSMTPIN_ADDED_MISSING@mx.google.com>
Received: from [172.17.0.3] (unknown [172.18.0.214])
 by postal.iol.unh.edu (Postfix) with ESMTP id D11916052500;
 Thu, 15 Aug 2024 06:10:49 -0400 (EDT)
Subject: |FAILURE| pw143185 [PATCH] net/r8169: add PMD driver skeleton
From: dpdklab@iol.unh.edu
To: Test Report <test-report@dpdk.org>
Cc: dpdk-test-reports@iol.unh.edu, Howard Wang <howard_wang@realsil.com.cn>
In-Reply-To: <20240815052755.23082-1-howard_wang@realsil.com.cn>
References: <20240815052755.23082-1-howard_wang@realsil.com.cn>
Content-Type: text/plain
X-BeenThere: test-report@dpdk.org
X-Mailman-Version: 2.1.29
Precedence: list
List-Id: automatic DPDK test reports <test-report.dpdk.org>
List-Unsubscribe: <https://mails.dpdk.org/options/test-report>,
 <mailto:test-report-request@dpdk.org?subject=unsubscribe>
List-Archive: <http://mails.dpdk.org/archives/test-report/>
List-Post: <mailto:test-report@dpdk.org>
List-Help: <mailto:test-report-request@dpdk.org?subject=help>
List-Subscribe: <https://mails.dpdk.org/listinfo/test-report>,
 <mailto:test-report-request@dpdk.org?subject=subscribe>
Errors-To: test-report-bounces@dpdk.org

Test-Label: iol-compile-arm64-testing
Test-Status: FAILURE
http://dpdk.org/patch/143185

_Testing issues_

Submitter: Howard Wang <howard_wang@realsil.com.cn>
Date: Thursday, August 15 2024 05:27:55 
DPDK git baseline: Repo:dpdk
  Branch: master
  CommitID:e0f7ebe88ab4588dd352e9ec14270ce4e3b1470b

143185 --> testing issues

Upstream job id: Generic-DPDK-Compile-Meson#288763

Test environment and result as below:

+----------------------------------------+--------------------+
|              Environment               | dpdk_meson_compile |
+========================================+====================+
| RHEL9 (ARM)                            | FAIL               |
+----------------------------------------+--------------------+
| Ubuntu 20.04 ARM GCC Cross Compile     | FAIL               |
+----------------------------------------+--------------------+
| Ubuntu 20.04 ARM SVE                   | PASS               |
+----------------------------------------+--------------------+
| Debian 12 with MUSDK                   | FAIL               |
+----------------------------------------+--------------------+
| Fedora 39 (ARM)                        | FAIL               |
+----------------------------------------+--------------------+
| Fedora 37 (ARM)                        | FAIL               |
+----------------------------------------+--------------------+
| Fedora 38 (ARM)                        | FAIL               |
+----------------------------------------+--------------------+
| Fedora 39 (ARM Clang)                  | FAIL               |
+----------------------------------------+--------------------+
| Fedora 38 (ARM Clang)                  | FAIL               |
+----------------------------------------+--------------------+
| Fedora 40 (ARM)                        | FAIL               |
+----------------------------------------+--------------------+
| Fedora 40 (ARM Clang)                  | FAIL               |
+----------------------------------------+--------------------+
| Ubuntu 20.04 (ARM)                     | FAIL               |
+----------------------------------------+--------------------+
| Ubuntu 22.04 (ARM)                     | FAIL               |
+----------------------------------------+--------------------+
| Ubuntu 24.04 (ARM)                     | FAIL               |
+----------------------------------------+--------------------+
| Debian 11 (Buster) (ARM)               | FAIL               |
+----------------------------------------+--------------------+
| CentOS Stream 9 (ARM)                  | FAIL               |
+----------------------------------------+--------------------+
| Ubuntu 20.04 ARM Clang Cross Compile   | FAIL               |
+----------------------------------------+--------------------+
| Debian 12 (arm)                        | FAIL               |
+----------------------------------------+--------------------+
| Ubuntu 20.04 aarch32 GCC Cross Compile | FAIL               |
+----------------------------------------+--------------------+

==== 20 line log output for Ubuntu 20.04 aarch32 GCC Cross Compile (dpdk_meson_compile): ====
[1461/2296] Compiling C object 'drivers/a715181@@tmp_rte_net_ring@sta/net_ring_rte_eth_ring.c.o'.
[1462/2296] Linking static target drivers/libtmp_rte_net_ring.a.
[1463/2296] Generating rte_net_ring.pmd.c with a custom command.
[1464/2296] Compiling C object 'drivers/a715181@@rte_net_ring@sta/meson-generated_.._rte_net_ring.pmd.c.o'.
[1465/2296] Linking static target drivers/librte_net_ring.a.
[1466/2296] Generating rte_net_ring.sym_chk with a meson_exe.py custom command.
[1467/2296] Linking target drivers/librte_net_qede.so.25.0.
[1468/2296] Compiling C object 'drivers/a715181@@rte_net_ring@sha/meson-generated_.._rte_net_ring.pmd.c.o'.
[1469/2296] Compiling C object 'drivers/a715181@@tmp_rte_net_r8169@sta/net_r8169_r8169_ethdev.c.o'.
FAILED: drivers/a715181@@tmp_rte_net_r8169@sta/net_r8169_r8169_ethdev.c.o
ccache arm-linux-gnueabihf-gcc -Idrivers/a715181@@tmp_rte_net_r8169@sta -Idrivers -I../drivers -Idrivers/net/r8169 -I../drivers/net/r8169 -Ilib/ethdev -I../lib/ethdev -I. -I../ -Iconfig -I../config -Ilib/eal/include -I../lib/eal/include -Ilib/eal/linux/include -I../lib/eal/linux/include -Ilib/eal/arm/include -I../lib/eal/arm/include -Ilib/eal/common -I../lib/eal/common -Ilib/eal -I../lib/eal -Ilib/kvargs -I../lib/kvargs -Ilib/log -I../lib/log -Ilib/telemetry/../metrics -I../lib/telemetry/../metrics -Ilib/telemetry -I../lib/telemetry -Ilib/net -I../lib/net -Ilib/mbuf -I../lib/mbuf -Ilib/mempool -I../lib/mempool -Ilib/ring -I../lib/ring -Ilib/meter -I../lib/meter -Idrivers/bus/pci -I../drivers/bus/pci -I../drivers/bus/pci/linux -Ilib/pci -I../lib/pci -Idrivers/bus/vdev -I../drivers/bus/vdev -fdiagnostics-color=always -pipe -D_FILE_OFFSET_BITS=64 -Wall -Winvalid-pch -Wextra -Werror -std=c11 -O3 -include rte_config.h -Wcast-qual -Wdeprecated -Wformat -Wformat-nonliteral -Wformat-security
  -Wmissing-declarations -Wmissing-prototypes -Wnested-externs -Wold-style-definition -Wpointer-arith -Wsign-compare -Wstrict-prototypes -Wundef -Wwrite-strings -Wno-address-of-packed-member -Wno-packed-not-aligned -Wno-missing-field-initializers -Wno-pointer-to-int-cast -D_GNU_SOURCE -fPIC -march=armv8-a+simd -mfpu=auto -DALLOW_EXPERIMENTAL_API -DALLOW_INTERNAL_API -Wno-format-truncation -DRTE_LOG_DEFAULT_LOGTYPE=pmd.net.r8169 -MD -MQ 'drivers/a715181@@tmp_rte_net_r8169@sta/net_r8169_r8169_ethdev.c.o' -MF 'drivers/a715181@@tmp_rte_net_r8169@sta/net_r8169_r8169_ethdev.c.o.d' -o 'drivers/a715181@@tmp_rte_net_r8169@sta/net_r8169_r8169_ethdev.c.o' -c ../drivers/net/r8169/r8169_ethdev.c
../drivers/net/r8169/r8169_ethdev.c: In function 'rtl_dev_init':
../drivers/net/r8169/r8169_ethdev.c:117:17: error: unused variable 'hw' [-Werror=unused-variable]
117 |  struct rtl_hw *hw = &adapter->hw;
|                 ^~
../drivers/net/r8169/r8169_ethdev.c:115:26: error: unused variable 'intr_handle' [-Werror=unused-variable]
115 |  struct rte_intr_handle *intr_handle = pci_dev->intr_handle;
|                          ^~~~~~~~~~~
cc1: all warnings being treated as errors
ninja: build stopped: subcommand failed.
==== End log output ====

RHEL9 (ARM)
	Kernel: Depends on container host
	Compiler: gcc 11.4.1

Ubuntu 20.04 ARM GCC Cross Compile
	Kernel: 5.4.0-167-generic
	Compiler: aarch64-linux-gnu-gcc (Ubuntu 9.4.0-1ubuntu1~20.04.2) 9.4.0

Ubuntu 20.04 ARM SVE
	Kernel: 5.4.0-167-generic
	Compiler: gcc (Ubuntu 10.5.0-1ubuntu1~20.04) 10.5.0

Debian 12 with MUSDK
	Kernel: Container Host Kernel
	Compiler: gcc 12.2.0

Fedora 39 (ARM)
	Kernel: Depends on container host
	Compiler: gcc 13.2.1

Fedora 37 (ARM)
	Kernel: Depends on container host
	Compiler: gcc 12.3.1

Fedora 38 (ARM)
	Kernel: Depends on container host
	Compiler: gcc 13.2.1

Fedora 39 (ARM Clang)
	Kernel: Depends on container host
	Compiler: clang 17.0.6

Fedora 38 (ARM Clang)
	Kernel: Depends on container host
	Compiler: clang 16.0.6

Fedora 40 (ARM)
	Kernel: Depends on container host
	Compiler: gcc 14.1.1

Fedora 40 (ARM Clang)
	Kernel: Depends on container host
	Compiler: clang 18.1.6

Ubuntu 20.04 (ARM)
	Kernel: Container Host Kernel
	Compiler: gcc 9.4.0

Ubuntu 22.04 (ARM)
	Kernel: Container Host Kernel
	Compiler: gcc 11.4.0

Ubuntu 24.04 (ARM)
	Kernel: 5.4.0-167-generic
	Compiler: gcc 13.2.0

Debian 11 (Buster) (ARM)
	Kernel: Container Host Kernel
	Compiler: gcc 10.2.1

CentOS Stream 9 (ARM)
	Kernel: Container Host Kernel
	Compiler: gcc 11.4.1

Ubuntu 20.04 ARM Clang Cross Compile
	Kernel: 5.4.0-72-generic
	Compiler: clang 10.0.0-4ubuntu1

Debian 12 (arm)
	Kernel: Container Host Kernel
	Compiler: gcc 12.2.0

Ubuntu 20.04 aarch32 GCC Cross Compile
	Kernel: 5.4.0-167-generic
	Compiler: gcc 9.4.0

To view detailed results, visit:
https://lab.dpdk.org/results/dashboard/patchsets/30795/

UNH-IOL DPDK Community Lab

To manage your email subscriptions, visit: 
https://lab.dpdk.org/results/dashboard/preferences/subscriptions/