From mboxrd@z Thu Jan  1 00:00:00 1970
Return-Path: <test-report-bounces@dpdk.org>
Received: from mails.dpdk.org (mails.dpdk.org [217.70.189.124])
	by inbox.dpdk.org (Postfix) with ESMTP id 1D79E457D4
	for <public@inbox.dpdk.org>; Thu, 15 Aug 2024 12:12:40 +0200 (CEST)
Received: from mails.dpdk.org (localhost [127.0.0.1])
	by mails.dpdk.org (Postfix) with ESMTP id E503542E6A;
	Thu, 15 Aug 2024 12:12:39 +0200 (CEST)
Received: from mail-pj1-f97.google.com (mail-pj1-f97.google.com
 [209.85.216.97]) by mails.dpdk.org (Postfix) with ESMTP id 5EF564025F
 for <test-report@dpdk.org>; Thu, 15 Aug 2024 12:11:50 +0200 (CEST)
Received: by mail-pj1-f97.google.com with SMTP id
 98e67ed59e1d1-2d3c05dc63eso535803a91.0
 for <test-report@dpdk.org>; Thu, 15 Aug 2024 03:11:50 -0700 (PDT)
DKIM-Signature: v=1; a=rsa-sha256; c=relaxed/relaxed;
 d=iol.unh.edu; s=unh-iol; t=1723716709; x=1724321509; darn=dpdk.org;
 h=references:in-reply-to:cc:to:from:subject:message-id:date:from:to
 :cc:subject:date:message-id:reply-to;
 bh=r6WpbXg/639yDBf5evP4rphpOhMW5UVr1HEsf+7VA6E=;
 b=h+zb6/f/yPbzLut4HA8+C/u+wjhC8it9H5u2vs2JQjz/7umibljSBOfb63zOlLcTdk
 MguQ7mX+3iq/YvJ6CA256vB2hv55y0rmJNZvkmmOfUm4EHCjMRJT2SWz7dOcHrzZjZ7T
 eSTH2295stCxBRUrIwRWTUa2PqQ7di3/WTaso=
X-Google-DKIM-Signature: v=1; a=rsa-sha256; c=relaxed/relaxed;
 d=1e100.net; s=20230601; t=1723716709; x=1724321509;
 h=references:in-reply-to:cc:to:from:subject:message-id:date
 :x-gm-message-state:from:to:cc:subject:date:message-id:reply-to;
 bh=r6WpbXg/639yDBf5evP4rphpOhMW5UVr1HEsf+7VA6E=;
 b=NzSfpQmoklERYEY3wUnTFXBthundqM5Tn26acduHtDvazwDv2+NldWkuabpTMEl0oq
 A+DvqVrwDOu3fS8/rp93yT/nutjZLEiKkXPuiGsbDdcwwcpsMCjlYCVC6KQuARSn94OL
 nqMfP3dzwMJl0EZWSDArptR5p3COQ4laWAaL1nLWvcqQVokjajhnp1kwvO6hh1ji9Co0
 MVlLEwSe9+JaH5tzY/jrxtsN+BdQ9+yM6dvVgfTm5/wxmRwxm7FAPqskvEvcnVUzGJCD
 AfYJfZ1BhaxUCwHF3Lqsb7HXX/xDMywwf7hIuNWFX+fMbXgZjLPJGlqkyfJBcz655ZrQ
 MqsA==
X-Gm-Message-State: AOJu0Yx6/IbLvj37Y7qQrrDjGaGrN5GpTdEcyKx1MM19t+/0L901DQQ8
 w+Pevm/gOej68laZr5XB87zXpbeEZSeYLD3p5CUScQX4GI1Gc+jk/5B4m0xUNGH+TgtR32ChW+6
 Tupfj7Bn97YkDhCfHlHffLTYM5boFBMcKJoyiSGZ6+US4kgTAJhYPH8f7
X-Google-Smtp-Source: AGHT+IHS7C/viG4Zydl8ciuKrHn+c4R2ZsbqJwO1SR+7kzRajsZu3D3MLavA8InXLwFQshJ1AY5OMru2ny+0
X-Received: by 2002:a17:90a:5604:b0:2c9:7fba:d890 with SMTP id
 98e67ed59e1d1-2d3aabf348amr5716714a91.43.1723716709585; 
 Thu, 15 Aug 2024 03:11:49 -0700 (PDT)
Received: from postal.iol.unh.edu (postal.iol.unh.edu.
 [2606:4100:3880:1234::84]) by smtp-relay.gmail.com with ESMTPS id
 98e67ed59e1d1-2d3c882a141sm98096a91.11.2024.08.15.03.11.49
 (version=TLS1_2 cipher=ECDHE-ECDSA-AES128-GCM-SHA256 bits=128/128);
 Thu, 15 Aug 2024 03:11:49 -0700 (PDT)
X-Relaying-Domain: iol.unh.edu
Date: Thu, 15 Aug 2024 03:11:49 -0700 (PDT)
Message-ID: <66bdd465.170a0220.69451.416cSMTPIN_ADDED_MISSING@mx.google.com>
Received: from [172.17.0.3] (unknown [172.18.0.214])
 by postal.iol.unh.edu (Postfix) with ESMTP id 72F056052500;
 Thu, 15 Aug 2024 06:11:48 -0400 (EDT)
Subject: |FAILURE| pw143185 [PATCH] net/r8169: add PMD driver skeleton
From: dpdklab@iol.unh.edu
To: Test Report <test-report@dpdk.org>
Cc: dpdk-test-reports@iol.unh.edu, Howard Wang <howard_wang@realsil.com.cn>
In-Reply-To: <20240815052755.23082-1-howard_wang@realsil.com.cn>
References: <20240815052755.23082-1-howard_wang@realsil.com.cn>
Content-Type: text/plain
X-BeenThere: test-report@dpdk.org
X-Mailman-Version: 2.1.29
Precedence: list
List-Id: automatic DPDK test reports <test-report.dpdk.org>
List-Unsubscribe: <https://mails.dpdk.org/options/test-report>,
 <mailto:test-report-request@dpdk.org?subject=unsubscribe>
List-Archive: <http://mails.dpdk.org/archives/test-report/>
List-Post: <mailto:test-report@dpdk.org>
List-Help: <mailto:test-report-request@dpdk.org?subject=help>
List-Subscribe: <https://mails.dpdk.org/listinfo/test-report>,
 <mailto:test-report-request@dpdk.org?subject=subscribe>
Errors-To: test-report-bounces@dpdk.org

Test-Label: iol-compile-amd64-testing
Test-Status: FAILURE
http://dpdk.org/patch/143185

_Testing issues_

Submitter: Howard Wang <howard_wang@realsil.com.cn>
Date: Thursday, August 15 2024 05:27:55 
DPDK git baseline: Repo:dpdk
  Branch: master
  CommitID:e0f7ebe88ab4588dd352e9ec14270ce4e3b1470b

143185 --> testing issues

Upstream job id: Generic-DPDK-Compile-Meson#288744

Test environment and result as below:

+---------------------+-----------------------+----------------------+-------------------+--------------------+------------------+-------------------+
|     Environment     | dpdk_win_llvm_compile | dpdk_mingw64_compile | dpdk_msvc_compile | dpdk_meson_compile | dpdk_compile_ovs | dpdk_compile_spdk |
+=====================+=======================+======================+===================+====================+==================+===================+
| Windows Server 2022 | PEND                  | PEND                 | PEND              | SKIPPED            | SKIPPED          | SKIPPED           |
+---------------------+-----------------------+----------------------+-------------------+--------------------+------------------+-------------------+
| FreeBSD 13.3        | SKIPPED               | SKIPPED              | SKIPPED           | FAIL               | SKIPPED          | SKIPPED           |
+---------------------+-----------------------+----------------------+-------------------+--------------------+------------------+-------------------+
| FreeBSD 14.1        | SKIPPED               | SKIPPED              | SKIPPED           | FAIL               | SKIPPED          | SKIPPED           |
+---------------------+-----------------------+----------------------+-------------------+--------------------+------------------+-------------------+
| CentOS Stream 9     | SKIPPED               | SKIPPED              | SKIPPED           | FAIL               | WARN             | WARN              |
+---------------------+-----------------------+----------------------+-------------------+--------------------+------------------+-------------------+
| Debian Bullseye     | SKIPPED               | SKIPPED              | SKIPPED           | FAIL               | WARN             | WARN              |
+---------------------+-----------------------+----------------------+-------------------+--------------------+------------------+-------------------+
| Debian 12           | SKIPPED               | SKIPPED              | SKIPPED           | FAIL               | WARN             | WARN              |
+---------------------+-----------------------+----------------------+-------------------+--------------------+------------------+-------------------+
| Fedora 37           | SKIPPED               | SKIPPED              | SKIPPED           | FAIL               | WARN             | WARN              |
+---------------------+-----------------------+----------------------+-------------------+--------------------+------------------+-------------------+
| Fedora 38 (Clang)   | SKIPPED               | SKIPPED              | SKIPPED           | FAIL               | WARN             | WARN              |
+---------------------+-----------------------+----------------------+-------------------+--------------------+------------------+-------------------+
| Fedora 38           | SKIPPED               | SKIPPED              | SKIPPED           | FAIL               | WARN             | WARN              |
+---------------------+-----------------------+----------------------+-------------------+--------------------+------------------+-------------------+
| Fedora 39 (Clang)   | SKIPPED               | SKIPPED              | SKIPPED           | FAIL               | WARN             | WARN              |
+---------------------+-----------------------+----------------------+-------------------+--------------------+------------------+-------------------+
| Fedora 40 (Clang)   | SKIPPED               | SKIPPED              | SKIPPED           | FAIL               | WARN             | WARN              |
+---------------------+-----------------------+----------------------+-------------------+--------------------+------------------+-------------------+
| Fedora 39           | SKIPPED               | SKIPPED              | SKIPPED           | FAIL               | WARN             | WARN              |
+---------------------+-----------------------+----------------------+-------------------+--------------------+------------------+-------------------+
| Fedora 40           | SKIPPED               | SKIPPED              | SKIPPED           | FAIL               | WARN             | WARN              |
+---------------------+-----------------------+----------------------+-------------------+--------------------+------------------+-------------------+
| openSUSE Leap 15    | SKIPPED               | SKIPPED              | SKIPPED           | FAIL               | WARN             | SKIPPED           |
+---------------------+-----------------------+----------------------+-------------------+--------------------+------------------+-------------------+
| RHEL8               | SKIPPED               | SKIPPED              | SKIPPED           | FAIL               | WARN             | SKIPPED           |
+---------------------+-----------------------+----------------------+-------------------+--------------------+------------------+-------------------+
| RHEL9               | SKIPPED               | SKIPPED              | SKIPPED           | FAIL               | WARN             | SKIPPED           |
+---------------------+-----------------------+----------------------+-------------------+--------------------+------------------+-------------------+
| Ubuntu 22.04        | SKIPPED               | SKIPPED              | SKIPPED           | FAIL               | WARN             | WARN              |
+---------------------+-----------------------+----------------------+-------------------+--------------------+------------------+-------------------+
| Ubuntu 20.04        | SKIPPED               | SKIPPED              | SKIPPED           | FAIL               | WARN             | SKIPPED           |
+---------------------+-----------------------+----------------------+-------------------+--------------------+------------------+-------------------+
| Ubuntu 24.04        | SKIPPED               | SKIPPED              | SKIPPED           | FAIL               | WARN             | WARN              |
+---------------------+-----------------------+----------------------+-------------------+--------------------+------------------+-------------------+
| Alpine              | SKIPPED               | SKIPPED              | SKIPPED           | FAIL               | WARN             | SKIPPED           |
+---------------------+-----------------------+----------------------+-------------------+--------------------+------------------+-------------------+

==== 20 line log output for Alpine (dpdk_compile_ovs): ====
 --- Failed to get log output --- 
==== End log output ====

Windows Server 2022
	Kernel: 10.0.20348.2031
	Compiler: clang 15.0.7, gcc 8.1.0 (MinGW), and MSVC VS 17.9

FreeBSD 13.3
	Kernel: 13.3-RELEASE-p1
	Compiler: clang 17.0.6

FreeBSD 14.1
	Kernel: 14.1
	Compiler: clang 18.1.5

CentOS Stream 9
	Kernel: 5.4.0-167-generic
	Compiler: gcc 11.4.1 20230605

Debian Bullseye
	Kernel: 5.4.0-167-generic
	Compiler: gcc 10.2.1-6

Debian 12
	Kernel: Container Host Kernel
	Compiler: gcc 12.2.0

Fedora 37
	Kernel: Depends on container host system
	Compiler: gcc 12.3.1

Fedora 38 (Clang)
	Kernel: Depends on container host
	Compiler: clang 16.0.6

Fedora 38
	Kernel: Depends on container host
	Compiler: gcc 13.2.1

Fedora 39 (Clang)
	Kernel: Depends on container host
	Compiler: clang 17.0.6

Fedora 40 (Clang)
	Kernel: Depends on container host
	Compiler: clang 18.1.6

Fedora 39
	Kernel: Depends on container host
	Compiler: gcc 13.2.1

Fedora 40
	Kernel: Depends on container host
	Compiler: gcc 14.1.1

openSUSE Leap 15
	Kernel: 5.4.0-167-generic
	Compiler: gcc 7.5.0

RHEL8
	Kernel: 5.4.0-167-generic
	Compiler: gcc 8.5.0 20210514 (Red Hat 8.5.0-20)

RHEL9
	Kernel: Depends on container host
	Compiler: gcc 11.4.1

Ubuntu 22.04
	Kernel: 5.4.0-167-generic
	Compiler: gcc 11.4.0

Ubuntu 20.04
	Kernel: 5.4.0-167-generic
	Compiler: gcc 9.4.0-1ubuntu1~20.04.1

Ubuntu 24.04
	Kernel: 5.4.0-167-generic
	Compiler: gcc 13.2.0

Alpine
	Kernel: 5.4.0-167-generic
	Compiler: gcc (Alpine 13.2.1_git20231014) 13.2.1 20231014

To view detailed results, visit:
https://lab.dpdk.org/results/dashboard/patchsets/30795/

UNH-IOL DPDK Community Lab

To manage your email subscriptions, visit: 
https://lab.dpdk.org/results/dashboard/preferences/subscriptions/