From mboxrd@z Thu Jan  1 00:00:00 1970
Return-Path: <test-report-bounces@dpdk.org>
Received: from mails.dpdk.org (mails.dpdk.org [217.70.189.124])
	by inbox.dpdk.org (Postfix) with ESMTP id E1B54457D4
	for <public@inbox.dpdk.org>; Thu, 15 Aug 2024 12:23:41 +0200 (CEST)
Received: from mails.dpdk.org (localhost [127.0.0.1])
	by mails.dpdk.org (Postfix) with ESMTP id 7242642DCB;
	Thu, 15 Aug 2024 12:23:41 +0200 (CEST)
Received: from mail-yb1-f228.google.com (mail-yb1-f228.google.com
 [209.85.219.228])
 by mails.dpdk.org (Postfix) with ESMTP id 942684025F
 for <test-report@dpdk.org>; Thu, 15 Aug 2024 12:20:11 +0200 (CEST)
Received: by mail-yb1-f228.google.com with SMTP id
 3f1490d57ef6-e11693fbebaso900113276.3
 for <test-report@dpdk.org>; Thu, 15 Aug 2024 03:20:11 -0700 (PDT)
DKIM-Signature: v=1; a=rsa-sha256; c=relaxed/relaxed;
 d=iol.unh.edu; s=unh-iol; t=1723717211; x=1724322011; darn=dpdk.org;
 h=references:in-reply-to:cc:to:from:subject:message-id:date:from:to
 :cc:subject:date:message-id:reply-to;
 bh=a4lY7nTEjjBYNL/xHBhAuVp7uCXLjHmnFfXBxr7aWt8=;
 b=YQf5PcCW5brTXk0+O2Dg+Cmkiz0+yPlU+KTrjcdp2LwIfx0YDNcufElx0Ixa4lHf7H
 prPx4HkKlAbwyHyehiRqVjMevw9dlhY4jjLorplXZ5nmi2/Qp5iewG6LA0dNnGjxx8l8
 1l/EFr2sz/DzMoTsyP8lZzqBA17vpvXFULWoE=
X-Google-DKIM-Signature: v=1; a=rsa-sha256; c=relaxed/relaxed;
 d=1e100.net; s=20230601; t=1723717211; x=1724322011;
 h=references:in-reply-to:cc:to:from:subject:message-id:date
 :x-gm-message-state:from:to:cc:subject:date:message-id:reply-to;
 bh=a4lY7nTEjjBYNL/xHBhAuVp7uCXLjHmnFfXBxr7aWt8=;
 b=NvFZu5qWumym5wc6deOyCnyeoTVzYDYa4Lq6nl2FyVHAJtpHxgOyDacHArNBPi59Kf
 G6ROMvKBt2zObPK65cHuU/YJ3idtrLnCAp4Gi87H1ocE6AI5snpcdgbLLIwEvQtj2X2F
 ORdcPMO6UXkEnPi28Q9lLO2BegOAzaP63addUiwzVWODivdvkH8A6Tqb2XmXYkzlepFg
 emuzas+Gy7M7/xejmxUT4kZXaoWRKxKV1+kYJEGdFj+zHUn9lQPNxyKvImayom/y9fl5
 77306bDuZvSWnqTnaM3+ZzNXg2Ggx4cC4Lj0+YYlSc182furx4NLfwStdw+3vX6Urtt/
 bX3A==
X-Gm-Message-State: AOJu0Yxezklx00bcjjKDR94cFDS3K5qsmuW1XNn5zZIGUR8LXi2H6onc
 0JD0sUVSdeT34GVc2lTaFCsHL9hf/8umw8Elrkz/YmJ5kKFIh6m/lBH5E9CmMb2YLXYTeaY89E9
 xBnUA/dZk39GSJ9grsJoPM0z3qGFyQNXoUovT5oe7
X-Google-Smtp-Source: AGHT+IFhi4PrV2Mi82xIUU7VnFOcoqXfcChBckq7AYmVSlqzw3XP5TdZcH7WpSFfzF4Uj9j4imSMwqaPrjQ3
X-Received: by 2002:a05:6902:120c:b0:e0b:f2ca:e4df with SMTP id
 3f1490d57ef6-e1155ae57a4mr6253042276.34.1723717210986; 
 Thu, 15 Aug 2024 03:20:10 -0700 (PDT)
Received: from postal.iol.unh.edu (postal.iol.unh.edu. [132.177.123.84])
 by smtp-relay.gmail.com with ESMTPS id
 6a1803df08f44-6bf6fef48a5sm724216d6.58.2024.08.15.03.20.10
 (version=TLS1_2 cipher=ECDHE-ECDSA-AES128-GCM-SHA256 bits=128/128);
 Thu, 15 Aug 2024 03:20:10 -0700 (PDT)
X-Relaying-Domain: iol.unh.edu
Date: Thu, 15 Aug 2024 03:20:10 -0700 (PDT)
Message-ID: <66bdd65a.d40a0220.6c477.30dbSMTPIN_ADDED_MISSING@mx.google.com>
Received: from [172.17.0.3] (unknown [172.18.0.217])
 by postal.iol.unh.edu (Postfix) with ESMTP id ABFBD6052519;
 Thu, 15 Aug 2024 06:20:10 -0400 (EDT)
Subject: |WARNING| pw143185 [PATCH] net/r8169: add PMD driver skeleton
From: dpdklab@iol.unh.edu
To: Test Report <test-report@dpdk.org>
Cc: dpdk-test-reports@iol.unh.edu
In-Reply-To: <20240815052755.23082-1-howard_wang@realsil.com.cn>
References: <20240815052755.23082-1-howard_wang@realsil.com.cn>
Content-Type: text/plain
X-BeenThere: test-report@dpdk.org
X-Mailman-Version: 2.1.29
Precedence: list
List-Id: automatic DPDK test reports <test-report.dpdk.org>
List-Unsubscribe: <https://mails.dpdk.org/options/test-report>,
 <mailto:test-report-request@dpdk.org?subject=unsubscribe>
List-Archive: <http://mails.dpdk.org/archives/test-report/>
List-Post: <mailto:test-report@dpdk.org>
List-Help: <mailto:test-report-request@dpdk.org?subject=help>
List-Subscribe: <https://mails.dpdk.org/listinfo/test-report>,
 <mailto:test-report-request@dpdk.org?subject=subscribe>
Errors-To: test-report-bounces@dpdk.org

Test-Label: iol-unit-arm64-testing
Test-Status: WARNING
http://dpdk.org/patch/143185

_Testing issues_

Submitter: Howard Wang <howard_wang@realsil.com.cn>
Date: Thursday, August 15 2024 05:27:55 
DPDK git baseline: Repo:dpdk
  Branch: master
  CommitID:e0f7ebe88ab4588dd352e9ec14270ce4e3b1470b

143185 --> testing issues

Upstream job id: Generic-Unit-Test-DPDK#252493

Test environment and result as below:

+-----------------------------+----------------+--------------+---------------------------+------------------------------+
|         Environment         | dpdk_unit_test | lpm_autotest | cryptodev_sw_zuc_autotest | cryptodev_sw_snow3g_autotest |
+=============================+================+==============+===========================+==============================+
| 32-bit Ubuntu 20.04.4 (ARM) | PASS           | SKIPPED      | SKIPPED                   | SKIPPED                      |
+-----------------------------+----------------+--------------+---------------------------+------------------------------+
| CentOS Stream 9 (ARM)       | WARN           | SKIPPED      | SKIPPED                   | SKIPPED                      |
+-----------------------------+----------------+--------------+---------------------------+------------------------------+
| Debian 11 (Buster) (ARM)    | WARN           | SKIPPED      | SKIPPED                   | SKIPPED                      |
+-----------------------------+----------------+--------------+---------------------------+------------------------------+
| Fedora 38 (ARM)             | WARN           | SKIPPED      | SKIPPED                   | SKIPPED                      |
+-----------------------------+----------------+--------------+---------------------------+------------------------------+
| Fedora 37 (ARM)             | WARN           | SKIPPED      | SKIPPED                   | SKIPPED                      |
+-----------------------------+----------------+--------------+---------------------------+------------------------------+
| Debian 12 (arm)             | WARN           | SKIPPED      | WARN                      | WARN                         |
+-----------------------------+----------------+--------------+---------------------------+------------------------------+
| Fedora 38 (ARM Clang)       | WARN           | SKIPPED      | SKIPPED                   | SKIPPED                      |
+-----------------------------+----------------+--------------+---------------------------+------------------------------+
| Fedora 39 (ARM)             | WARN           | SKIPPED      | SKIPPED                   | SKIPPED                      |
+-----------------------------+----------------+--------------+---------------------------+------------------------------+
| Fedora 39 (ARM Clang)       | WARN           | SKIPPED      | SKIPPED                   | SKIPPED                      |
+-----------------------------+----------------+--------------+---------------------------+------------------------------+
| Fedora 40 (ARM)             | WARN           | SKIPPED      | SKIPPED                   | SKIPPED                      |
+-----------------------------+----------------+--------------+---------------------------+------------------------------+
| Ubuntu 20.04 (ARM)          | WARN           | SKIPPED      | SKIPPED                   | SKIPPED                      |
+-----------------------------+----------------+--------------+---------------------------+------------------------------+
| RHEL9 (ARM)                 | WARN           | SKIPPED      | SKIPPED                   | SKIPPED                      |
+-----------------------------+----------------+--------------+---------------------------+------------------------------+
| Ubuntu 22.04 (ARM)          | WARN           | SKIPPED      | SKIPPED                   | SKIPPED                      |
+-----------------------------+----------------+--------------+---------------------------+------------------------------+
| Ubuntu 24.04 (ARM)          | WARN           | SKIPPED      | SKIPPED                   | SKIPPED                      |
+-----------------------------+----------------+--------------+---------------------------+------------------------------+
| Ubuntu 20.04 ARM SVE        | SKIPPED        | PASS         | SKIPPED                   | SKIPPED                      |
+-----------------------------+----------------+--------------+---------------------------+------------------------------+

==== 20 line log output for Ubuntu 24.04 (ARM) (dpdk_unit_test): ====
[2048/3209] Generating rte_net_qede.pmd.c with a custom command.
[2049/3209] Compiling C object 'drivers/a715181@@rte_net_qede@sta/meson-generated_.._rte_net_qede.pmd.c.o'.
[2050/3209] Compiling C object 'drivers/a715181@@rte_net_ring@sha/meson-generated_.._rte_net_ring.pmd.c.o'.
[2051/3209] Linking static target drivers/librte_net_qede.a.
[2052/3209] Compiling C object 'drivers/a715181@@rte_net_qede@sha/meson-generated_.._rte_net_qede.pmd.c.o'.
[2053/3209] Compiling C object 'drivers/a715181@@tmp_rte_net_r8169@sta/net_r8169_r8169_ethdev.c.o'.
FAILED: drivers/a715181@@tmp_rte_net_r8169@sta/net_r8169_r8169_ethdev.c.o
ccache cc -Idrivers/a715181@@tmp_rte_net_r8169@sta -Idrivers -I../drivers -Idrivers/net/r8169 -I../drivers/net/r8169 -Ilib/ethdev -I../lib/ethdev -I. -I../ -Iconfig -I../config -Ilib/eal/include -I../lib/eal/include -Ilib/eal/linux/include -I../lib/eal/linux/include -Ilib/eal/arm/include -I../lib/eal/arm/include -Ilib/eal/common -I../lib/eal/common -Ilib/eal -I../lib/eal -Ilib/kvargs -I../lib/kvargs -Ilib/log -I../lib/log -Ilib/telemetry/../metrics -I../lib/telemetry/../metrics -Ilib/telemetry -I../lib/telemetry -Ilib/net -I../lib/net -Ilib/mbuf -I../lib/mbuf -Ilib/mempool -I../lib/mempool -Ilib/ring -I../lib/ring -Ilib/meter -I../lib/meter -Idrivers/bus/pci -I../drivers/bus/pci -I../drivers/bus/pci/linux -Ilib/pci -I../lib/pci -Idrivers/bus/vdev -I../drivers/bus/vdev -fdiagnostics-color=always -pipe -D_FILE_OFFSET_BITS=64 -Wall -Winvalid-pch -Wextra -Werror -std=c11 -O3 -include rte_config.h -Wcast-qual -Wdeprecated -Wformat -Wformat-nonliteral -Wformat-security -Wmissing-declaratio
 ns -Wmissing-prototypes -Wnested-externs -Wold-style-definition -Wpointer-arith -Wsign-compare -Wstrict-prototypes -Wundef -Wwrite-strings -Wno-address-of-packed-member -Wno-packed-not-aligned -Wno-missing-field-initializers -Wno-zero-length-bounds -D_GNU_SOURCE -fPIC -mcpu=thunderx2t99+crc+crypto -DALLOW_EXPERIMENTAL_API -DALLOW_INTERNAL_API -Wno-format-truncation -DRTE_LOG_DEFAULT_LOGTYPE=pmd.net.r8169 -MD -MQ 'drivers/a715181@@tmp_rte_net_r8169@sta/net_r8169_r8169_ethdev.c.o' -MF 'drivers/a715181@@tmp_rte_net_r8169@sta/net_r8169_r8169_ethdev.c.o.d' -o 'drivers/a715181@@tmp_rte_net_r8169@sta/net_r8169_r8169_ethdev.c.o' -c ../drivers/net/r8169/r8169_ethdev.c
../drivers/net/r8169/r8169_ethdev.c: In function 'rtl_dev_init':
../drivers/net/r8169/r8169_ethdev.c:117:24: error: unused variable 'hw' [-Werror=unused-variable]
117 |         struct rtl_hw *hw = &adapter->hw;
|                        ^~
../drivers/net/r8169/r8169_ethdev.c:115:33: error: unused variable 'intr_handle' [-Werror=unused-variable]
115 |         struct rte_intr_handle *intr_handle = pci_dev->intr_handle;
|                                 ^~~~~~~~~~~
cc1: all warnings being treated as errors
[2054/3209] Linking target drivers/librte_net_qede.so.25.0.
[2055/3209] Compiling C object 'drivers/a715181@@tmp_rte_net_sfc@sta/net_sfc_sfc.c.o'.
[2056/3209] Generating rte_net_ring.sym_chk with a meson_exe.py custom command.
ninja: build stopped: subcommand failed.
==== End log output ====

32-bit Ubuntu 20.04.4 (ARM)
	Kernel: 5.4.0-155-generic aarch64
	Compiler: gcc 9.4

CentOS Stream 9 (ARM)
	Kernel: Container Host Kernel
	Compiler: gcc 11.4.1

Debian 11 (Buster) (ARM)
	Kernel: Container Host Kernel
	Compiler: gcc 10.2.1

Fedora 38 (ARM)
	Kernel: Depends on container host
	Compiler: gcc 13.2.1

Fedora 37 (ARM)
	Kernel: Depends on container host
	Compiler: gcc 12.3.1

Debian 12 (arm)
	Kernel: Container Host Kernel
	Compiler: gcc 12.2.0

Fedora 38 (ARM Clang)
	Kernel: Depends on container host
	Compiler: clang 16.0.6

Fedora 39 (ARM)
	Kernel: Depends on container host
	Compiler: gcc 13.2.1

Fedora 39 (ARM Clang)
	Kernel: Depends on container host
	Compiler: clang 17.0.6

Fedora 40 (ARM)
	Kernel: Depends on container host
	Compiler: gcc 14.1.1

Ubuntu 20.04 (ARM)
	Kernel: Container Host Kernel
	Compiler: gcc 9.4.0

RHEL9 (ARM)
	Kernel: Depends on container host
	Compiler: gcc 11.4.1

Ubuntu 22.04 (ARM)
	Kernel: Container Host Kernel
	Compiler: gcc 11.4.0

Ubuntu 24.04 (ARM)
	Kernel: 5.4.0-167-generic
	Compiler: gcc 13.2.0

Ubuntu 20.04 ARM SVE
	Kernel: 5.4.0-167-generic
	Compiler: gcc (Ubuntu 10.5.0-1ubuntu1~20.04) 10.5.0

To view detailed results, visit:
https://lab.dpdk.org/results/dashboard/patchsets/30795/

UNH-IOL DPDK Community Lab

To manage your email subscriptions, visit: 
https://lab.dpdk.org/results/dashboard/preferences/subscriptions/