From mboxrd@z Thu Jan  1 00:00:00 1970
Return-Path: <test-report-bounces@dpdk.org>
Received: from mails.dpdk.org (mails.dpdk.org [217.70.189.124])
	by inbox.dpdk.org (Postfix) with ESMTP id 1767F457D4
	for <public@inbox.dpdk.org>; Thu, 15 Aug 2024 12:23:42 +0200 (CEST)
Received: from mails.dpdk.org (localhost [127.0.0.1])
	by mails.dpdk.org (Postfix) with ESMTP id AB8AC42DFA;
	Thu, 15 Aug 2024 12:23:41 +0200 (CEST)
Received: from mail-qk1-f228.google.com (mail-qk1-f228.google.com
 [209.85.222.228])
 by mails.dpdk.org (Postfix) with ESMTP id 9AA7B4025F
 for <test-report@dpdk.org>; Thu, 15 Aug 2024 12:21:13 +0200 (CEST)
Received: by mail-qk1-f228.google.com with SMTP id
 af79cd13be357-7a3375015f8so49686785a.1
 for <test-report@dpdk.org>; Thu, 15 Aug 2024 03:21:13 -0700 (PDT)
DKIM-Signature: v=1; a=rsa-sha256; c=relaxed/relaxed;
 d=iol.unh.edu; s=unh-iol; t=1723717273; x=1724322073; darn=dpdk.org;
 h=references:in-reply-to:cc:to:from:subject:message-id:date:from:to
 :cc:subject:date:message-id:reply-to;
 bh=saT4K3sJfCfI+F5nCtxcAq/jS246gq/am10J9BWKbqY=;
 b=bedNH6HaKawxWc/QtwtYGksEpPe79HGj8A0iDt/4pxSNG0Occcx6A636oOeIqhgKLj
 YFblMh6qH7AanPq5qkxQKaNpxlOJXCv0/UOWA3OkkzCwWxR9KLEovMGh2VQqtwLKCpmB
 Vv7Q6iAqztoe7RYASGvQPNb4svPvIC1veyJlA=
X-Google-DKIM-Signature: v=1; a=rsa-sha256; c=relaxed/relaxed;
 d=1e100.net; s=20230601; t=1723717273; x=1724322073;
 h=references:in-reply-to:cc:to:from:subject:message-id:date
 :x-gm-message-state:from:to:cc:subject:date:message-id:reply-to;
 bh=saT4K3sJfCfI+F5nCtxcAq/jS246gq/am10J9BWKbqY=;
 b=f3zTzMGuHHHYW8nC/j6xmVarvH8NR+Us7ew1HCx7AyMFnewx8nQjK7C5n9EPXjV4uN
 3R46p6Mx+0iejBtSeoCR3PK+JmMNaLWrKkkZB9wV3DFbyzecFf/e8U3QXa7GYZRnrah+
 dPDt1kj1iBkZLEDfKimN+QXVRGowkQgsty9EJB5XZG7Ai/s44coanMKPfMwgPIalKZNI
 AYi+dzF7pXW+sOEJKI9h0XoLknfadJie36BrsdbRpmPx0DCz2E7Xu//T+skLVPrpT0ML
 99ueACX0R13utAruaX57JXlCMB2i7P9t4L0jm5MtcS69nD5bZDldDcErUzkOii6wgQDb
 3aCA==
X-Gm-Message-State: AOJu0YzNGXEuLTX/ufY/ASOcnGq/AaUF2oAII6Ub+drConWzJIRHxN8H
 p2AhZhBGA/CDwStKclwshQrGxjrgn/YYTXt2GehUh45tuqtJrH1VRYPjEBTuBBJqpBSWLxWqnv7
 WCGLnxNP6R/SRSYn5M9oJPDZOM2VxHHIXSOIwuv+k
X-Google-Smtp-Source: AGHT+IHT5WXc45YL5E16JrKlASYu4qLGhmmI6cdWm9PSRBzxNq3KFHnRxiA290/89XHUOm0e/BoDxcEHG30r
X-Received: by 2002:a05:620a:2996:b0:79c:fbf:6381 with SMTP id
 af79cd13be357-7a4ee405e41mr553908685a.70.1723717272710; 
 Thu, 15 Aug 2024 03:21:12 -0700 (PDT)
Received: from postal.iol.unh.edu (postal.iol.unh.edu. [132.177.123.84])
 by smtp-relay.gmail.com with ESMTPS id
 af79cd13be357-7a4ff003a80sm4021885a.2.2024.08.15.03.21.12
 (version=TLS1_2 cipher=ECDHE-ECDSA-AES128-GCM-SHA256 bits=128/128);
 Thu, 15 Aug 2024 03:21:12 -0700 (PDT)
X-Relaying-Domain: iol.unh.edu
Date: Thu, 15 Aug 2024 03:21:12 -0700 (PDT)
Message-ID: <66bdd698.050a0220.11c58f.1c04SMTPIN_ADDED_MISSING@mx.google.com>
Received: from [172.17.0.3] (unknown [172.18.0.217])
 by postal.iol.unh.edu (Postfix) with ESMTP id 3FE016052500;
 Thu, 15 Aug 2024 06:21:12 -0400 (EDT)
Subject: |WARNING| pw143185 [PATCH] net/r8169: add PMD driver skeleton
From: dpdklab@iol.unh.edu
To: Test Report <test-report@dpdk.org>
Cc: dpdk-test-reports@iol.unh.edu
In-Reply-To: <20240815052755.23082-1-howard_wang@realsil.com.cn>
References: <20240815052755.23082-1-howard_wang@realsil.com.cn>
Content-Type: text/plain
X-BeenThere: test-report@dpdk.org
X-Mailman-Version: 2.1.29
Precedence: list
List-Id: automatic DPDK test reports <test-report.dpdk.org>
List-Unsubscribe: <https://mails.dpdk.org/options/test-report>,
 <mailto:test-report-request@dpdk.org?subject=unsubscribe>
List-Archive: <http://mails.dpdk.org/archives/test-report/>
List-Post: <mailto:test-report@dpdk.org>
List-Help: <mailto:test-report-request@dpdk.org?subject=help>
List-Subscribe: <https://mails.dpdk.org/listinfo/test-report>,
 <mailto:test-report-request@dpdk.org?subject=subscribe>
Errors-To: test-report-bounces@dpdk.org

Test-Label: iol-unit-amd64-testing
Test-Status: WARNING
http://dpdk.org/patch/143185

_Testing issues_

Submitter: Howard Wang <howard_wang@realsil.com.cn>
Date: Thursday, August 15 2024 05:27:55 
DPDK git baseline: Repo:dpdk
  Branch: master
  CommitID:e0f7ebe88ab4588dd352e9ec14270ce4e3b1470b

143185 --> testing issues

Upstream job id: Generic-Unit-Test-DPDK#252488

Test environment and result as below:

+-------------------+----------------+
|    Environment    | dpdk_unit_test |
+===================+================+
| CentOS Stream 9   | WARN           |
+-------------------+----------------+
| Debian 12         | WARN           |
+-------------------+----------------+
| Fedora 38         | WARN           |
+-------------------+----------------+
| Fedora 37         | WARN           |
+-------------------+----------------+
| Fedora 39         | WARN           |
+-------------------+----------------+
| Fedora 38 (Clang) | WARN           |
+-------------------+----------------+
| Fedora 40         | WARN           |
+-------------------+----------------+
| Fedora 40 (Clang) | WARN           |
+-------------------+----------------+
| openSUSE Leap 15  | WARN           |
+-------------------+----------------+
| Ubuntu 20.04      | WARN           |
+-------------------+----------------+
| RHEL9             | WARN           |
+-------------------+----------------+
| Ubuntu 22.04      | WARN           |
+-------------------+----------------+

==== 20 line log output for Ubuntu 22.04 (dpdk_unit_test): ====
[1998/2947] Generating rte_net_qede.pmd.c with a custom command.
[1999/2947] Compiling C object 'drivers/a715181@@rte_net_qede@sta/meson-generated_.._rte_net_qede.pmd.c.o'.
[2000/2947] Linking static target drivers/librte_net_qede.a.
[2001/2947] Compiling C object 'drivers/a715181@@rte_net_qede@sha/meson-generated_.._rte_net_qede.pmd.c.o'.
[2002/2947] Linking target drivers/librte_net_qede.so.25.0.
[2003/2947] Compiling C object 'drivers/a715181@@tmp_rte_net_r8169@sta/net_r8169_r8169_ethdev.c.o'.
FAILED: drivers/a715181@@tmp_rte_net_r8169@sta/net_r8169_r8169_ethdev.c.o
ccache cc -Idrivers/a715181@@tmp_rte_net_r8169@sta -Idrivers -I../drivers -Idrivers/net/r8169 -I../drivers/net/r8169 -Ilib/ethdev -I../lib/ethdev -I. -I../ -Iconfig -I../config -Ilib/eal/include -I../lib/eal/include -Ilib/eal/linux/include -I../lib/eal/linux/include -Ilib/eal/x86/include -I../lib/eal/x86/include -Ilib/eal/common -I../lib/eal/common -Ilib/eal -I../lib/eal -Ilib/kvargs -I../lib/kvargs -Ilib/log -I../lib/log -Ilib/telemetry/../metrics -I../lib/telemetry/../metrics -Ilib/telemetry -I../lib/telemetry -Ilib/net -I../lib/net -Ilib/mbuf -I../lib/mbuf -Ilib/mempool -I../lib/mempool -Ilib/ring -I../lib/ring -Ilib/meter -I../lib/meter -Idrivers/bus/pci -I../drivers/bus/pci -I../drivers/bus/pci/linux -Ilib/pci -I../lib/pci -Idrivers/bus/vdev -I../drivers/bus/vdev -fdiagnostics-color=always -pipe -D_FILE_OFFSET_BITS=64 -Wall -Winvalid-pch -Wextra -Werror -std=c11 -O3 -include rte_config.h -Wcast-qual -Wdeprecated -Wformat -Wformat-nonliteral -Wformat-security -Wmissing-declaratio
 ns -Wmissing-prototypes -Wnested-externs -Wold-style-definition -Wpointer-arith -Wsign-compare -Wstrict-prototypes -Wundef -Wwrite-strings -Wno-address-of-packed-member -Wno-packed-not-aligned -Wno-missing-field-initializers -Wno-zero-length-bounds -D_GNU_SOURCE -fPIC -march=native -mrtm -DALLOW_EXPERIMENTAL_API -DALLOW_INTERNAL_API -Wno-format-truncation -DRTE_LOG_DEFAULT_LOGTYPE=pmd.net.r8169 -MD -MQ 'drivers/a715181@@tmp_rte_net_r8169@sta/net_r8169_r8169_ethdev.c.o' -MF 'drivers/a715181@@tmp_rte_net_r8169@sta/net_r8169_r8169_ethdev.c.o.d' -o 'drivers/a715181@@tmp_rte_net_r8169@sta/net_r8169_r8169_ethdev.c.o' -c ../drivers/net/r8169/r8169_ethdev.c
../drivers/net/r8169/r8169_ethdev.c: In function 'rtl_dev_init':
../drivers/net/r8169/r8169_ethdev.c:117:24: error: unused variable 'hw' [-Werror=unused-variable]
117 |         struct rtl_hw *hw = &adapter->hw;
|                        ^~
../drivers/net/r8169/r8169_ethdev.c:115:33: error: unused variable 'intr_handle' [-Werror=unused-variable]
115 |         struct rte_intr_handle *intr_handle = pci_dev->intr_handle;
|                                 ^~~~~~~~~~~
cc1: all warnings being treated as errors
[2004/2947] Compiling C object 'drivers/a715181@@rte_net_ring@sha/meson-generated_.._rte_net_ring.pmd.c.o'.
[2005/2947] Generating rte_net_ring.sym_chk with a meson_exe.py custom command.
[2006/2947] Generating rte_common_cnxk.sym_chk with a meson_exe.py custom command.
ninja: build stopped: subcommand failed.
==== End log output ====

CentOS Stream 9
	Kernel: 5.4.0-167-generic
	Compiler: gcc 11.4.1 20230605

Debian 12
	Kernel: Container Host Kernel
	Compiler: gcc 12.2.0

Fedora 38
	Kernel: Depends on container host
	Compiler: gcc 13.2.1

Fedora 37
	Kernel: Depends on container host system
	Compiler: gcc 12.3.1

Fedora 39
	Kernel: Depends on container host
	Compiler: gcc 13.2.1

Fedora 38 (Clang)
	Kernel: Depends on container host
	Compiler: clang 16.0.6

Fedora 40
	Kernel: Depends on container host
	Compiler: gcc 14.1.1

Fedora 40 (Clang)
	Kernel: Depends on container host
	Compiler: clang 18.1.6

openSUSE Leap 15
	Kernel: 5.4.0-167-generic
	Compiler: gcc 7.5.0

Ubuntu 20.04
	Kernel: 5.4.0-167-generic
	Compiler: gcc 9.4.0-1ubuntu1~20.04.1

RHEL9
	Kernel: Depends on container host
	Compiler: gcc 11.4.1

Ubuntu 22.04
	Kernel: 5.4.0-167-generic
	Compiler: gcc 11.4.0

To view detailed results, visit:
https://lab.dpdk.org/results/dashboard/patchsets/30795/

UNH-IOL DPDK Community Lab

To manage your email subscriptions, visit: 
https://lab.dpdk.org/results/dashboard/preferences/subscriptions/