From mboxrd@z Thu Jan  1 00:00:00 1970
Return-Path: <test-report-bounces@dpdk.org>
Received: from mails.dpdk.org (mails.dpdk.org [217.70.189.124])
	by inbox.dpdk.org (Postfix) with ESMTP id A74CE457D4
	for <public@inbox.dpdk.org>; Thu, 15 Aug 2024 12:31:10 +0200 (CEST)
Received: from mails.dpdk.org (localhost [127.0.0.1])
	by mails.dpdk.org (Postfix) with ESMTP id A06544027E;
	Thu, 15 Aug 2024 12:31:10 +0200 (CEST)
Received: from mail-yw1-f228.google.com (mail-yw1-f228.google.com
 [209.85.128.228])
 by mails.dpdk.org (Postfix) with ESMTP id 6B3254025F
 for <test-report@dpdk.org>; Thu, 15 Aug 2024 12:31:09 +0200 (CEST)
Received: by mail-yw1-f228.google.com with SMTP id
 00721157ae682-651da7c1531so7871397b3.0
 for <test-report@dpdk.org>; Thu, 15 Aug 2024 03:31:09 -0700 (PDT)
DKIM-Signature: v=1; a=rsa-sha256; c=relaxed/relaxed;
 d=iol.unh.edu; s=unh-iol; t=1723717869; x=1724322669; darn=dpdk.org;
 h=references:in-reply-to:cc:to:from:subject:message-id:date:from:to
 :cc:subject:date:message-id:reply-to;
 bh=Xy6O/flKDWRBbiz3ZXSgyh9JiNs4ws0Ms9Ez3An7Rws=;
 b=bprzNKYNU8XULKfczzXuRIi5bsFuWkeqTkC+qyAAhDz84NEOE2jRw5Xv9ouwijqxel
 8zRXCxrVH/aYSUdIzEwS8qjLr8IOfyhZUrN1LW1nxd2sHJzvGAfzg9avP+UrDQBew6Xj
 wtdMgYYoQegSE71r6M1kqlXzhSUt/X/7GTHOA=
X-Google-DKIM-Signature: v=1; a=rsa-sha256; c=relaxed/relaxed;
 d=1e100.net; s=20230601; t=1723717869; x=1724322669;
 h=references:in-reply-to:cc:to:from:subject:message-id:date
 :x-gm-message-state:from:to:cc:subject:date:message-id:reply-to;
 bh=Xy6O/flKDWRBbiz3ZXSgyh9JiNs4ws0Ms9Ez3An7Rws=;
 b=bCCg4QB7NPfwGp5wjH47735ofRplE5XcorayLNlhTsKMMicyzcF467ls4T2bsQxVDv
 0n5F8OGNT7hRIFsD5aHTOEeCsD1L95kCC2tjfDyb/TpKevmGVgPTqimEEZDZGkrzcnj3
 acvCkntxutNrWTnqNqAPSiDJSzgn8yJkDxUBLRZK0GzVX3mwb99tXWUHHjE0QxnkiTkO
 A4ZpS9byejbD8kQa0cTgxmh8OM1D3cBFggXTbqTaBXvYimv62mN3nybEcfMr0LwLpWRG
 CjWl2Re8PAeCw7Ui0KKwSViRkjqb0jhhBICvR21orO77E74IBtlt604bUpGWw9oSMRKe
 Hpxw==
X-Gm-Message-State: AOJu0YzOqQr/u2l+BC84OwqPqIZFtIC4Z2oJ1aMna3RI3Qn8PnOQOeH6
 szys+m4PkoFKO0w3Oeun/svAqzv2OMyxHAje+jeEmyLQ/N73sk5CfGUY1Fuow5v0seQHoDjV8pd
 32Zre7XT3b6JSJpkE/GZx3U/NSYFwDpW7sAy+iwXQ
X-Google-Smtp-Source: AGHT+IEci4Pp21MwJ2es9nOY4J0zRJBeoYnQTPYiOD9mKJBw2DVB+7kpXJfYisCMoq7Y+Jh7Bmr15owx2SX6
X-Received: by 2002:a05:690c:2f11:b0:665:ba2c:2ad6 with SMTP id
 00721157ae682-6ac997fa0a5mr58408807b3.34.1723717868727; 
 Thu, 15 Aug 2024 03:31:08 -0700 (PDT)
Received: from postal.iol.unh.edu (postal.iol.unh.edu. [132.177.123.84])
 by smtp-relay.gmail.com with ESMTPS id
 00721157ae682-6af995fd309sm627737b3.6.2024.08.15.03.31.08
 (version=TLS1_2 cipher=ECDHE-ECDSA-AES128-GCM-SHA256 bits=128/128);
 Thu, 15 Aug 2024 03:31:08 -0700 (PDT)
X-Relaying-Domain: iol.unh.edu
Date: Thu, 15 Aug 2024 03:31:08 -0700 (PDT)
Message-ID: <66bdd8ec.810a0220.2bd51.29fdSMTPIN_ADDED_MISSING@mx.google.com>
Received: from [172.17.0.4] (unknown [172.18.0.217])
 by postal.iol.unh.edu (Postfix) with ESMTP id 5CBD16052500;
 Thu, 15 Aug 2024 06:31:08 -0400 (EDT)
Subject: |FAILURE| pw143185 [PATCH] net/r8169: add PMD driver skeleton
From: dpdklab@iol.unh.edu
To: Test Report <test-report@dpdk.org>
Cc: dpdk-test-reports@iol.unh.edu, Howard Wang <howard_wang@realsil.com.cn>
In-Reply-To: <20240815052755.23082-1-howard_wang@realsil.com.cn>
References: <20240815052755.23082-1-howard_wang@realsil.com.cn>
Content-Type: text/plain
X-BeenThere: test-report@dpdk.org
X-Mailman-Version: 2.1.29
Precedence: list
List-Id: automatic DPDK test reports <test-report.dpdk.org>
List-Unsubscribe: <https://mails.dpdk.org/options/test-report>,
 <mailto:test-report-request@dpdk.org?subject=unsubscribe>
List-Archive: <http://mails.dpdk.org/archives/test-report/>
List-Post: <mailto:test-report@dpdk.org>
List-Help: <mailto:test-report-request@dpdk.org?subject=help>
List-Subscribe: <https://mails.dpdk.org/listinfo/test-report>,
 <mailto:test-report-request@dpdk.org?subject=subscribe>
Errors-To: test-report-bounces@dpdk.org

Test-Label: iol-unit-amd64-testing
Test-Status: FAILURE
http://dpdk.org/patch/143185

_Testing issues_

Submitter: Howard Wang <howard_wang@realsil.com.cn>
Date: Thursday, August 15 2024 05:27:55 
DPDK git baseline: Repo:dpdk
  Branch: master
  CommitID:e0f7ebe88ab4588dd352e9ec14270ce4e3b1470b

143185 --> testing issues

Upstream job id: Generic-VM-Unit-Test-DPDK#24875

Test environment and result as below:

+---------------------+----------------+
|     Environment     | dpdk_unit_test |
+=====================+================+
| CentOS Stream 9     | WARN           |
+---------------------+----------------+
| Debian 12           | WARN           |
+---------------------+----------------+
| Fedora 38           | WARN           |
+---------------------+----------------+
| Fedora 37           | WARN           |
+---------------------+----------------+
| Fedora 39           | WARN           |
+---------------------+----------------+
| Fedora 38 (Clang)   | WARN           |
+---------------------+----------------+
| Fedora 40           | WARN           |
+---------------------+----------------+
| Fedora 40 (Clang)   | WARN           |
+---------------------+----------------+
| openSUSE Leap 15    | WARN           |
+---------------------+----------------+
| Ubuntu 20.04        | WARN           |
+---------------------+----------------+
| RHEL9               | WARN           |
+---------------------+----------------+
| Ubuntu 22.04        | WARN           |
+---------------------+----------------+
| Debian Bullseye     | PEND           |
+---------------------+----------------+
| Windows Server 2019 | FAIL           |
+---------------------+----------------+
| Windows Server 2022 | FAIL           |
+---------------------+----------------+

==== Unit test summary for Windows Server 2022 (dpdk_unit_test): ====
Failed to get the unit test results.
Displaying the unit test results is not supported for some environments,
such as our aarch32 testing, where meson is not used to run the tests.
Download the logs available on our CI site.
==== End log output ====

CentOS Stream 9
	Kernel: 5.4.0-167-generic
	Compiler: gcc 11.4.1 20230605

Debian 12
	Kernel: Container Host Kernel
	Compiler: gcc 12.2.0

Fedora 38
	Kernel: Depends on container host
	Compiler: gcc 13.2.1

Fedora 37
	Kernel: Depends on container host system
	Compiler: gcc 12.3.1

Fedora 39
	Kernel: Depends on container host
	Compiler: gcc 13.2.1

Fedora 38 (Clang)
	Kernel: Depends on container host
	Compiler: clang 16.0.6

Fedora 40
	Kernel: Depends on container host
	Compiler: gcc 14.1.1

Fedora 40 (Clang)
	Kernel: Depends on container host
	Compiler: clang 18.1.6

openSUSE Leap 15
	Kernel: 5.4.0-167-generic
	Compiler: gcc 7.5.0

Ubuntu 20.04
	Kernel: 5.4.0-167-generic
	Compiler: gcc 9.4.0-1ubuntu1~20.04.1

RHEL9
	Kernel: Depends on container host
	Compiler: gcc 11.4.1

Ubuntu 22.04
	Kernel: 5.4.0-167-generic
	Compiler: gcc 11.4.0

Debian Bullseye
	Kernel: 5.4.0-167-generic
	Compiler: gcc 10.2.1-6

Windows Server 2019
	Kernel: 10.0.17763
	Compiler: clang 14.0 and gcc 8.1.0 (MinGW)

Windows Server 2022
	Kernel: 10.0.20348.2031
	Compiler: clang 15.0.7, gcc 8.1.0 (MinGW), and MSVC VS 17.9

To view detailed results, visit:
https://lab.dpdk.org/results/dashboard/patchsets/30795/

UNH-IOL DPDK Community Lab

To manage your email subscriptions, visit: 
https://lab.dpdk.org/results/dashboard/preferences/subscriptions/