From mboxrd@z Thu Jan  1 00:00:00 1970
Return-Path: <test-report-bounces@dpdk.org>
Received: from mails.dpdk.org (mails.dpdk.org [217.70.189.124])
	by inbox.dpdk.org (Postfix) with ESMTP id EBB05457D4
	for <public@inbox.dpdk.org>; Thu, 15 Aug 2024 13:04:48 +0200 (CEST)
Received: from mails.dpdk.org (localhost [127.0.0.1])
	by mails.dpdk.org (Postfix) with ESMTP id E754F4027E;
	Thu, 15 Aug 2024 13:04:48 +0200 (CEST)
Received: from mail-yw1-f227.google.com (mail-yw1-f227.google.com
 [209.85.128.227])
 by mails.dpdk.org (Postfix) with ESMTP id B4C8E4025F
 for <test-report@dpdk.org>; Thu, 15 Aug 2024 13:04:42 +0200 (CEST)
Received: by mail-yw1-f227.google.com with SMTP id
 00721157ae682-690404fd27eso8110407b3.2
 for <test-report@dpdk.org>; Thu, 15 Aug 2024 04:04:42 -0700 (PDT)
DKIM-Signature: v=1; a=rsa-sha256; c=relaxed/relaxed;
 d=iol.unh.edu; s=unh-iol; t=1723719882; x=1724324682; darn=dpdk.org;
 h=references:in-reply-to:cc:to:from:subject:message-id:date:from:to
 :cc:subject:date:message-id:reply-to;
 bh=dqnQ/ltWQ1ufH4K0iZKn0UIZvPqBdThBs/9p0Hl5hqw=;
 b=ZoFUShe2YsmrhXbAr+02GxGiA1TZQ9a64gYs3BRdXuGJ6srbCcDatt7ICx9/FNCWGK
 +Y6rq1An+QxK9tse0oLcs/kksCitBkBgyZO8S2iwb+JkqGtu370d+rXa6nHwoS+IQFZB
 uqo/AIjsnd/NwgGUyR3gfRDK1ZbCBp8xz6FAw=
X-Google-DKIM-Signature: v=1; a=rsa-sha256; c=relaxed/relaxed;
 d=1e100.net; s=20230601; t=1723719882; x=1724324682;
 h=references:in-reply-to:cc:to:from:subject:message-id:date
 :x-gm-message-state:from:to:cc:subject:date:message-id:reply-to;
 bh=dqnQ/ltWQ1ufH4K0iZKn0UIZvPqBdThBs/9p0Hl5hqw=;
 b=D2SFxADWZFSsCw1AkD5dIv5SEJwXg3QxFggQikriBMVgM1yZZ7D8ObVy6bND42JvLZ
 mM+7IqykN67t2WYIV1NkasTEmAVMGVZV3FpjWUmzfc2HT1jPZsXdfb7AflB/8UszikAB
 14kCswz9wsQ4NPYfxCuH2f3FhT+fQPazl69vDQfRpO2OHYPYzlBxQV1p3iHZS/xzy5eY
 zMy9DnDUwsWsQCSftRVA5xpai7B+UdOGhWEcTbpVIkQuzXWaTi8R0a3mf97sGRakSGEV
 KleOL+Ye2oD8OzwUKtaX3hrHXAs4Khro0tZkhO5hD8nRi0VX9O0xC/4+nZYxEddzjW+C
 bVuA==
X-Gm-Message-State: AOJu0Yy4f/L+BbHxOFLqWFJsOvlfuwLE9wCHX7VkOCqF1dbRol44BPfD
 yDitTyfPH/iF4Z+q4oQ1FtWCuCfBD3jnYlNATWTb39zTzB4MyXnmd+zgFqV9pDgGmDXENNVIs/i
 NSYmrN6MZ6h++uo1uSTy6t+yHhKPrr29JFHGv9ZVrud3yQZn7QvWLEgYt
X-Google-Smtp-Source: AGHT+IHZlk71MHb/yW0Ee/N1YDIU2i2iexoJApYqaJIN6wIqDTM8zqezV6UpcllCcPsluxKWjSiIjcbiVufb
X-Received: by 2002:a05:690c:7082:b0:664:8646:4d02 with SMTP id
 00721157ae682-6ac9621dd6amr76500657b3.12.1723719881752; 
 Thu, 15 Aug 2024 04:04:41 -0700 (PDT)
Received: from postal.iol.unh.edu (postal.iol.unh.edu.
 [2606:4100:3880:1234::84]) by smtp-relay.gmail.com with ESMTPS id
 00721157ae682-6af9d91ca96sm647067b3.47.2024.08.15.04.04.41
 (version=TLS1_2 cipher=ECDHE-ECDSA-AES128-GCM-SHA256 bits=128/128);
 Thu, 15 Aug 2024 04:04:41 -0700 (PDT)
X-Relaying-Domain: iol.unh.edu
Date: Thu, 15 Aug 2024 04:04:41 -0700 (PDT)
Message-ID: <66bde0c9.050a0220.1aefb5.2d1aSMTPIN_ADDED_MISSING@mx.google.com>
Received: from [172.17.0.4] (unknown [172.18.0.217])
 by postal.iol.unh.edu (Postfix) with ESMTP id 68E5260526E2;
 Thu, 15 Aug 2024 07:04:41 -0400 (EDT)
Subject: |FAILURE| pw143185 [PATCH] net/r8169: add PMD driver skeleton
From: dpdklab@iol.unh.edu
To: Test Report <test-report@dpdk.org>
Cc: dpdk-test-reports@iol.unh.edu, Howard Wang <howard_wang@realsil.com.cn>
In-Reply-To: <20240815052755.23082-1-howard_wang@realsil.com.cn>
References: <20240815052755.23082-1-howard_wang@realsil.com.cn>
Content-Type: text/plain
X-BeenThere: test-report@dpdk.org
X-Mailman-Version: 2.1.29
Precedence: list
List-Id: automatic DPDK test reports <test-report.dpdk.org>
List-Unsubscribe: <https://mails.dpdk.org/options/test-report>,
 <mailto:test-report-request@dpdk.org?subject=unsubscribe>
List-Archive: <http://mails.dpdk.org/archives/test-report/>
List-Post: <mailto:test-report@dpdk.org>
List-Help: <mailto:test-report-request@dpdk.org?subject=help>
List-Subscribe: <https://mails.dpdk.org/listinfo/test-report>,
 <mailto:test-report-request@dpdk.org?subject=subscribe>
Errors-To: test-report-bounces@dpdk.org

Test-Label: iol-compile-amd64-testing
Test-Status: FAILURE
http://dpdk.org/patch/143185

_Testing issues_

Submitter: Howard Wang <howard_wang@realsil.com.cn>
Date: Thursday, August 15 2024 05:27:55 
DPDK git baseline: Repo:dpdk
  Branch: master
  CommitID:e0f7ebe88ab4588dd352e9ec14270ce4e3b1470b

143185 --> testing issues

Upstream job id: Generic-DPDK-Compile-Meson#288771

Test environment and result as below:

+---------------------+-----------------------+----------------------+-------------------+--------------------+------------------+-------------------+
|     Environment     | dpdk_win_llvm_compile | dpdk_mingw64_compile | dpdk_msvc_compile | dpdk_meson_compile | dpdk_compile_ovs | dpdk_compile_spdk |
+=====================+=======================+======================+===================+====================+==================+===================+
| Windows Server 2022 | FAIL                  | FAIL                 | PASS              | SKIPPED            | SKIPPED          | SKIPPED           |
+---------------------+-----------------------+----------------------+-------------------+--------------------+------------------+-------------------+
| FreeBSD 13.3        | SKIPPED               | SKIPPED              | SKIPPED           | FAIL               | SKIPPED          | SKIPPED           |
+---------------------+-----------------------+----------------------+-------------------+--------------------+------------------+-------------------+
| FreeBSD 14.1        | SKIPPED               | SKIPPED              | SKIPPED           | FAIL               | SKIPPED          | SKIPPED           |
+---------------------+-----------------------+----------------------+-------------------+--------------------+------------------+-------------------+
| CentOS Stream 9     | SKIPPED               | SKIPPED              | SKIPPED           | FAIL               | WARN             | WARN              |
+---------------------+-----------------------+----------------------+-------------------+--------------------+------------------+-------------------+
| Debian Bullseye     | SKIPPED               | SKIPPED              | SKIPPED           | FAIL               | WARN             | WARN              |
+---------------------+-----------------------+----------------------+-------------------+--------------------+------------------+-------------------+
| Debian 12           | SKIPPED               | SKIPPED              | SKIPPED           | FAIL               | WARN             | WARN              |
+---------------------+-----------------------+----------------------+-------------------+--------------------+------------------+-------------------+
| Fedora 37           | SKIPPED               | SKIPPED              | SKIPPED           | FAIL               | WARN             | WARN              |
+---------------------+-----------------------+----------------------+-------------------+--------------------+------------------+-------------------+
| Fedora 38 (Clang)   | SKIPPED               | SKIPPED              | SKIPPED           | FAIL               | WARN             | WARN              |
+---------------------+-----------------------+----------------------+-------------------+--------------------+------------------+-------------------+
| Fedora 38           | SKIPPED               | SKIPPED              | SKIPPED           | FAIL               | WARN             | WARN              |
+---------------------+-----------------------+----------------------+-------------------+--------------------+------------------+-------------------+
| Fedora 39 (Clang)   | SKIPPED               | SKIPPED              | SKIPPED           | FAIL               | WARN             | WARN              |
+---------------------+-----------------------+----------------------+-------------------+--------------------+------------------+-------------------+
| Fedora 39           | SKIPPED               | SKIPPED              | SKIPPED           | FAIL               | WARN             | WARN              |
+---------------------+-----------------------+----------------------+-------------------+--------------------+------------------+-------------------+
| Fedora 40 (Clang)   | SKIPPED               | SKIPPED              | SKIPPED           | FAIL               | WARN             | WARN              |
+---------------------+-----------------------+----------------------+-------------------+--------------------+------------------+-------------------+
| Fedora 40           | SKIPPED               | SKIPPED              | SKIPPED           | FAIL               | WARN             | WARN              |
+---------------------+-----------------------+----------------------+-------------------+--------------------+------------------+-------------------+
| openSUSE Leap 15    | SKIPPED               | SKIPPED              | SKIPPED           | FAIL               | WARN             | SKIPPED           |
+---------------------+-----------------------+----------------------+-------------------+--------------------+------------------+-------------------+
| RHEL8               | SKIPPED               | SKIPPED              | SKIPPED           | FAIL               | WARN             | SKIPPED           |
+---------------------+-----------------------+----------------------+-------------------+--------------------+------------------+-------------------+
| RHEL9               | SKIPPED               | SKIPPED              | SKIPPED           | FAIL               | WARN             | SKIPPED           |
+---------------------+-----------------------+----------------------+-------------------+--------------------+------------------+-------------------+
| Ubuntu 20.04        | SKIPPED               | SKIPPED              | SKIPPED           | FAIL               | WARN             | SKIPPED           |
+---------------------+-----------------------+----------------------+-------------------+--------------------+------------------+-------------------+
| Ubuntu 22.04        | SKIPPED               | SKIPPED              | SKIPPED           | FAIL               | WARN             | WARN              |
+---------------------+-----------------------+----------------------+-------------------+--------------------+------------------+-------------------+
| Ubuntu 24.04        | SKIPPED               | SKIPPED              | SKIPPED           | FAIL               | WARN             | WARN              |
+---------------------+-----------------------+----------------------+-------------------+--------------------+------------------+-------------------+
| Alpine              | SKIPPED               | SKIPPED              | SKIPPED           | FAIL               | WARN             | SKIPPED           |
+---------------------+-----------------------+----------------------+-------------------+--------------------+------------------+-------------------+

==== 20 line log output for Alpine (dpdk_compile_ovs): ====
 --- Failed to get log output --- 
==== End log output ====

Windows Server 2022
	Kernel: 10.0.20348.2031
	Compiler: clang 15.0.7, gcc 8.1.0 (MinGW), and MSVC VS 17.9

FreeBSD 13.3
	Kernel: 13.3-RELEASE-p1
	Compiler: clang 17.0.6

FreeBSD 14.1
	Kernel: 14.1
	Compiler: clang 18.1.5

CentOS Stream 9
	Kernel: 5.4.0-167-generic
	Compiler: gcc 11.4.1 20230605

Debian Bullseye
	Kernel: 5.4.0-167-generic
	Compiler: gcc 10.2.1-6

Debian 12
	Kernel: Container Host Kernel
	Compiler: gcc 12.2.0

Fedora 37
	Kernel: Depends on container host system
	Compiler: gcc 12.3.1

Fedora 38 (Clang)
	Kernel: Depends on container host
	Compiler: clang 16.0.6

Fedora 38
	Kernel: Depends on container host
	Compiler: gcc 13.2.1

Fedora 39 (Clang)
	Kernel: Depends on container host
	Compiler: clang 17.0.6

Fedora 39
	Kernel: Depends on container host
	Compiler: gcc 13.2.1

Fedora 40 (Clang)
	Kernel: Depends on container host
	Compiler: clang 18.1.6

Fedora 40
	Kernel: Depends on container host
	Compiler: gcc 14.1.1

openSUSE Leap 15
	Kernel: 5.4.0-167-generic
	Compiler: gcc 7.5.0

RHEL8
	Kernel: 5.4.0-167-generic
	Compiler: gcc 8.5.0 20210514 (Red Hat 8.5.0-20)

RHEL9
	Kernel: Depends on container host
	Compiler: gcc 11.4.1

Ubuntu 20.04
	Kernel: 5.4.0-167-generic
	Compiler: gcc 9.4.0-1ubuntu1~20.04.1

Ubuntu 22.04
	Kernel: 5.4.0-167-generic
	Compiler: gcc 11.4.0

Ubuntu 24.04
	Kernel: 5.4.0-167-generic
	Compiler: gcc 13.2.0

Alpine
	Kernel: 5.4.0-167-generic
	Compiler: gcc (Alpine 13.2.1_git20231014) 13.2.1 20231014

To view detailed results, visit:
https://lab.dpdk.org/results/dashboard/patchsets/30795/

UNH-IOL DPDK Community Lab

To manage your email subscriptions, visit: 
https://lab.dpdk.org/results/dashboard/preferences/subscriptions/