From mboxrd@z Thu Jan  1 00:00:00 1970
Return-Path: <test-report-bounces@dpdk.org>
Received: from mails.dpdk.org (mails.dpdk.org [217.70.189.124])
	by inbox.dpdk.org (Postfix) with ESMTP id A49E2457D5
	for <public@inbox.dpdk.org>; Thu, 15 Aug 2024 15:33:07 +0200 (CEST)
Received: from mails.dpdk.org (localhost [127.0.0.1])
	by mails.dpdk.org (Postfix) with ESMTP id 9F8E94275C;
	Thu, 15 Aug 2024 15:33:07 +0200 (CEST)
Received: from mail-pl1-f225.google.com (mail-pl1-f225.google.com
 [209.85.214.225])
 by mails.dpdk.org (Postfix) with ESMTP id 1820E40647
 for <test-report@dpdk.org>; Thu, 15 Aug 2024 15:33:06 +0200 (CEST)
Received: by mail-pl1-f225.google.com with SMTP id
 d9443c01a7336-201e52ca0caso7829655ad.3
 for <test-report@dpdk.org>; Thu, 15 Aug 2024 06:33:06 -0700 (PDT)
DKIM-Signature: v=1; a=rsa-sha256; c=relaxed/relaxed;
 d=iol.unh.edu; s=unh-iol; t=1723728785; x=1724333585; darn=dpdk.org;
 h=references:in-reply-to:cc:to:from:subject:message-id:date:from:to
 :cc:subject:date:message-id:reply-to;
 bh=nH/ZCvXc+jit3RAO2p3ap3w4ktHgSA7cs/DJhA4BwPg=;
 b=X2waXgRdek36Sx0lHR4qBkLxbnnwkGdIyJ9ikjmxGkP1czC3CJYSm+0lPF4UHfTlsc
 bJXRBIE96/BeWomwrOnxqmWNRsn5CsoPuyi2iIWnFRYl15S0mOxxezgkOqXKJI1d5Ap1
 ELDogRAYhGizHuwLi+607ScEBx9XLDavQnKNY=
X-Google-DKIM-Signature: v=1; a=rsa-sha256; c=relaxed/relaxed;
 d=1e100.net; s=20230601; t=1723728785; x=1724333585;
 h=references:in-reply-to:cc:to:from:subject:message-id:date
 :x-gm-message-state:from:to:cc:subject:date:message-id:reply-to;
 bh=nH/ZCvXc+jit3RAO2p3ap3w4ktHgSA7cs/DJhA4BwPg=;
 b=DEUGlui/hFUzedMe1hTSQ2wk/fbb8h3NER+kHQ2Vx5kTOW1udOelk2kG8uEQT5MPiQ
 nFLDs/TDm2Hn3Q8UF7zwpB4ZHjP4zJiFFL/UFRvkryqslDKAoNrWAHlJMogQFaQIk15P
 E9Rli5zk9NEVmI33ohBwsTsYo7t0H8zYXBNAkZUGsljTMOAfKyFe6jWILjDkhghd+DQS
 q02cHsTRLlTL2VcF/FgrK2vVBtZzMR5PJBPuUc3oRyAulFsuV05cU8wxRWsz/iGCt9tR
 l586Ij7soo7OvKMyphDGobDSIMsFb7IJo/fSkfgHl8LbitdrlsL+I492CsC5wkaI1Pcd
 MVkQ==
X-Gm-Message-State: AOJu0YwnoiTBCZrG+eKSBWpkBD1lRR8IWqBAv7oRYm7iJgY6F/WgXTCT
 EV/aBYKCJzaoHqc6etMrr50JckyZCIZsRqs/MydsAAlvZZfzHEg/wClkJK47JKhMtqP9Q0Wtasw
 jAXkCdmSp+MzocR5slva/SLDuhybQqwBm2ZVHbhQsFj2HlOCUqBfURCih
X-Google-Smtp-Source: AGHT+IHppqHtr0rACzxTCko4pZO9PbAA5r0HHlTWH7v5nKmktTf27yw4kBIGzRffyJSEBzZ2x+VcUnzD4UHg
X-Received: by 2002:a17:902:c40c:b0:1fc:2b3b:1482 with SMTP id
 d9443c01a7336-201d6393918mr62493355ad.12.1723728785173; 
 Thu, 15 Aug 2024 06:33:05 -0700 (PDT)
Received: from postal.iol.unh.edu (postal.iol.unh.edu.
 [2606:4100:3880:1234::84]) by smtp-relay.gmail.com with ESMTPS id
 d9443c01a7336-201f03a58cesm742545ad.112.2024.08.15.06.33.05
 (version=TLS1_2 cipher=ECDHE-ECDSA-AES128-GCM-SHA256 bits=128/128);
 Thu, 15 Aug 2024 06:33:05 -0700 (PDT)
X-Relaying-Domain: iol.unh.edu
Date: Thu, 15 Aug 2024 06:33:05 -0700 (PDT)
Message-ID: <66be0391.170a0220.384226.308aSMTPIN_ADDED_MISSING@mx.google.com>
Received: from [172.17.0.3] (unknown [172.18.0.213])
 by postal.iol.unh.edu (Postfix) with ESMTP id 89909605C351;
 Thu, 15 Aug 2024 09:33:04 -0400 (EDT)
Subject: |FAILURE| pw143186-143191 [PATCH] [RFC,6/6] ring: minimize reads of 
From: dpdklab@iol.unh.edu
To: Test Report <test-report@dpdk.org>
Cc: dpdk-test-reports@iol.unh.edu,
 Konstantin Ananyev <konstantin.v.ananyev@yandex.ru>
In-Reply-To: <20240815085339.1434-7-konstantin.v.ananyev@yandex.ru>
References: <20240815085339.1434-7-konstantin.v.ananyev@yandex.ru>
Content-Type: text/plain
X-BeenThere: test-report@dpdk.org
X-Mailman-Version: 2.1.29
Precedence: list
List-Id: automatic DPDK test reports <test-report.dpdk.org>
List-Unsubscribe: <https://mails.dpdk.org/options/test-report>,
 <mailto:test-report-request@dpdk.org?subject=unsubscribe>
List-Archive: <http://mails.dpdk.org/archives/test-report/>
List-Post: <mailto:test-report@dpdk.org>
List-Help: <mailto:test-report-request@dpdk.org?subject=help>
List-Subscribe: <https://mails.dpdk.org/listinfo/test-report>,
 <mailto:test-report-request@dpdk.org?subject=subscribe>
Errors-To: test-report-bounces@dpdk.org

Test-Label: iol-compile-arm64-testing
Test-Status: FAILURE
http://dpdk.org/patch/143191

_Testing issues_

Submitter: Konstantin Ananyev <konstantin.v.ananyev@yandex.ru>
Date: Thursday, August 15 2024 08:53:39 
DPDK git baseline: Repo:dpdk
  Branch: master
  CommitID:cb9187bc5c2b4bab0ad80194ac3b60491de14e8c

143186-143191 --> testing issues

Upstream job id: Generic-DPDK-Compile-Meson#288895

Test environment and result as below:

+----------------------------------------+--------------------+
|              Environment               | dpdk_meson_compile |
+========================================+====================+
| Ubuntu 20.04 ARM SVE                   | FAIL               |
+----------------------------------------+--------------------+
| Ubuntu 20.04 ARM GCC Cross Compile     | FAIL               |
+----------------------------------------+--------------------+
| RHEL9 (ARM)                            | FAIL               |
+----------------------------------------+--------------------+
| Fedora 38 (ARM)                        | FAIL               |
+----------------------------------------+--------------------+
| Fedora 37 (ARM)                        | FAIL               |
+----------------------------------------+--------------------+
| Fedora 38 (ARM Clang)                  | FAIL               |
+----------------------------------------+--------------------+
| Debian 12 with MUSDK                   | FAIL               |
+----------------------------------------+--------------------+
| Fedora 39 (ARM)                        | FAIL               |
+----------------------------------------+--------------------+
| Fedora 40 (ARM)                        | FAIL               |
+----------------------------------------+--------------------+
| Fedora 40 (ARM Clang)                  | FAIL               |
+----------------------------------------+--------------------+
| Fedora 39 (ARM Clang)                  | FAIL               |
+----------------------------------------+--------------------+
| Ubuntu 22.04 (ARM)                     | FAIL               |
+----------------------------------------+--------------------+
| Ubuntu 20.04 (ARM)                     | FAIL               |
+----------------------------------------+--------------------+
| Ubuntu 24.04 (ARM)                     | FAIL               |
+----------------------------------------+--------------------+
| Ubuntu 20.04 aarch32 GCC Cross Compile | FAIL               |
+----------------------------------------+--------------------+
| Debian 12 (arm)                        | FAIL               |
+----------------------------------------+--------------------+
| Debian 11 (Buster) (ARM)               | FAIL               |
+----------------------------------------+--------------------+
| CentOS Stream 9 (ARM)                  | FAIL               |
+----------------------------------------+--------------------+
| Ubuntu 20.04 ARM Clang Cross Compile   | FAIL               |
+----------------------------------------+--------------------+

==== 20 line log output for Ubuntu 20.04 ARM Clang Cross Compile (dpdk_meson_compile): ====
In file included from ../lib/ethdev/sff_telemetry.c:9:
In file included from ../lib/ethdev/rte_ethdev.h:1459:
In file included from ../lib/ethdev/rte_eth_ctrl.h:10:
In file included from ../lib/net/rte_ether.h:22:
In file included from ../lib/mbuf/rte_mbuf.h:38:
In file included from ../lib/mempool/rte_mempool.h:49:
In file included from ../lib/ring/rte_ring.h:42:
In file included from ../lib/ring/rte_ring_elem.h:24:
In file included from ../lib/ring/rte_ring_elem_pvt.h:310:
../lib/ring/rte_ring_c11_pvt.h:74:12: error: assigning to 'union __rte_ring_head_cft' from incompatible type 'uint32_t' (aka 'unsigned int')
d->head = *new_head;
^ ~~~~~~~~~
../lib/ring/rte_ring_c11_pvt.h:78:14: error: address argument to atomic operation must be a pointer to integer or pointer ('union __rte_ring_head_cft *' invalid)
success = rte_atomic_compare_exchange_strong_explicit(
^
../lib/eal/include/rte_stdatomic.h:150:2: note: expanded from macro 'rte_atomic_compare_exchange_strong_explicit'
__atomic_compare_exchange_n(ptr, expected, desired, 0, \
^                           ~~~
3 errors generated.
ninja: build stopped: subcommand failed.
==== End log output ====

Ubuntu 20.04 ARM SVE
	Kernel: 5.4.0-167-generic
	Compiler: gcc (Ubuntu 10.5.0-1ubuntu1~20.04) 10.5.0

Ubuntu 20.04 ARM GCC Cross Compile
	Kernel: 5.4.0-167-generic
	Compiler: aarch64-linux-gnu-gcc (Ubuntu 9.4.0-1ubuntu1~20.04.2) 9.4.0

RHEL9 (ARM)
	Kernel: Depends on container host
	Compiler: gcc 11.4.1

Fedora 38 (ARM)
	Kernel: Depends on container host
	Compiler: gcc 13.2.1

Fedora 37 (ARM)
	Kernel: Depends on container host
	Compiler: gcc 12.3.1

Fedora 38 (ARM Clang)
	Kernel: Depends on container host
	Compiler: clang 16.0.6

Debian 12 with MUSDK
	Kernel: Container Host Kernel
	Compiler: gcc 12.2.0

Fedora 39 (ARM)
	Kernel: Depends on container host
	Compiler: gcc 13.2.1

Fedora 40 (ARM)
	Kernel: Depends on container host
	Compiler: gcc 14.1.1

Fedora 40 (ARM Clang)
	Kernel: Depends on container host
	Compiler: clang 18.1.6

Fedora 39 (ARM Clang)
	Kernel: Depends on container host
	Compiler: clang 17.0.6

Ubuntu 22.04 (ARM)
	Kernel: Container Host Kernel
	Compiler: gcc 11.4.0

Ubuntu 20.04 (ARM)
	Kernel: Container Host Kernel
	Compiler: gcc 9.4.0

Ubuntu 24.04 (ARM)
	Kernel: 5.4.0-167-generic
	Compiler: gcc 13.2.0

Ubuntu 20.04 aarch32 GCC Cross Compile
	Kernel: 5.4.0-167-generic
	Compiler: gcc 9.4.0

Debian 12 (arm)
	Kernel: Container Host Kernel
	Compiler: gcc 12.2.0

Debian 11 (Buster) (ARM)
	Kernel: Container Host Kernel
	Compiler: gcc 10.2.1

CentOS Stream 9 (ARM)
	Kernel: Container Host Kernel
	Compiler: gcc 11.4.1

Ubuntu 20.04 ARM Clang Cross Compile
	Kernel: 5.4.0-72-generic
	Compiler: clang 10.0.0-4ubuntu1

To view detailed results, visit:
https://lab.dpdk.org/results/dashboard/patchsets/30796/

UNH-IOL DPDK Community Lab

To manage your email subscriptions, visit: 
https://lab.dpdk.org/results/dashboard/preferences/subscriptions/