From mboxrd@z Thu Jan  1 00:00:00 1970
Return-Path: <test-report-bounces@dpdk.org>
Received: from mails.dpdk.org (mails.dpdk.org [217.70.189.124])
	by inbox.dpdk.org (Postfix) with ESMTP id 0D40C457D5
	for <public@inbox.dpdk.org>; Thu, 15 Aug 2024 15:34:29 +0200 (CEST)
Received: from mails.dpdk.org (localhost [127.0.0.1])
	by mails.dpdk.org (Postfix) with ESMTP id 0643F4275C;
	Thu, 15 Aug 2024 15:34:29 +0200 (CEST)
Received: from mail-oa1-f98.google.com (mail-oa1-f98.google.com
 [209.85.160.98]) by mails.dpdk.org (Postfix) with ESMTP id D6B8740647
 for <test-report@dpdk.org>; Thu, 15 Aug 2024 15:34:27 +0200 (CEST)
Received: by mail-oa1-f98.google.com with SMTP id
 586e51a60fabf-26875acdf72so623967fac.0
 for <test-report@dpdk.org>; Thu, 15 Aug 2024 06:34:27 -0700 (PDT)
DKIM-Signature: v=1; a=rsa-sha256; c=relaxed/relaxed;
 d=iol.unh.edu; s=unh-iol; t=1723728867; x=1724333667; darn=dpdk.org;
 h=references:in-reply-to:cc:to:from:subject:message-id:date:from:to
 :cc:subject:date:message-id:reply-to;
 bh=0qA6ceLoLtqQEDtY4glvPQNMWCmwFiLOO3BsKwWmfi4=;
 b=NqqzjUyoeniW0cQCyEn4fU37sof9uhDjaUFTa8TKWKAJ1jKldZ6J7Hz29FESJxQsDJ
 fDMxs/LQeU+BXIH2dN7dep7dMaPWY3mQA4ic94dMcV2+m/M58kmoGUabLIuil8R1PE6m
 fI2ijF3227vk2k4F0XqktJy1+MRzyYUaUlbEg=
X-Google-DKIM-Signature: v=1; a=rsa-sha256; c=relaxed/relaxed;
 d=1e100.net; s=20230601; t=1723728867; x=1724333667;
 h=references:in-reply-to:cc:to:from:subject:message-id:date
 :x-gm-message-state:from:to:cc:subject:date:message-id:reply-to;
 bh=0qA6ceLoLtqQEDtY4glvPQNMWCmwFiLOO3BsKwWmfi4=;
 b=b5Cb+UImyASr1FnTH8TFaoibvJnUD1Ep3bYNQqPOBOHQ8I6ekjk5voMfiV1cO3RIZ/
 nZPqyYc5eOZ4CtOv8VmjLL0dUrTtdIGmBiUiohLQXiVwAEGQCWf1vWqh5lcCdjHpoaZy
 oLs8OyUfs+K9iSou80i+zlGS7B9kscHKzkrSLkAUubcbSWMuJo5xGCfV2KEtlZbQOvo1
 8/q6SFDVLou83XOQapmbxnNa7hXy93BwCHByjpeioQsxBges93Aa2LQmnr8pAFakex+2
 Fk7ejSJfmHSsXuMeNAgL0ETZ4g8fWWrEk2aWklZ5YJmCZfxh6FMXuFNtUrkJAZX3oaDX
 /+/g==
X-Gm-Message-State: AOJu0YyKstdavXeNbnASwlNHB25YGn5FCsaSGfvyj5OF6DUgl06iPbHg
 j7Yh/MPJ00SNcEj28rMin652rTZSfzkZMtCMSSWe+aV6sI7qk3sluJC9xPMS3I1DE30CSfqcq68
 9f/3L5BnzUNSmXDzQtkr3CYoB8S3iHJYROPOx5TWL
X-Google-Smtp-Source: AGHT+IE/0pWlh7piytnTrhWXlnJJj8oXzLRVfXMWpI/uBMIt4mwQLL2sBf7PH3T6M51XBNl3rc2dYw9lXjwP
X-Received: by 2002:a05:6871:d3cb:b0:270:c1e:41ad with SMTP id
 586e51a60fabf-2700c1e46f6mr1570117fac.35.1723728866941; 
 Thu, 15 Aug 2024 06:34:26 -0700 (PDT)
Received: from postal.iol.unh.edu (postal.iol.unh.edu. [132.177.123.84])
 by smtp-relay.gmail.com with ESMTPS id
 586e51a60fabf-2700442ffd1sm130255fac.8.2024.08.15.06.34.26
 (version=TLS1_2 cipher=ECDHE-ECDSA-AES128-GCM-SHA256 bits=128/128);
 Thu, 15 Aug 2024 06:34:26 -0700 (PDT)
X-Relaying-Domain: iol.unh.edu
Date: Thu, 15 Aug 2024 06:34:26 -0700 (PDT)
Message-ID: <66be03e2.050a0220.2940d.5b26SMTPIN_ADDED_MISSING@mx.google.com>
Received: from [172.17.0.3] (unknown [172.18.0.213])
 by postal.iol.unh.edu (Postfix) with ESMTP id 64428605C351;
 Thu, 15 Aug 2024 09:34:26 -0400 (EDT)
Subject: |FAILURE| pw143186-143191 [PATCH] [RFC,6/6] ring: minimize reads of 
From: dpdklab@iol.unh.edu
To: Test Report <test-report@dpdk.org>
Cc: dpdk-test-reports@iol.unh.edu,
 Konstantin Ananyev <konstantin.v.ananyev@yandex.ru>
In-Reply-To: <20240815085339.1434-7-konstantin.v.ananyev@yandex.ru>
References: <20240815085339.1434-7-konstantin.v.ananyev@yandex.ru>
Content-Type: text/plain
X-BeenThere: test-report@dpdk.org
X-Mailman-Version: 2.1.29
Precedence: list
List-Id: automatic DPDK test reports <test-report.dpdk.org>
List-Unsubscribe: <https://mails.dpdk.org/options/test-report>,
 <mailto:test-report-request@dpdk.org?subject=unsubscribe>
List-Archive: <http://mails.dpdk.org/archives/test-report/>
List-Post: <mailto:test-report@dpdk.org>
List-Help: <mailto:test-report-request@dpdk.org?subject=help>
List-Subscribe: <https://mails.dpdk.org/listinfo/test-report>,
 <mailto:test-report-request@dpdk.org?subject=subscribe>
Errors-To: test-report-bounces@dpdk.org

Test-Label: iol-compile-amd64-testing
Test-Status: FAILURE
http://dpdk.org/patch/143191

_Testing issues_

Submitter: Konstantin Ananyev <konstantin.v.ananyev@yandex.ru>
Date: Thursday, August 15 2024 08:53:39 
DPDK git baseline: Repo:dpdk
  Branch: master
  CommitID:cb9187bc5c2b4bab0ad80194ac3b60491de14e8c

143186-143191 --> testing issues

Upstream job id: Generic-DPDK-Compile-Meson#288843

Test environment and result as below:

+---------------------+-----------------------+----------------------+--------------------+-------------------+------------------+-------------------+
|     Environment     | dpdk_win_llvm_compile | dpdk_mingw64_compile | dpdk_meson_compile | dpdk_msvc_compile | dpdk_compile_ovs | dpdk_compile_spdk |
+=====================+=======================+======================+====================+===================+==================+===================+
| Windows Server 2022 | PASS                  | PASS                 | SKIPPED            | FAIL              | SKIPPED          | SKIPPED           |
+---------------------+-----------------------+----------------------+--------------------+-------------------+------------------+-------------------+
| FreeBSD 13.3        | SKIPPED               | SKIPPED              | FAIL               | SKIPPED           | SKIPPED          | SKIPPED           |
+---------------------+-----------------------+----------------------+--------------------+-------------------+------------------+-------------------+
| FreeBSD 14.1        | SKIPPED               | SKIPPED              | FAIL               | SKIPPED           | SKIPPED          | SKIPPED           |
+---------------------+-----------------------+----------------------+--------------------+-------------------+------------------+-------------------+
| CentOS Stream 9     | SKIPPED               | SKIPPED              | PASS               | SKIPPED           | PASS             | PASS              |
+---------------------+-----------------------+----------------------+--------------------+-------------------+------------------+-------------------+
| Debian Bullseye     | SKIPPED               | SKIPPED              | PASS               | SKIPPED           | PASS             | PASS              |
+---------------------+-----------------------+----------------------+--------------------+-------------------+------------------+-------------------+
| Debian 12           | SKIPPED               | SKIPPED              | PASS               | SKIPPED           | PASS             | PASS              |
+---------------------+-----------------------+----------------------+--------------------+-------------------+------------------+-------------------+
| Fedora 37           | SKIPPED               | SKIPPED              | PASS               | SKIPPED           | PASS             | PASS              |
+---------------------+-----------------------+----------------------+--------------------+-------------------+------------------+-------------------+
| Fedora 38 (Clang)   | SKIPPED               | SKIPPED              | PASS               | SKIPPED           | PASS             | PASS              |
+---------------------+-----------------------+----------------------+--------------------+-------------------+------------------+-------------------+
| Fedora 38           | SKIPPED               | SKIPPED              | PASS               | SKIPPED           | PASS             | PASS              |
+---------------------+-----------------------+----------------------+--------------------+-------------------+------------------+-------------------+
| Fedora 39 (Clang)   | SKIPPED               | SKIPPED              | PASS               | SKIPPED           | PASS             | PASS              |
+---------------------+-----------------------+----------------------+--------------------+-------------------+------------------+-------------------+
| Fedora 39           | SKIPPED               | SKIPPED              | PASS               | SKIPPED           | PASS             | PASS              |
+---------------------+-----------------------+----------------------+--------------------+-------------------+------------------+-------------------+
| Fedora 40 (Clang)   | SKIPPED               | SKIPPED              | PASS               | SKIPPED           | PASS             | PASS              |
+---------------------+-----------------------+----------------------+--------------------+-------------------+------------------+-------------------+
| Fedora 40           | SKIPPED               | SKIPPED              | PASS               | SKIPPED           | PASS             | PASS              |
+---------------------+-----------------------+----------------------+--------------------+-------------------+------------------+-------------------+
| RHEL8               | SKIPPED               | SKIPPED              | PASS               | SKIPPED           | PASS             | SKIPPED           |
+---------------------+-----------------------+----------------------+--------------------+-------------------+------------------+-------------------+
| openSUSE Leap 15    | SKIPPED               | SKIPPED              | FAIL               | SKIPPED           | WARN             | SKIPPED           |
+---------------------+-----------------------+----------------------+--------------------+-------------------+------------------+-------------------+
| RHEL9               | SKIPPED               | SKIPPED              | PASS               | SKIPPED           | PASS             | SKIPPED           |
+---------------------+-----------------------+----------------------+--------------------+-------------------+------------------+-------------------+
| Ubuntu 20.04        | SKIPPED               | SKIPPED              | PASS               | SKIPPED           | PASS             | SKIPPED           |
+---------------------+-----------------------+----------------------+--------------------+-------------------+------------------+-------------------+
| Ubuntu 22.04        | SKIPPED               | SKIPPED              | PASS               | SKIPPED           | PASS             | PASS              |
+---------------------+-----------------------+----------------------+--------------------+-------------------+------------------+-------------------+
| Ubuntu 24.04        | SKIPPED               | SKIPPED              | PASS               | SKIPPED           | PASS             | PASS              |
+---------------------+-----------------------+----------------------+--------------------+-------------------+------------------+-------------------+
| Alpine              | SKIPPED               | SKIPPED              | PASS               | SKIPPED           | PASS             | SKIPPED           |
+---------------------+-----------------------+----------------------+--------------------+-------------------+------------------+-------------------+

==== 20 line log output for openSUSE Leap 15 (dpdk_compile_ovs): ====
 --- Failed to get log output --- 
==== End log output ====

Windows Server 2022
	Kernel: 10.0.20348.2031
	Compiler: clang 15.0.7, gcc 8.1.0 (MinGW), and MSVC VS 17.9

FreeBSD 13.3
	Kernel: 13.3-RELEASE-p1
	Compiler: clang 17.0.6

FreeBSD 14.1
	Kernel: 14.1
	Compiler: clang 18.1.5

CentOS Stream 9
	Kernel: 5.4.0-167-generic
	Compiler: gcc 11.4.1 20230605

Debian Bullseye
	Kernel: 5.4.0-167-generic
	Compiler: gcc 10.2.1-6

Debian 12
	Kernel: Container Host Kernel
	Compiler: gcc 12.2.0

Fedora 37
	Kernel: Depends on container host system
	Compiler: gcc 12.3.1

Fedora 38 (Clang)
	Kernel: Depends on container host
	Compiler: clang 16.0.6

Fedora 38
	Kernel: Depends on container host
	Compiler: gcc 13.2.1

Fedora 39 (Clang)
	Kernel: Depends on container host
	Compiler: clang 17.0.6

Fedora 39
	Kernel: Depends on container host
	Compiler: gcc 13.2.1

Fedora 40 (Clang)
	Kernel: Depends on container host
	Compiler: clang 18.1.6

Fedora 40
	Kernel: Depends on container host
	Compiler: gcc 14.1.1

RHEL8
	Kernel: 5.4.0-167-generic
	Compiler: gcc 8.5.0 20210514 (Red Hat 8.5.0-20)

openSUSE Leap 15
	Kernel: 5.4.0-167-generic
	Compiler: gcc 7.5.0

RHEL9
	Kernel: Depends on container host
	Compiler: gcc 11.4.1

Ubuntu 20.04
	Kernel: 5.4.0-167-generic
	Compiler: gcc 9.4.0-1ubuntu1~20.04.1

Ubuntu 22.04
	Kernel: 5.4.0-167-generic
	Compiler: gcc 11.4.0

Ubuntu 24.04
	Kernel: 5.4.0-167-generic
	Compiler: gcc 13.2.0

Alpine
	Kernel: 5.4.0-167-generic
	Compiler: gcc (Alpine 13.2.1_git20231014) 13.2.1 20231014

To view detailed results, visit:
https://lab.dpdk.org/results/dashboard/patchsets/30796/

UNH-IOL DPDK Community Lab

To manage your email subscriptions, visit: 
https://lab.dpdk.org/results/dashboard/preferences/subscriptions/