From mboxrd@z Thu Jan  1 00:00:00 1970
Return-Path: <test-report-bounces@dpdk.org>
Received: from mails.dpdk.org (mails.dpdk.org [217.70.189.124])
	by inbox.dpdk.org (Postfix) with ESMTP id A1C87457D5
	for <public@inbox.dpdk.org>; Thu, 15 Aug 2024 15:44:13 +0200 (CEST)
Received: from mails.dpdk.org (localhost [127.0.0.1])
	by mails.dpdk.org (Postfix) with ESMTP id 9912E42D27;
	Thu, 15 Aug 2024 15:44:13 +0200 (CEST)
Received: from mail-pf1-f225.google.com (mail-pf1-f225.google.com
 [209.85.210.225])
 by mails.dpdk.org (Postfix) with ESMTP id 0E7CE40647
 for <test-report@dpdk.org>; Thu, 15 Aug 2024 15:44:06 +0200 (CEST)
Received: by mail-pf1-f225.google.com with SMTP id
 d2e1a72fcca58-70eae5896bcso785817b3a.2
 for <test-report@dpdk.org>; Thu, 15 Aug 2024 06:44:05 -0700 (PDT)
DKIM-Signature: v=1; a=rsa-sha256; c=relaxed/relaxed;
 d=iol.unh.edu; s=unh-iol; t=1723729445; x=1724334245; darn=dpdk.org;
 h=references:in-reply-to:cc:to:from:subject:message-id:date:from:to
 :cc:subject:date:message-id:reply-to;
 bh=QIzNCRP511jPaMg2w22s5H9IEl8QlngFeSd5kIBiIhg=;
 b=Kzz+lchr8fxCI8FKcuUzFlAakf8ry+OXLAG4em8U00+CARF0jq0LZISLNrkDmAgmh7
 6Y30SC6Zke3wU//C2zBsJs3L6FkJVJKii6BMqTkyxItEFdiVZU6Y5RUnGEqE2nHHWuCD
 dUvALX7j3+lxy7S2gMVcDu3nvT+zBn0H/Bciw=
X-Google-DKIM-Signature: v=1; a=rsa-sha256; c=relaxed/relaxed;
 d=1e100.net; s=20230601; t=1723729445; x=1724334245;
 h=references:in-reply-to:cc:to:from:subject:message-id:date
 :x-gm-message-state:from:to:cc:subject:date:message-id:reply-to;
 bh=QIzNCRP511jPaMg2w22s5H9IEl8QlngFeSd5kIBiIhg=;
 b=Y0QpdD13vATfIajUfcblekvQ8ogR2h3hyEPO0meOjXDiR3RlCnIJ+1R/tPqff6OZw/
 6ysOdfFR2eTos2OW2lgHZ++uuTY+FHBROGabdOV9MGjywb1uG2gnnVXgWy/zhJH+2eHy
 qY0wi70gAGFCq5CY9FsJTp7iMFqZJetNwGTcVTYAx8PAz7C7FtTqMEiuQ+0tkHqOw15O
 feUVop2qasFHWplQxaYW3W6k7zum4fp8Y/GOdtmhrDVlHEKioa+BdEAau55jwNq/guFD
 dt6K25iEmeP7LfS3qYS8jw4pj3iAkIWgYH3/ykThkuPilgKUNkaYOqtZca5kvLi1vkCV
 aOPw==
X-Gm-Message-State: AOJu0YzAPojQCMI8yXGSwKyyml7c2fvbnAhjNY1/CQGMrjSpk+GgE3pj
 BeIehoQj0bsGc2yDENXoxF0xlxr+1Lu7OTDmSv8fMyLNPzFQmeyxRR0vJo2U4GET8KH32tMAS1p
 xpjabPBjCHFfIzfNJ5+Uv0IMfuuXFoGY2nVAI/q9C
X-Google-Smtp-Source: AGHT+IEDgENXuCC3pvGUsavcgtq5BtLVbENBB3JS82QPf8SFFK0ep94xLckMC5lwBOtJKFP8DWNe4iAXZgXc
X-Received: by 2002:a05:6a20:db0c:b0:1c4:d05c:a967 with SMTP id
 adf61e73a8af0-1c8eaf8f193mr7401726637.51.1723729445100; 
 Thu, 15 Aug 2024 06:44:05 -0700 (PDT)
Received: from postal.iol.unh.edu (postal.iol.unh.edu. [132.177.123.84])
 by smtp-relay.gmail.com with ESMTPS id
 d9443c01a7336-201f03383e1sm743405ad.53.2024.08.15.06.44.04
 (version=TLS1_2 cipher=ECDHE-ECDSA-AES128-GCM-SHA256 bits=128/128);
 Thu, 15 Aug 2024 06:44:05 -0700 (PDT)
X-Relaying-Domain: iol.unh.edu
Date: Thu, 15 Aug 2024 06:44:05 -0700 (PDT)
Message-ID: <66be0625.170a0220.277012.3115SMTPIN_ADDED_MISSING@mx.google.com>
Received: from [172.17.0.3] (unknown [172.18.0.215])
 by postal.iol.unh.edu (Postfix) with ESMTP id 28341605C351;
 Thu, 15 Aug 2024 09:44:04 -0400 (EDT)
Subject: |FAILURE| pw143186-143191 [PATCH] [RFC,6/6] ring: minimize reads of 
From: dpdklab@iol.unh.edu
To: Test Report <test-report@dpdk.org>
Cc: dpdk-test-reports@iol.unh.edu,
 Konstantin Ananyev <konstantin.v.ananyev@yandex.ru>
In-Reply-To: <20240815085339.1434-7-konstantin.v.ananyev@yandex.ru>
References: <20240815085339.1434-7-konstantin.v.ananyev@yandex.ru>
Content-Type: text/plain
X-BeenThere: test-report@dpdk.org
X-Mailman-Version: 2.1.29
Precedence: list
List-Id: automatic DPDK test reports <test-report.dpdk.org>
List-Unsubscribe: <https://mails.dpdk.org/options/test-report>,
 <mailto:test-report-request@dpdk.org?subject=unsubscribe>
List-Archive: <http://mails.dpdk.org/archives/test-report/>
List-Post: <mailto:test-report@dpdk.org>
List-Help: <mailto:test-report-request@dpdk.org?subject=help>
List-Subscribe: <https://mails.dpdk.org/listinfo/test-report>,
 <mailto:test-report-request@dpdk.org?subject=subscribe>
Errors-To: test-report-bounces@dpdk.org

Test-Label: iol-compile-amd64-testing
Test-Status: FAILURE
http://dpdk.org/patch/143191

_Testing issues_

Submitter: Konstantin Ananyev <konstantin.v.ananyev@yandex.ru>
Date: Thursday, August 15 2024 08:53:39 
DPDK git baseline: Repo:dpdk
  Branch: master
  CommitID:cb9187bc5c2b4bab0ad80194ac3b60491de14e8c

143186-143191 --> testing issues

Upstream job id: Generic-DPDK-Compile-Meson#288886

Test environment and result as below:

+---------------------+-----------------------+----------------------+-------------------+--------------------+------------------+-------------------+
|     Environment     | dpdk_win_llvm_compile | dpdk_mingw64_compile | dpdk_msvc_compile | dpdk_meson_compile | dpdk_compile_ovs | dpdk_compile_spdk |
+=====================+=======================+======================+===================+====================+==================+===================+
| Windows Server 2022 | PASS                  | PASS                 | FAIL              | SKIPPED            | SKIPPED          | SKIPPED           |
+---------------------+-----------------------+----------------------+-------------------+--------------------+------------------+-------------------+
| FreeBSD 13.3        | SKIPPED               | SKIPPED              | SKIPPED           | FAIL               | SKIPPED          | SKIPPED           |
+---------------------+-----------------------+----------------------+-------------------+--------------------+------------------+-------------------+
| FreeBSD 14.1        | SKIPPED               | SKIPPED              | SKIPPED           | FAIL               | SKIPPED          | SKIPPED           |
+---------------------+-----------------------+----------------------+-------------------+--------------------+------------------+-------------------+
| CentOS Stream 9     | SKIPPED               | SKIPPED              | SKIPPED           | PASS               | PASS             | PASS              |
+---------------------+-----------------------+----------------------+-------------------+--------------------+------------------+-------------------+
| Debian Bullseye     | SKIPPED               | SKIPPED              | SKIPPED           | PASS               | PASS             | PASS              |
+---------------------+-----------------------+----------------------+-------------------+--------------------+------------------+-------------------+
| Fedora 37           | SKIPPED               | SKIPPED              | SKIPPED           | PASS               | PASS             | PASS              |
+---------------------+-----------------------+----------------------+-------------------+--------------------+------------------+-------------------+
| Debian 12           | SKIPPED               | SKIPPED              | SKIPPED           | PASS               | PASS             | PASS              |
+---------------------+-----------------------+----------------------+-------------------+--------------------+------------------+-------------------+
| Fedora 38 (Clang)   | SKIPPED               | SKIPPED              | SKIPPED           | PASS               | PASS             | PASS              |
+---------------------+-----------------------+----------------------+-------------------+--------------------+------------------+-------------------+
| Fedora 39 (Clang)   | SKIPPED               | SKIPPED              | SKIPPED           | PASS               | PASS             | PASS              |
+---------------------+-----------------------+----------------------+-------------------+--------------------+------------------+-------------------+
| Fedora 38           | SKIPPED               | SKIPPED              | SKIPPED           | PASS               | PASS             | PASS              |
+---------------------+-----------------------+----------------------+-------------------+--------------------+------------------+-------------------+
| Fedora 39           | SKIPPED               | SKIPPED              | SKIPPED           | PASS               | PASS             | PASS              |
+---------------------+-----------------------+----------------------+-------------------+--------------------+------------------+-------------------+
| Fedora 40 (Clang)   | SKIPPED               | SKIPPED              | SKIPPED           | PASS               | PASS             | PASS              |
+---------------------+-----------------------+----------------------+-------------------+--------------------+------------------+-------------------+
| Fedora 40           | SKIPPED               | SKIPPED              | SKIPPED           | PASS               | PASS             | PASS              |
+---------------------+-----------------------+----------------------+-------------------+--------------------+------------------+-------------------+
| RHEL8               | SKIPPED               | SKIPPED              | SKIPPED           | PASS               | PASS             | SKIPPED           |
+---------------------+-----------------------+----------------------+-------------------+--------------------+------------------+-------------------+
| openSUSE Leap 15    | SKIPPED               | SKIPPED              | SKIPPED           | FAIL               | WARN             | SKIPPED           |
+---------------------+-----------------------+----------------------+-------------------+--------------------+------------------+-------------------+
| RHEL9               | SKIPPED               | SKIPPED              | SKIPPED           | PASS               | PASS             | SKIPPED           |
+---------------------+-----------------------+----------------------+-------------------+--------------------+------------------+-------------------+
| Ubuntu 22.04        | SKIPPED               | SKIPPED              | SKIPPED           | PASS               | PEND             | PEND              |
+---------------------+-----------------------+----------------------+-------------------+--------------------+------------------+-------------------+
| Ubuntu 24.04        | SKIPPED               | SKIPPED              | SKIPPED           | PASS               | PASS             | PASS              |
+---------------------+-----------------------+----------------------+-------------------+--------------------+------------------+-------------------+
| Ubuntu 20.04        | SKIPPED               | SKIPPED              | SKIPPED           | PASS               | PASS             | SKIPPED           |
+---------------------+-----------------------+----------------------+-------------------+--------------------+------------------+-------------------+
| Alpine              | SKIPPED               | SKIPPED              | SKIPPED           | PASS               | PASS             | SKIPPED           |
+---------------------+-----------------------+----------------------+-------------------+--------------------+------------------+-------------------+

==== 20 line log output for openSUSE Leap 15 (dpdk_compile_ovs): ====
 --- Failed to get log output --- 
==== End log output ====

Windows Server 2022
	Kernel: 10.0.20348.2031
	Compiler: clang 15.0.7, gcc 8.1.0 (MinGW), and MSVC VS 17.9

FreeBSD 13.3
	Kernel: 13.3-RELEASE-p1
	Compiler: clang 17.0.6

FreeBSD 14.1
	Kernel: 14.1
	Compiler: clang 18.1.5

CentOS Stream 9
	Kernel: 5.4.0-167-generic
	Compiler: gcc 11.4.1 20230605

Debian Bullseye
	Kernel: 5.4.0-167-generic
	Compiler: gcc 10.2.1-6

Fedora 37
	Kernel: Depends on container host system
	Compiler: gcc 12.3.1

Debian 12
	Kernel: Container Host Kernel
	Compiler: gcc 12.2.0

Fedora 38 (Clang)
	Kernel: Depends on container host
	Compiler: clang 16.0.6

Fedora 39 (Clang)
	Kernel: Depends on container host
	Compiler: clang 17.0.6

Fedora 38
	Kernel: Depends on container host
	Compiler: gcc 13.2.1

Fedora 39
	Kernel: Depends on container host
	Compiler: gcc 13.2.1

Fedora 40 (Clang)
	Kernel: Depends on container host
	Compiler: clang 18.1.6

Fedora 40
	Kernel: Depends on container host
	Compiler: gcc 14.1.1

RHEL8
	Kernel: 5.4.0-167-generic
	Compiler: gcc 8.5.0 20210514 (Red Hat 8.5.0-20)

openSUSE Leap 15
	Kernel: 5.4.0-167-generic
	Compiler: gcc 7.5.0

RHEL9
	Kernel: Depends on container host
	Compiler: gcc 11.4.1

Ubuntu 22.04
	Kernel: 5.4.0-167-generic
	Compiler: gcc 11.4.0

Ubuntu 24.04
	Kernel: 5.4.0-167-generic
	Compiler: gcc 13.2.0

Ubuntu 20.04
	Kernel: 5.4.0-167-generic
	Compiler: gcc 9.4.0-1ubuntu1~20.04.1

Alpine
	Kernel: 5.4.0-167-generic
	Compiler: gcc (Alpine 13.2.1_git20231014) 13.2.1 20231014

To view detailed results, visit:
https://lab.dpdk.org/results/dashboard/patchsets/30796/

UNH-IOL DPDK Community Lab

To manage your email subscriptions, visit: 
https://lab.dpdk.org/results/dashboard/preferences/subscriptions/