From mboxrd@z Thu Jan  1 00:00:00 1970
Return-Path: <test-report-bounces@dpdk.org>
Received: from mails.dpdk.org (mails.dpdk.org [217.70.189.124])
	by inbox.dpdk.org (Postfix) with ESMTP id 2E09745CA6
	for <public@inbox.dpdk.org>; Fri,  8 Nov 2024 12:27:46 +0100 (CET)
Received: from mails.dpdk.org (localhost [127.0.0.1])
	by mails.dpdk.org (Postfix) with ESMTP id 29C644333E;
	Fri,  8 Nov 2024 12:27:46 +0100 (CET)
Received: from mail-qk1-f226.google.com (mail-qk1-f226.google.com
 [209.85.222.226])
 by mails.dpdk.org (Postfix) with ESMTP id 4CDFA4329A
 for <test-report@dpdk.org>; Fri,  8 Nov 2024 12:27:44 +0100 (CET)
Received: by mail-qk1-f226.google.com with SMTP id
 af79cd13be357-7b1467af9dbso126664085a.0
 for <test-report@dpdk.org>; Fri, 08 Nov 2024 03:27:44 -0800 (PST)
DKIM-Signature: v=1; a=rsa-sha256; c=relaxed/relaxed;
 d=iol.unh.edu; s=unh-iol; t=1731065263; x=1731670063; darn=dpdk.org;
 h=references:in-reply-to:cc:to:from:subject:message-id:date:from:to
 :cc:subject:date:message-id:reply-to;
 bh=KcJzEvCNUM/l6pt+z8gkJmErts+XJ3GQqLqeLPEBpZU=;
 b=VHfvOrcpcbbOjZD5rapeFUkgZvCtRPMKMkQiUPPWjDkYaIZWu0MvLDv7AIXxaUDpLj
 hEIF0J0HnwhyT098Ll2hFTTtrYjqxNiFHcDjWxtxxdgTinCxStk1GJ5xmTTY+6y4I0zs
 CjjVwOl6nuCiXsPgt4dGCCwzLDLf/hsXOxOKg=
X-Google-DKIM-Signature: v=1; a=rsa-sha256; c=relaxed/relaxed;
 d=1e100.net; s=20230601; t=1731065263; x=1731670063;
 h=references:in-reply-to:cc:to:from:subject:message-id:date
 :x-gm-message-state:from:to:cc:subject:date:message-id:reply-to;
 bh=KcJzEvCNUM/l6pt+z8gkJmErts+XJ3GQqLqeLPEBpZU=;
 b=T3mN27GFqZxBYjjhaTs0DbVPeLoKqkZU4u1t2omLGS5Cj5KOuD0c0i4lNId5kmOo/u
 bx2u+lAzRpcbDrVjaFx/98Upy01SG1c4Tw/WU/1pYHlDiaf80p4wQdSyjSaREWJ//R2d
 KPMcO2NKfqYpyM+VEgbfmlg/5FOe7DEh068tH8nkBuD77BKfJ6ftAPIkJsc0iY0sswor
 o151nhdtzfOpDxY7JNWms0cZjYu03kujOYWW+2rjgtBIUj3fJsUMTPL8h0A76YS1qr+2
 eTwEXqoMGdcKUwuJHzo7pHDPXMXCfx9BEkFxVmBWR80cJ/cbgqz3w3WI0zgyzfhmsjr3
 RT/g==
X-Gm-Message-State: AOJu0YydtHIR76cvj7Q8SO/2dewkGEeDLKvFjS8WR0DaJgXhKaKxpwlR
 MAjr+JyyQvtBbeBoajNEe1F17A/Dal3/3SDSI1xUSHVGt3aIiI8RUsFWqxNsEJ2rIRxV9qh0L1Z
 NzMLniY52YjuwFV5EHdVf0syx25ZW58Gb6hb0I83VhQ5/IDh2F5hLJFPv
X-Google-Smtp-Source: AGHT+IEtCYfd2Eo1RAvC9V1O5q7Nlr9/Z6/z2B5kU449ewYPZTEvdrqn81qbaBjpGCoDHiE62O8sYiI6K+3z
X-Received: by 2002:a05:6214:4a08:b0:6ce:34ff:9286 with SMTP id
 6a1803df08f44-6d39e1b1745mr30669016d6.46.1731065263696; 
 Fri, 08 Nov 2024 03:27:43 -0800 (PST)
Received: from postal.iol.unh.edu (postal.iol.unh.edu.
 [2606:4100:3880:1234::84]) by smtp-relay.gmail.com with ESMTPS id
 6a1803df08f44-6d3961ef239sm1694936d6.25.2024.11.08.03.27.43
 (version=TLS1_2 cipher=ECDHE-ECDSA-AES128-GCM-SHA256 bits=128/128);
 Fri, 08 Nov 2024 03:27:43 -0800 (PST)
X-Relaying-Domain: iol.unh.edu
Date: Fri, 08 Nov 2024 03:27:43 -0800 (PST)
Message-ID: <672df5af.d40a0220.1cabca.b731SMTPIN_ADDED_MISSING@mx.google.com>
Received: from [172.21.0.6] (unknown [172.18.0.240])
 by postal.iol.unh.edu (Postfix) with ESMTP id 644386052471;
 Fri,  8 Nov 2024 06:27:43 -0500 (EST)
Subject: |FAILURE| pw148107-148125 [PATCH] [v5,20/20] app/testpmd: remove use
From: dpdklab@iol.unh.edu
To: Test Report <test-report@dpdk.org>
Cc: dpdk-test-reports@iol.unh.edu,
 Andre Muezerie <andremue@linux.microsoft.com>
In-Reply-To: <1731026691-1529-21-git-send-email-andremue@linux.microsoft.com>
References: <1731026691-1529-21-git-send-email-andremue@linux.microsoft.com>
Content-Type: text/plain
X-BeenThere: test-report@dpdk.org
X-Mailman-Version: 2.1.29
Precedence: list
List-Id: automatic DPDK test reports <test-report.dpdk.org>
List-Unsubscribe: <https://mails.dpdk.org/options/test-report>,
 <mailto:test-report-request@dpdk.org?subject=unsubscribe>
List-Archive: <http://mails.dpdk.org/archives/test-report/>
List-Post: <mailto:test-report@dpdk.org>
List-Help: <mailto:test-report-request@dpdk.org?subject=help>
List-Subscribe: <https://mails.dpdk.org/listinfo/test-report>,
 <mailto:test-report-request@dpdk.org?subject=subscribe>
Errors-To: test-report-bounces@dpdk.org

Test-Label: iol-unit-amd64-testing
Test-Status: FAILURE
http://dpdk.org/patch/148125

_Testing issues_

Submitter: Andre Muezerie <andremue@linux.microsoft.com>
Date: Friday, November 08 2024 00:44:51 
DPDK git baseline: Repo:dpdk
  Branch: master
  CommitID:18b5049ab4fecda6ad303606cc265d923b56da14

148107-148125 --> testing issues

Upstream job id: Generic-Unit-Test-DPDK#289444

Test environment and result as below:

+---------------------+----------------+
|     Environment     | dpdk_unit_test |
+=====================+================+
| CentOS Stream 9     | PASS           |
+---------------------+----------------+
| Fedora 39           | PEND           |
+---------------------+----------------+
| Debian 12           | PEND           |
+---------------------+----------------+
| Fedora 40 (Clang)   | PASS           |
+---------------------+----------------+
| Fedora 39 (Clang)   | PASS           |
+---------------------+----------------+
| Fedora 40           | PEND           |
+---------------------+----------------+
| Ubuntu 22.04        | PEND           |
+---------------------+----------------+
| Ubuntu 20.04        | PEND           |
+---------------------+----------------+
| RHEL9               | PEND           |
+---------------------+----------------+
| RHEL8               | PEND           |
+---------------------+----------------+
| Ubuntu 24.04        | PEND           |
+---------------------+----------------+
| Windows Server 2022 | FAIL           |
+---------------------+----------------+

==== Unit test summary for Windows Server 2022 (dpdk_unit_test): ====
Failed to get the unit test results.
Displaying the unit test results is not supported for some environments,
such as our aarch32 testing, where meson is not used to run the tests.
Download the logs available on our CI site.
==== End log output ====

CentOS Stream 9
	Kernel: Depends on container host
	Compiler: gcc 11.4.1 20231218 (Red Hat 11.4.1-3)

Fedora 39
	Kernel: Depends on container host
	Compiler: gcc 13.3.1 20240522 (Red Hat 13.3.1-1)

Debian 12
	Kernel: Depends on container host
	Compiler: gcc (Debian 12.2.0-14) 12.2.0

Fedora 40 (Clang)
	Kernel: Depends on container host
	Compiler: clang 18.1.6 (Fedora 18.1.6-3.fc40)

Fedora 39 (Clang)
	Kernel: Depends on container host
	Compiler: clang 17.0.6 (Fedora 17.0.6-2.fc39)

Fedora 40
	Kernel: Depends on container host
	Compiler: gcc 14.2.1 20240801 (Red Hat 14.2.1-1)

Ubuntu 22.04
	Kernel: Depends on container host
	Compiler: gcc (Ubuntu 11.4.0-1ubuntu1~22.04) 11.4.0

Ubuntu 20.04
	Kernel: Depends on container host
	Compiler: gcc (Ubuntu 9.4.0-1ubuntu1~20.04.2) 9.4.0

RHEL9
	Kernel: Depends on container host
	Compiler: gcc 11.4.1 20231218 (Red Hat 11.4.1-3)

RHEL8
	Kernel: Depends on container host
	Compiler: gcc 8.5.0 20210514 (Red Hat 8.5.0-22)

Ubuntu 24.04
	Kernel: Depends on container host
	Compiler: gcc (Ubuntu 13.2.0-23ubuntu4) 13.2.0

Windows Server 2022
	Kernel: 10.0.20348.2031
	Compiler: clang 15.0.7, gcc 14.1.0 (MinGW), and MSVC VS 19.39.33521

To view detailed results, visit:
https://lab.dpdk.org/results/dashboard/patchsets/31855/

UNH-IOL DPDK Community Lab

To manage your email subscriptions, visit: 
https://lab.dpdk.org/results/dashboard/preferences/subscriptions/