From mboxrd@z Thu Jan  1 00:00:00 1970
Return-Path: <test-report-bounces@dpdk.org>
Received: from mails.dpdk.org (mails.dpdk.org [217.70.189.124])
	by inbox.dpdk.org (Postfix) with ESMTP id C756B45CA6
	for <public@inbox.dpdk.org>; Fri,  8 Nov 2024 12:41:13 +0100 (CET)
Received: from mails.dpdk.org (localhost [127.0.0.1])
	by mails.dpdk.org (Postfix) with ESMTP id BCEBF43359;
	Fri,  8 Nov 2024 12:41:13 +0100 (CET)
Received: from mail-il1-f226.google.com (mail-il1-f226.google.com
 [209.85.166.226])
 by mails.dpdk.org (Postfix) with ESMTP id 2F2F943359
 for <test-report@dpdk.org>; Fri,  8 Nov 2024 12:41:12 +0100 (CET)
Received: by mail-il1-f226.google.com with SMTP id
 e9e14a558f8ab-3a3aeb19ea2so7783385ab.0
 for <test-report@dpdk.org>; Fri, 08 Nov 2024 03:41:12 -0800 (PST)
DKIM-Signature: v=1; a=rsa-sha256; c=relaxed/relaxed;
 d=iol.unh.edu; s=unh-iol; t=1731066071; x=1731670871; darn=dpdk.org;
 h=references:in-reply-to:cc:to:from:subject:message-id:date:from:to
 :cc:subject:date:message-id:reply-to;
 bh=v8YmNuYljyGtOKHGERPIBTXrNysrKUv5S/9pQRaSZL4=;
 b=dDd1UWS61CbPIrPLI3NJYL8OvcT9wMLwi3R1Clds/CXzAhLj5P1X0oCulvDh22Bhk3
 7wPWBA4DTESD358RrLpMLA9BUU78M2szyqjBM7Lpv4L0ycJjunKJjUKNOHBFyxHFskM0
 YA/kGzSh3stPPKh8anP5E/SQDN3lJFWo58/0Q=
X-Google-DKIM-Signature: v=1; a=rsa-sha256; c=relaxed/relaxed;
 d=1e100.net; s=20230601; t=1731066071; x=1731670871;
 h=references:in-reply-to:cc:to:from:subject:message-id:date
 :x-gm-message-state:from:to:cc:subject:date:message-id:reply-to;
 bh=v8YmNuYljyGtOKHGERPIBTXrNysrKUv5S/9pQRaSZL4=;
 b=d+tSGnORI/svDQcDZWlElSqNfy21j1r8EqVeHhCrWom/fZpHJQD9yxVTT2hS93l/Ih
 dHnMmvyZt7FS0Kkt6aPckXRy6Noux5YoGFOzb3sbH/+s8pJDI/9tnTBpyvPisO4sVSXw
 665MbKQ7GaBeYxpBezcaAxJtD5BqHwheEQeSgB9AbMqdFv7pzXemssz5mtuYaRFYvmGX
 NqDNfZPWqMX7K8DoPGyLiKdNZb0CyJ+sE1WeMeELakVvM5bKlQx55KDX5niGD11FWBQM
 bCGPrBtJelHLj34Ca7eM1dNN0vWlbg9hhZcVUsSbZ4lvXkSjqx8doABO22HEW9J7x45v
 ejvw==
X-Gm-Message-State: AOJu0Yye0J/iPHqUOoliROLATST1A75r9G6yidfQCCchle+XfgAcZvRw
 F3L/bAzxegHzo+eidsSMeeMGOr2MTQpmNcBagFCLKaFu7MTz0A+lNVz+Kojvp8U9zFzfEBldIDI
 NZlsqRuCLBHCT2iZwWWb+BoFXQUL71Iwydck41esm
X-Google-Smtp-Source: AGHT+IG1JOuqnQ72I17RFwcJ9GhFiY2TVhT5QBTR0qbZXTnYml7utruygePhDWJtSW1zlbTqd2GkDXTrHkz3
X-Received: by 2002:a05:6e02:b2a:b0:3a6:ca22:7b3c with SMTP id
 e9e14a558f8ab-3a6f19c1ccfmr28293615ab.12.1731066071413; 
 Fri, 08 Nov 2024 03:41:11 -0800 (PST)
Received: from postal.iol.unh.edu (postal.iol.unh.edu. [132.177.123.84])
 by smtp-relay.gmail.com with ESMTPS id
 e9e14a558f8ab-3a6eaccbd23sm1445355ab.42.2024.11.08.03.41.11
 (version=TLS1_2 cipher=ECDHE-ECDSA-AES128-GCM-SHA256 bits=128/128);
 Fri, 08 Nov 2024 03:41:11 -0800 (PST)
X-Relaying-Domain: iol.unh.edu
Date: Fri, 08 Nov 2024 03:41:11 -0800 (PST)
Message-ID: <672df8d7.050a0220.1df7e8.9f50SMTPIN_ADDED_MISSING@mx.google.com>
Received: from [172.21.0.5] (unknown [172.18.0.240])
 by postal.iol.unh.edu (Postfix) with ESMTP id DD22A6052471;
 Fri,  8 Nov 2024 06:41:10 -0500 (EST)
Subject: |WARNING| pw148107-148125 [PATCH] [v5,20/20] app/testpmd: remove use
From: dpdklab@iol.unh.edu
To: Test Report <test-report@dpdk.org>
Cc: dpdk-test-reports@iol.unh.edu
In-Reply-To: <1731026691-1529-21-git-send-email-andremue@linux.microsoft.com>
References: <1731026691-1529-21-git-send-email-andremue@linux.microsoft.com>
Content-Type: text/plain
X-BeenThere: test-report@dpdk.org
X-Mailman-Version: 2.1.29
Precedence: list
List-Id: automatic DPDK test reports <test-report.dpdk.org>
List-Unsubscribe: <https://mails.dpdk.org/options/test-report>,
 <mailto:test-report-request@dpdk.org?subject=unsubscribe>
List-Archive: <http://mails.dpdk.org/archives/test-report/>
List-Post: <mailto:test-report@dpdk.org>
List-Help: <mailto:test-report-request@dpdk.org?subject=help>
List-Subscribe: <https://mails.dpdk.org/listinfo/test-report>,
 <mailto:test-report-request@dpdk.org?subject=subscribe>
Errors-To: test-report-bounces@dpdk.org

Test-Label: iol-compile-amd64-testing
Test-Status: WARNING
http://dpdk.org/patch/148125

_Testing issues_

Submitter: Andre Muezerie <andremue@linux.microsoft.com>
Date: Friday, November 08 2024 00:44:51 
DPDK git baseline: Repo:dpdk
  Branch: master
  CommitID:18b5049ab4fecda6ad303606cc265d923b56da14

148107-148125 --> testing issues

Upstream job id: Generic-VM-DPDK-Compile-Meson#31169

Test environment and result as below:

+---------------------+--------------------+------------------+-------------------+-------------------+-----------------------+
|     Environment     | dpdk_meson_compile | dpdk_compile_ovs | dpdk_compile_spdk | dpdk_msvc_compile | dpdk_win_llvm_compile |
+=====================+====================+==================+===================+===================+=======================+
| CentOS Stream 9     | PEND               | PEND             | PEND              | SKIPPED           | SKIPPED               |
+---------------------+--------------------+------------------+-------------------+-------------------+-----------------------+
| Debian 12           | PEND               | PEND             | PEND              | SKIPPED           | SKIPPED               |
+---------------------+--------------------+------------------+-------------------+-------------------+-----------------------+
| Fedora 39 (Clang)   | PEND               | PEND             | PEND              | SKIPPED           | SKIPPED               |
+---------------------+--------------------+------------------+-------------------+-------------------+-----------------------+
| Fedora 39           | PEND               | PEND             | PEND              | SKIPPED           | SKIPPED               |
+---------------------+--------------------+------------------+-------------------+-------------------+-----------------------+
| Fedora 40 (Clang)   | PEND               | PEND             | PEND              | SKIPPED           | SKIPPED               |
+---------------------+--------------------+------------------+-------------------+-------------------+-----------------------+
| Fedora 40           | PEND               | PEND             | PEND              | SKIPPED           | SKIPPED               |
+---------------------+--------------------+------------------+-------------------+-------------------+-----------------------+
| openSUSE Leap 15    | PEND               | PEND             | SKIPPED           | SKIPPED           | SKIPPED               |
+---------------------+--------------------+------------------+-------------------+-------------------+-----------------------+
| RHEL8               | PEND               | PEND             | SKIPPED           | SKIPPED           | SKIPPED               |
+---------------------+--------------------+------------------+-------------------+-------------------+-----------------------+
| RHEL9               | PEND               | PEND             | SKIPPED           | SKIPPED           | SKIPPED               |
+---------------------+--------------------+------------------+-------------------+-------------------+-----------------------+
| Ubuntu 20.04        | PEND               | PEND             | SKIPPED           | SKIPPED           | SKIPPED               |
+---------------------+--------------------+------------------+-------------------+-------------------+-----------------------+
| Ubuntu 22.04        | PEND               | PEND             | PEND              | SKIPPED           | SKIPPED               |
+---------------------+--------------------+------------------+-------------------+-------------------+-----------------------+
| Ubuntu 24.04        | PEND               | PEND             | PEND              | SKIPPED           | SKIPPED               |
+---------------------+--------------------+------------------+-------------------+-------------------+-----------------------+
| Alpine              | PEND               | PEND             | SKIPPED           | SKIPPED           | SKIPPED               |
+---------------------+--------------------+------------------+-------------------+-------------------+-----------------------+
| FreeBSD 13.4        | PASS               | SKIPPED          | SKIPPED           | SKIPPED           | SKIPPED               |
+---------------------+--------------------+------------------+-------------------+-------------------+-----------------------+
| FreeBSD 14.1        | PASS               | SKIPPED          | SKIPPED           | SKIPPED           | SKIPPED               |
+---------------------+--------------------+------------------+-------------------+-------------------+-----------------------+
| Windows Server 2022 | SKIPPED            | SKIPPED          | SKIPPED           | PASS              | FAIL                  |
+---------------------+--------------------+------------------+-------------------+-------------------+-----------------------+

==== 20 line log output for Windows Server 2022 (dpdk_win_llvm_compile): ====
[254/840] Compiling C object app/dpdk-test.exe.p/test_test_lcore_var.c.obj
[255/840] Compiling C object app/dpdk-test.exe.p/test_test_lcores.c.obj
[256/840] Compiling C object app/dpdk-test.exe.p/test_test_lpm6_perf.c.obj
[257/840] Compiling C object app/dpdk-test.exe.p/test_test_lcore_var_perf.c.obj
FAILED: app/dpdk-test.exe.p/test_test_lcore_var_perf.c.obj
"clang" "-Iapp\dpdk-test.exe.p" "-Iapp" "-I..\app" "-Ilib\cmdline" "-I..\lib\cmdline" "-I." "-I.." "-Iconfig" "-I..\config" "-Ilib\eal\include" "-I..\lib\eal\include" "-Ilib\eal\windows\include" "-I..\lib\eal\windows\include" "-Ilib\eal\x86\include" "-I..\lib\eal\x86\include" "-Ilib\eal\common" "-I..\lib\eal\common" "-Ilib\eal" "-I..\lib\eal" "-Ilib\log" "-I..\lib\log" "-Ilib\kvargs" "-I..\lib\kvargs" "-Ilib\net" "-I..\lib\net" "-Ilib\mbuf" "-I..\lib\mbuf" "-Ilib\mempool" "-I..\lib\mempool" "-Ilib\ring" "-I..\lib\ring" "-Ilib\metrics" "-I..\lib\metrics" "-Ilib\telemetry" "-I..\lib\telemetry" "-Idrivers\net\ring" "-I..\drivers\net\ring" "-Ilib\ethdev" "-I..\lib\ethdev" "-Ilib\meter" "-I..\lib\meter" "-Idrivers\bus\pci" "-I..\drivers\bus\pci" "-I..\drivers\bus\pci\windows" "-Ilib\pci" "-I..\lib\pci" "-Idrivers\bus\vdev" "-I..\drivers\bus\vdev" "-Ilib\argparse" "-I..\lib\argparse" "-Ilib\hash" "-I..\lib\hash" "-Ilib\rcu" "-I..\lib\rcu" "-Ilib\bitratestats" "-I..\lib\bitratestats" "-Ilib
 \cryptodev" "-I..\lib\cryptodev" "-Ilib\security" "-I..\lib\security" "-Ilib\dmadev" "-I..\lib\dmadev" "-Ilib\fib" "-I..\lib\fib" "-Ilib\rib" "-I..\lib\rib" "-Ilib\lpm" "-I..\lib\lpm" "-Ilib\ip_frag" "-I..\lib\ip_frag" "-Ilib\latencystats" "-I..\lib\latencystats" "-Ilib\pcapng" "-I..\lib\pcapng" "-Ilib\ptr_compress" "-I..\lib\ptr_compress" "-Ilib\reorder" "-I..\lib\reorder" "-Ilib\stack" "-I..\lib\stack" "-Ilib\timer" "-I..\lib\timer" "-IC:\Program Files\Mellanox\MLNX_WinOF2_DevX_SDK\inc" "-Xclang" "-fcolor-diagnostics" "-pipe" "-D_FILE_OFFSET_BITS=64" "-Wall" "-Winvalid-pch" "-Wextra" "-Werror" "-std=c11" "-O3" "-include" "rte_config.h" "-Wcast-qual" "-Wdeprecated" "-Wformat" "-Wformat-nonliteral" "-Wformat-security" "-Wmissing-declarations" "-Wmissing-prototypes" "-Wnested-externs" "-Wold-style-definition" "-Wpointer-arith" "-Wsign-compare" "-Wstrict-prototypes" "-Wundef" "-Wwrite-strings" "-Wno-missing-field-initializers" "-Wvla" "-D_GNU_SOURCE" "-D_WIN32_WINNT=0x0A00" "-D_CRT_SE
 CURE_NO_WARNINGS" "-march=native" "-mrtm" "-DALLOW_EXPERIMENTAL_API" "-fno-strict-aliasing" "-DALLOW_INTERNAL_API" -MD -MQ app/dpdk-test.exe.p/test_test_lcore_var_perf.c.obj -MF "app\dpdk-test.exe.p\test_test_lcore_var_perf.c.obj.d" -o app/dpdk-test.exe.p/test_test_lcore_var_perf.c.obj "-c" ../app/test/test_lcore_var_perf.c
../app/test/test_lcore_var_perf.c:188:20: error: variable length array used [-Werror,-Wvla]
unsigned int mods[num_mods];
^~~~~~~~
1 error generated.
[258/840] Generating rte_net_iavf.pmd.c with a custom command (wrapped by meson to set PATH)
[259/840] Compiling C object app/dpdk-test.exe.p/test_test_memcpy.c.obj
[260/840] Compiling C object app/dpdk-test.exe.p/test_test_lpm_perf.c.obj
[261/840] Compiling C object app/dpdk-test.exe.p/test_test_mcslock.c.obj
[262/840] Compiling C object app/dpdk-test.exe.p/test_test_malloc.c.obj
[263/840] Compiling C object app/dpdk-test.exe.p/test_test_malloc_perf.c.obj
[264/840] Compiling C object app/dpdk-test.exe.p/test_test_mempool.c.obj
[265/840] Compiling C object app/dpdk-test.exe.p/test_test_mempool_perf.c.obj
[266/840] Compiling C object app/dpdk-test.exe.p/test_test_memcpy_perf.c.obj
ninja: build stopped: subcommand failed.
==== End log output ====

CentOS Stream 9
	Kernel: Depends on container host
	Compiler: gcc 11.4.1 20231218 (Red Hat 11.4.1-3)

Debian 12
	Kernel: Depends on container host
	Compiler: gcc (Debian 12.2.0-14) 12.2.0

Fedora 39 (Clang)
	Kernel: Depends on container host
	Compiler: clang 17.0.6 (Fedora 17.0.6-2.fc39)

Fedora 39
	Kernel: Depends on container host
	Compiler: gcc 13.3.1 20240522 (Red Hat 13.3.1-1)

Fedora 40 (Clang)
	Kernel: Depends on container host
	Compiler: clang 18.1.6 (Fedora 18.1.6-3.fc40)

Fedora 40
	Kernel: Depends on container host
	Compiler: gcc 14.2.1 20240801 (Red Hat 14.2.1-1)

openSUSE Leap 15
	Kernel: Depends on container host
	Compiler: gcc (SUSE Linux) 7.5.0

RHEL8
	Kernel: Depends on container host
	Compiler: gcc 8.5.0 20210514 (Red Hat 8.5.0-22)

RHEL9
	Kernel: Depends on container host
	Compiler: gcc 11.4.1 20231218 (Red Hat 11.4.1-3)

Ubuntu 20.04
	Kernel: Depends on container host
	Compiler: gcc (Ubuntu 9.4.0-1ubuntu1~20.04.2) 9.4.0

Ubuntu 22.04
	Kernel: Depends on container host
	Compiler: gcc (Ubuntu 11.4.0-1ubuntu1~22.04) 11.4.0

Ubuntu 24.04
	Kernel: Depends on container host
	Compiler: gcc (Ubuntu 13.2.0-23ubuntu4) 13.2.0

Alpine
	Kernel: Depends on container host
	Compiler: gcc (Alpine 13.2.1_git20240309) 13.2.1 20240309

FreeBSD 13.4
	Kernel: 13.4-RELEASE-p1
	Compiler: clang 18.1.6

FreeBSD 14.1
	Kernel: 14.1-RELEASE-p3
	Compiler: clang 18.1.5

Windows Server 2022
	Kernel: 10.0.20348.2031
	Compiler: clang 15.0.7, gcc 14.1.0 (MinGW), and MSVC VS 19.39.33521

To view detailed results, visit:
https://lab.dpdk.org/results/dashboard/patchsets/31855/

UNH-IOL DPDK Community Lab

To manage your email subscriptions, visit: 
https://lab.dpdk.org/results/dashboard/preferences/subscriptions/