From mboxrd@z Thu Jan  1 00:00:00 1970
Return-Path: <test-report-bounces@dpdk.org>
Received: from mails.dpdk.org (mails.dpdk.org [217.70.189.124])
	by inbox.dpdk.org (Postfix) with ESMTP id 92BAD46833
	for <public@inbox.dpdk.org>; Fri, 30 May 2025 21:36:32 +0200 (CEST)
Received: from mails.dpdk.org (localhost [127.0.0.1])
	by mails.dpdk.org (Postfix) with ESMTP id 741C040041;
	Fri, 30 May 2025 21:36:32 +0200 (CEST)
Received: from mail-ua1-f100.google.com (mail-ua1-f100.google.com
 [209.85.222.100])
 by mails.dpdk.org (Postfix) with ESMTP id 688D740041
 for <test-report@dpdk.org>; Fri, 30 May 2025 21:36:30 +0200 (CEST)
Received: by mail-ua1-f100.google.com with SMTP id
 a1e0cc1a2514c-87e37ab3c70so891032241.1
 for <test-report@dpdk.org>; Fri, 30 May 2025 12:36:30 -0700 (PDT)
DKIM-Signature: v=1; a=rsa-sha256; c=relaxed/relaxed;
 d=iol.unh.edu; s=unh-iol; t=1748633789; x=1749238589; darn=dpdk.org;
 h=references:in-reply-to:cc:to:from:subject:message-id:date:from:to
 :cc:subject:date:message-id:reply-to;
 bh=T6+nCDK2dr9hxf/HLz7e7cZkTOwgwdNBa9ebgDNcSZU=;
 b=PPBZx7t7ruyLjFCXuczBXGmEAoeLtCXCE3+0tzKlq6RgJb7zRb0IP3QIi0mu4FAg8T
 MD7eCr58qkLMRuMEdnnlSbgF9oUNz0/C6nH8h1Z7YR7b2c1crJegtuVsmrLANYEkAKPV
 KJLgVhUSnmAo7kpsENBbbq1KoSUDbsJ+3//78=
X-Google-DKIM-Signature: v=1; a=rsa-sha256; c=relaxed/relaxed;
 d=1e100.net; s=20230601; t=1748633789; x=1749238589;
 h=references:in-reply-to:cc:to:from:subject:message-id:date
 :x-gm-message-state:from:to:cc:subject:date:message-id:reply-to;
 bh=T6+nCDK2dr9hxf/HLz7e7cZkTOwgwdNBa9ebgDNcSZU=;
 b=WwUwx5pyFyzhFGo49ETPSQy4jiiYISAInWJGgXeUqc3hjT+QOUzDRovMy6isWZTxFA
 5yPs9mjuYEfjJy0rLx4UloyjDUa8woUSRi/2KEWJjRm9Va7xeSssnb6Yn5qApgo2KBwa
 lmLLind5onXJpijtPGPXvE2V3NHGBD0ZvMskEnJwLrJzlrpI+yfai4pTiSsDsZZAPzV4
 4tYfLCMDUyvDdAEBTe67LIq/McBqHNAvdyVFTZicaoKVEvA9kZoCMbK19ft2Kmlb0859
 3CLh91eoORCVmaNfKNf1IB+rBDEiqSnbqoXyLKPUiVwz30jZ/baHS3DNvdKGvlGhqcN4
 xHgA==
X-Gm-Message-State: AOJu0YyCIN4s15RkC5HclXwygvILecvQdQOPHRnD/K9oEqvE+MKesGqf
 p6kboSQNoOjWLVI9cIkdAwt1YSROpLZlTStVJQaRy1CJ2M6kgKazvsmXIJXdlZPJl2zMF4xSnrm
 pGKHZMQKPebNFw3d1gz6UwiC7VZCfGjBbH34HYzwhVH81wHvvFrSNri/HwttI
X-Gm-Gg: ASbGncsVsEBQhyLHz0ZIruSibJJxjkIFKdsEw9idO/Trz0fkiyhZUX6+u0YnvR+BDx+
 7IdK1AcKu0pZ+V+cST31YyGNJCkktI9JjSnEOxlnvVvLUOlfjcIX0j1PY5X+oiZlHNaNv5/f44u
 QqjAv6KugaeSddo/ih7o27JmEXEYVKjVebGUOc/66IhC+WsBL4vf8CHNVa3YkOOLcjh42qRqNXs
 TGfUDSRHg2rFyQZtPqyVBrX2NG7cNwocKOgD06mMuhsstnw7uy/vVG0VU0dH7sEHLL52+LdRHlz
 ApNmU6tbTdXX9QfDgo9bcbHgdLgeA+Y3lyN6
X-Google-Smtp-Source: AGHT+IF63ZT51UAatmzfG16nPJXVtFnqrrBZSFyFlx51Gla08kpI186lz7X2zaItkahFUzIfdIhY7/X0O+Vk
X-Received: by 2002:a05:6214:528b:b0:6f8:ad11:276a with SMTP id
 6a1803df08f44-6facf4eac8fmr77647296d6.19.1748633779356; 
 Fri, 30 May 2025 12:36:19 -0700 (PDT)
Received: from postal.iol.unh.edu (postal.iol.unh.edu.
 [2606:4100:3880:1234::84]) by smtp-relay.gmail.com with ESMTPS id
 6a1803df08f44-6fac6f458d8sm1808776d6.57.2025.05.30.12.36.19
 (version=TLS1_2 cipher=ECDHE-ECDSA-AES128-GCM-SHA256 bits=128/128);
 Fri, 30 May 2025 12:36:19 -0700 (PDT)
X-Relaying-Domain: iol.unh.edu
Date: Fri, 30 May 2025 12:36:19 -0700 (PDT)
Message-ID: <683a08b3.d40a0220.4712b.97feSMTPIN_ADDED_MISSING@mx.google.com>
Received: from [172.21.0.7] (unknown [172.18.0.240])
 by postal.iol.unh.edu (Postfix) with ESMTP id 179156052471;
 Fri, 30 May 2025 15:36:19 -0400 (EDT)
Subject: |FAILURE| pw153887 [PATCH] app/compress-perf: support dictionary fil
From: dpdklab@iol.unh.edu
To: Test Report <test-report@dpdk.org>
Cc: dpdk-test-reports@iol.unh.edu, Sameer Vaze <svaze@qti.qualcomm.com>
In-Reply-To: <20250529171610.2448892-1-svaze@qti.qualcomm.com>
References: <20250529171610.2448892-1-svaze@qti.qualcomm.com>
Content-Type: text/plain
X-BeenThere: test-report@dpdk.org
X-Mailman-Version: 2.1.29
Precedence: list
List-Id: automatic DPDK test reports <test-report.dpdk.org>
List-Unsubscribe: <https://mails.dpdk.org/options/test-report>,
 <mailto:test-report-request@dpdk.org?subject=unsubscribe>
List-Archive: <http://mails.dpdk.org/archives/test-report/>
List-Post: <mailto:test-report@dpdk.org>
List-Help: <mailto:test-report-request@dpdk.org?subject=help>
List-Subscribe: <https://mails.dpdk.org/listinfo/test-report>,
 <mailto:test-report-request@dpdk.org?subject=subscribe>
Errors-To: test-report-bounces@dpdk.org

Test-Label: iol-compile-amd64-testing
Test-Status: FAILURE
http://dpdk.org/patch/153887

_Testing issues_

Submitter: Sameer Vaze <svaze@qti.qualcomm.com>
Date: Thursday, May 29 2025 17:16:10 
DPDK git baseline: Repo:dpdk
  Branch: master
  CommitID:d5968c8a2b355a083db1d2f4f00334760389b54c

153887 --> testing issues

Upstream job id: Generic-DPDK-Compile-Meson#393094

Test environment and result as below:

+-------------------------------+--------------------+-------------------+-------------------+------------------+
|          Environment          | dpdk_meson_compile | dpdk_msvc_compile | dpdk_compile_spdk | dpdk_compile_ovs |
+===============================+====================+===================+===================+==================+
| Ubuntu 20.04                  | PEND               | SKIPPED           | SKIPPED           | SKIPPED          |
+-------------------------------+--------------------+-------------------+-------------------+------------------+
| FreeBSD 14.2                  | FAIL               | SKIPPED           | SKIPPED           | SKIPPED          |
+-------------------------------+--------------------+-------------------+-------------------+------------------+
| CentOS Stream 9               | PEND               | SKIPPED           | PEND              | SKIPPED          |
+-------------------------------+--------------------+-------------------+-------------------+------------------+
| CentOS Stream 10              | PEND               | SKIPPED           | SKIPPED           | SKIPPED          |
+-------------------------------+--------------------+-------------------+-------------------+------------------+
| Debian GNU/Linux 12           | FAIL               | SKIPPED           | WARN              | SKIPPED          |
+-------------------------------+--------------------+-------------------+-------------------+------------------+
| Fedora 40 (Clang)             | PEND               | SKIPPED           | PEND              | SKIPPED          |
+-------------------------------+--------------------+-------------------+-------------------+------------------+
| Fedora 40                     | PEND               | SKIPPED           | PEND              | SKIPPED          |
+-------------------------------+--------------------+-------------------+-------------------+------------------+
| Fedora 41 (Clang)             | PEND               | SKIPPED           | PEND              | PEND             |
+-------------------------------+--------------------+-------------------+-------------------+------------------+
| Fedora 41                     | PEND               | SKIPPED           | PEND              | PEND             |
+-------------------------------+--------------------+-------------------+-------------------+------------------+
| openSUSE Leap 15.6            | PEND               | SKIPPED           | SKIPPED           | SKIPPED          |
+-------------------------------+--------------------+-------------------+-------------------+------------------+
| Red Hat Enterprise Linux 8.10 | PEND               | SKIPPED           | SKIPPED           | SKIPPED          |
+-------------------------------+--------------------+-------------------+-------------------+------------------+
| Red Hat Enterprise Linux 9.5  | PEND               | SKIPPED           | SKIPPED           | SKIPPED          |
+-------------------------------+--------------------+-------------------+-------------------+------------------+
| Ubuntu 22.04                  | PEND               | SKIPPED           | PEND              | SKIPPED          |
+-------------------------------+--------------------+-------------------+-------------------+------------------+
| Ubuntu 24.04                  | PEND               | SKIPPED           | PEND              | PEND             |
+-------------------------------+--------------------+-------------------+-------------------+------------------+
| Windows Server 2022           | SKIPPED            | PASS              | SKIPPED           | SKIPPED          |
+-------------------------------+--------------------+-------------------+-------------------+------------------+

==== 20 line log output for Debian GNU/Linux 12 (dpdk_compile_spdk): ====
 --- Failed to get log output --- 
==== End log output ====

Ubuntu 20.04
	Kernel: 4.19
	Compiler: gcc gcc (Ubuntu 9.4.0-1ubuntu1~20.04.2) 9.4.0

FreeBSD 14.2
	Kernel: 14.2-RELEASE
	Compiler: clang 18.1.6

CentOS Stream 9
	Kernel: Depends on container host
	Compiler: gcc 11.5.0 20240719 (Red Hat 11.5.0-2)

CentOS Stream 10
	Kernel: Depends on container host
	Compiler: gcc 14.2.1 20241104 (Red Hat 14.2.1-6)

Debian GNU/Linux 12
	Kernel: 5.15
	Compiler: gcc gcc (Debian 12.2.0-14) 12.2.0

Fedora 40 (Clang)
	Kernel: Depends on container host
	Compiler: clang 18.1.8 (Fedora 18.1.8-1.fc40)

Fedora 40
	Kernel: Depends on container host
	Compiler: gcc 14.2.1 20240912 (Red Hat 14.2.1-3)

Fedora 41 (Clang)
	Kernel: Depends on container host
	Compiler: clang 19.1.5 (Fedora 19.1.5-1.fc41)

Fedora 41
	Kernel: Depends on container host
	Compiler: gcc 14.2.1 20240912 (Red Hat 14.2.1-3)

openSUSE Leap 15.6
	Kernel: 5.15
	Compiler: gcc gcc (SUSE Linux) 7.5.0

Red Hat Enterprise Linux 8.10
	Kernel: 5.15
	Compiler: gcc gcc (GCC) 8.5.0 20210514 (Red Hat 8.5.0-22)

Red Hat Enterprise Linux 9.5
	Kernel: 5.15
	Compiler: gcc gcc (GCC) 11.5.0 20240719 (Red Hat 11.5.0-2)

Ubuntu 22.04
	Kernel: 5.15
	Compiler: gcc gcc (Ubuntu 11.4.0-1ubuntu1~22.04) 11.4.0

Ubuntu 24.04
	Kernel: 5.15
	Compiler: gcc gcc (Ubuntu 13.3.0-6ubuntu2~24.04) 13.3.0

Windows Server 2022
	Kernel: 10.0.20348.2031
	Compiler: clang 15.0.7, gcc 14.1.0 (MinGW), and MSVC VS 19.39.33521

To view detailed results, visit:
https://lab.dpdk.org/results/dashboard/patchsets/33288/

UNH-IOL DPDK Community Lab

To manage your email subscriptions, visit: 
https://lab.dpdk.org/results/dashboard/preferences/subscriptions/