From mboxrd@z Thu Jan  1 00:00:00 1970
Return-Path: <test-report-bounces@dpdk.org>
Received: from mails.dpdk.org (mails.dpdk.org [217.70.189.124])
	by inbox.dpdk.org (Postfix) with ESMTP id F374746833
	for <public@inbox.dpdk.org>; Fri, 30 May 2025 21:53:18 +0200 (CEST)
Received: from mails.dpdk.org (localhost [127.0.0.1])
	by mails.dpdk.org (Postfix) with ESMTP id EF3864025A;
	Fri, 30 May 2025 21:53:18 +0200 (CEST)
Received: from mail-io1-f97.google.com (mail-io1-f97.google.com
 [209.85.166.97]) by mails.dpdk.org (Postfix) with ESMTP id DCA564025A
 for <test-report@dpdk.org>; Fri, 30 May 2025 21:53:16 +0200 (CEST)
Received: by mail-io1-f97.google.com with SMTP id
 ca18e2360f4ac-86a464849c2so77070539f.1
 for <test-report@dpdk.org>; Fri, 30 May 2025 12:53:16 -0700 (PDT)
DKIM-Signature: v=1; a=rsa-sha256; c=relaxed/relaxed;
 d=iol.unh.edu; s=unh-iol; t=1748634796; x=1749239596; darn=dpdk.org;
 h=references:in-reply-to:cc:to:from:subject:message-id:date:from:to
 :cc:subject:date:message-id:reply-to;
 bh=w0MT/YlTFNc6rMOb7zKpEOiOQ+0G59/LZ/+PI6oPDS8=;
 b=FQSZYSZwKqUw1iltTU4iSs4/7cB17oeoM108RNxIe9qyaqmD4tl+gF2p2tJwSxZJzd
 u6FkfwpxEXT1DgX68kbIRSw0vp81q9al9UmVB+SsA9GJHuSU9odSQ16fhp7aCIM67AyM
 uq0WZBikfWZYn+m8X9AVTMDRqbJHZHKIhqcVU=
X-Google-DKIM-Signature: v=1; a=rsa-sha256; c=relaxed/relaxed;
 d=1e100.net; s=20230601; t=1748634796; x=1749239596;
 h=references:in-reply-to:cc:to:from:subject:message-id:date
 :x-gm-message-state:from:to:cc:subject:date:message-id:reply-to;
 bh=w0MT/YlTFNc6rMOb7zKpEOiOQ+0G59/LZ/+PI6oPDS8=;
 b=iSeq+z5ovIfOSTfd3gIVf6Mg43BfEk1bGuiUgE9qHhxQ952uKaD+tEdlDoL3sTwQ9P
 I36ZNrCyx2oqieAlfCRab5opwcfy3ESMKF5zf+HNYlXfGm9es12BppFkqBujseWZuUgx
 khT5xY2BSGMdlBknXP+tZJojGxwCH+CAiIKDKvnvmXvDulpbyt4AJgtH/EYaR21Gg6+J
 TZ8LFXUjlKTdoeAql01V7q6DBnkqcZnF8ujym6NJ1CYtXn096EVl44jilA+cJbrDZhej
 xDWdXD/N/Ovv6TFwdQ2NKgEOtImIjoOkY7pA9cMS3aVz1buwExFlCxFluYMmfV4IUH8m
 +a7Q==
X-Gm-Message-State: AOJu0YxFnInSctebi/vYprOmnNRFln58IPD1PCS1ZkCXBRB/Qii6QPE/
 C6T3s17d0EVn0mYtKR+PAq0sdUScS0O4S73PwKoYZo/tV0ZcOkp66nVcQACKuangjJAHwgjKpS3
 lcHiGCyyShiIcN3ys4+D2LCCIu9ccpMM/DlbW2zZi6WxYtRYFQBAueFaDzdDj
X-Gm-Gg: ASbGncsEHByCCrdVxaMZXWw2HBHB0Zx2PKJijbbnP2l7jtMjTA+IR2vj2hfmPc8GGn8
 Ep6I+Q6gqxgJe+jbqPFxp61gifajUynrcbcbK9upY/VoOBVg1ZOWo7XZmsDlwGUvmB067+dv0nc
 srdQhTcpIWDXuI2j1+FUK750hCOS4Ca2gyq6QZeE5ggpOKmQNL8C2HeJtxaa1SET8MIZ+BjyvMk
 HGOBGu82kYAbAgP5/4QTd2AGoQDwg5lZHvU+SDsQ5xi7ZxG+55dqiM0J6/Gws41j3Zwu0UUS2Fo
 yg6d5+pEt+rXO4U5Z3wBOUINfK1WDqLfxwF52ehcgb9IAZw=
X-Google-Smtp-Source: AGHT+IHcRskLhxkHX7EWp/E6zHtUR7l1LAzq+36qC+1BeXa9gjC2qFPMGc9WnSpuFbJfgZMkpN0TMGV5FuNI
X-Received: by 2002:a05:6602:7504:b0:86c:ab5d:8af3 with SMTP id
 ca18e2360f4ac-86d0108f8damr429309739f.8.1748634796099; 
 Fri, 30 May 2025 12:53:16 -0700 (PDT)
Received: from postal.iol.unh.edu (postal.iol.unh.edu.
 [2606:4100:3880:1234::84]) by smtp-relay.gmail.com with ESMTPS id
 8926c6da1cb9f-4fdd7e2d925sm102060173.30.2025.05.30.12.53.16
 (version=TLS1_2 cipher=ECDHE-ECDSA-AES128-GCM-SHA256 bits=128/128);
 Fri, 30 May 2025 12:53:16 -0700 (PDT)
X-Relaying-Domain: iol.unh.edu
Date: Fri, 30 May 2025 12:53:16 -0700 (PDT)
Message-ID: <683a0cac.050a0220.2cc6f5.571dSMTPIN_ADDED_MISSING@mx.google.com>
Received: from [172.17.0.5] (unknown [172.18.0.74])
 by postal.iol.unh.edu (Postfix) with ESMTP id 99B196052471;
 Fri, 30 May 2025 15:53:15 -0400 (EDT)
Subject: |FAILURE| pw153887 [PATCH] app/compress-perf: support dictionary fil
From: dpdklab@iol.unh.edu
To: Test Report <test-report@dpdk.org>
Cc: dpdk-test-reports@iol.unh.edu, Sameer Vaze <svaze@qti.qualcomm.com>
In-Reply-To: <20250529171610.2448892-1-svaze@qti.qualcomm.com>
References: <20250529171610.2448892-1-svaze@qti.qualcomm.com>
Content-Type: text/plain
X-BeenThere: test-report@dpdk.org
X-Mailman-Version: 2.1.29
Precedence: list
List-Id: automatic DPDK test reports <test-report.dpdk.org>
List-Unsubscribe: <https://mails.dpdk.org/options/test-report>,
 <mailto:test-report-request@dpdk.org?subject=unsubscribe>
List-Archive: <http://mails.dpdk.org/archives/test-report/>
List-Post: <mailto:test-report@dpdk.org>
List-Help: <mailto:test-report-request@dpdk.org?subject=help>
List-Subscribe: <https://mails.dpdk.org/listinfo/test-report>,
 <mailto:test-report-request@dpdk.org?subject=subscribe>
Errors-To: test-report-bounces@dpdk.org

Test-Label: iol-compile-amd64-testing
Test-Status: FAILURE
http://dpdk.org/patch/153887

_Testing issues_

Submitter: Sameer Vaze <svaze@qti.qualcomm.com>
Date: Thursday, May 29 2025 17:16:10 
DPDK git baseline: Repo:dpdk
  Branch: master
  CommitID:d5968c8a2b355a083db1d2f4f00334760389b54c

153887 --> testing issues

Upstream job id: Generic-DPDK-Compile-Meson#393105

Test environment and result as below:

+-------------------------------+--------------------+-------------------+-------------------+------------------+
|          Environment          | dpdk_meson_compile | dpdk_msvc_compile | dpdk_compile_spdk | dpdk_compile_ovs |
+===============================+====================+===================+===================+==================+
| Ubuntu 20.04                  | FAIL               | SKIPPED           | SKIPPED           | SKIPPED          |
+-------------------------------+--------------------+-------------------+-------------------+------------------+
| FreeBSD 14.2                  | FAIL               | SKIPPED           | SKIPPED           | SKIPPED          |
+-------------------------------+--------------------+-------------------+-------------------+------------------+
| CentOS Stream 9               | PEND               | SKIPPED           | PEND              | SKIPPED          |
+-------------------------------+--------------------+-------------------+-------------------+------------------+
| CentOS Stream 10              | FAIL               | SKIPPED           | SKIPPED           | SKIPPED          |
+-------------------------------+--------------------+-------------------+-------------------+------------------+
| Debian GNU/Linux 12           | FAIL               | SKIPPED           | WARN              | SKIPPED          |
+-------------------------------+--------------------+-------------------+-------------------+------------------+
| Fedora 40 (Clang)             | PEND               | SKIPPED           | PEND              | SKIPPED          |
+-------------------------------+--------------------+-------------------+-------------------+------------------+
| Fedora 40                     | PEND               | SKIPPED           | PEND              | SKIPPED          |
+-------------------------------+--------------------+-------------------+-------------------+------------------+
| Fedora 41 (Clang)             | PEND               | SKIPPED           | PEND              | PEND             |
+-------------------------------+--------------------+-------------------+-------------------+------------------+
| Fedora 41                     | FAIL               | SKIPPED           | WARN              | WARN             |
+-------------------------------+--------------------+-------------------+-------------------+------------------+
| openSUSE Leap 15.6            | PEND               | SKIPPED           | SKIPPED           | SKIPPED          |
+-------------------------------+--------------------+-------------------+-------------------+------------------+
| Red Hat Enterprise Linux 8.10 | FAIL               | SKIPPED           | SKIPPED           | SKIPPED          |
+-------------------------------+--------------------+-------------------+-------------------+------------------+
| Red Hat Enterprise Linux 9.5  | FAIL               | SKIPPED           | SKIPPED           | SKIPPED          |
+-------------------------------+--------------------+-------------------+-------------------+------------------+
| Ubuntu 22.04                  | FAIL               | SKIPPED           | WARN              | SKIPPED          |
+-------------------------------+--------------------+-------------------+-------------------+------------------+
| Ubuntu 24.04                  | PEND               | SKIPPED           | WARN              | WARN             |
+-------------------------------+--------------------+-------------------+-------------------+------------------+
| Alpine                        | FAIL               | SKIPPED           | SKIPPED           | SKIPPED          |
+-------------------------------+--------------------+-------------------+-------------------+------------------+
| Windows Server 2022           | SKIPPED            | PASS              | SKIPPED           | SKIPPED          |
+-------------------------------+--------------------+-------------------+-------------------+------------------+

==== 20 line log output for Alpine (dpdk_meson_compile): ====
[268/3340] Compiling C object app/dpdk-test-crypto-perf.p/test-crypto-perf_cperf_test_verify.c.o
[269/3340] Compiling C object app/dpdk-test-crypto-perf.p/test-crypto-perf_cperf_test_vectors.c.o
[270/3340] Compiling C object app/dpdk-test-crypto-perf.p/test-crypto-perf_cperf_test_vector_parsing.c.o
[271/3340] Compiling C object app/dpdk-test-crypto-perf.p/test-crypto-perf_cperf_test_throughput.c.o
[272/3340] Compiling C object app/dpdk-test-crypto-perf.p/test-crypto-perf_cperf_test_pmd_cyclecount.c.o
[273/3340] Compiling C object app/dpdk-test-crypto-perf.p/test-crypto-perf_cperf_test_latency.c.o
[274/3340] Compiling C object app/dpdk-test-crypto-perf.p/test-crypto-perf_cperf_test_common.c.o
[275/3340] Compiling C object app/dpdk-test-crypto-perf.p/test-crypto-perf_cperf_options_parsing.c.o
[276/3340] Compiling C object app/dpdk-test-crypto-perf.p/test-crypto-perf_cperf_ops.c.o
[277/3340] Compiling C object app/dpdk-test-compress-perf.p/test-compress-perf_main.c.o
[278/3340] Compiling C object app/dpdk-test-compress-perf.p/test-compress-perf_comp_perf_test_verify.c.o
[279/3340] Compiling C object app/dpdk-test-compress-perf.p/test-compress-perf_comp_perf_test_throughput.c.o
[280/3340] Compiling C object app/dpdk-test-compress-perf.p/test-compress-perf_comp_perf_test_cyclecount.c.o
[281/3340] Compiling C object app/dpdk-test-compress-perf.p/test-compress-perf_comp_perf_test_common.c.o
ninja: job failed: ccache cc -Iapp/dpdk-test-compress-perf.p -Iapp -I../app -Ilib/compressdev -I../lib/compressdev -Ilib/eal/common -I../lib/eal/common -I. -I.. -Iconfig -I../config -Ilib/eal/include -I../lib/eal/include -Ilib/eal/linux/include -I../lib/eal/linux/include -Ilib/eal/x86/include -I../lib/eal/x86/include -I../kernel/linux -Ilib/eal -I../lib/eal -Ilib/kvargs -I../lib/kvargs -Ilib/log -I../lib/log -Ilib/metrics -I../lib/metrics -Ilib/telemetry -I../lib/telemetry -Ilib/mbuf -I../lib/mbuf -Ilib/mempool -I../lib/mempool -Ilib/ring -I../lib/ring -fdiagnostics-color=always -pipe -D_FILE_OFFSET_BITS=64 -Wall -Winvalid-pch -Wextra -Werror -std=c11 -O3 -include rte_config.h -Wvla -Wcast-qual -Wdeprecated -Wformat -Wformat-nonliteral -Wformat-security -Wmissing-declarations -Wmissing-prototypes -Wnested-externs -Wold-style-definition -Wpointer-arith -Wsign-compare -Wstrict-prototypes -Wundef -Wwrite-strings -Wno-packed-not-aligned -Wno-missing-field-initializers -D_GNU_SOURCE -marc
 h=native -mrtm -DALLOW_EXPERIMENTAL_API -MD -MQ app/dpdk-test-compress-perf.p/test-compress-perf_comp_perf_test_common.c.o -MF app/dpdk-test-compress-perf.p/test-compress-perf_comp_perf_test_common.c.o.d -o app/dpdk-test-compress-perf.p/test-compress-perf_comp_perf_test_common.c.o -c ../app/test-compress-perf/comp_perf_test_common.c
../app/test-compress-perf/comp_perf_test_common.c:58:1: error: 'find_buf_size' defined but not used [-Werror=unused-function]
58 | find_buf_size(uint32_t input_size)
| ^~~~~~~~~~~~~
cc1: all warnings being treated as errors
ninja: subcommand failed
==== End log output ====

Ubuntu 20.04
	Kernel: 4.19
	Compiler: gcc gcc (Ubuntu 9.4.0-1ubuntu1~20.04.2) 9.4.0

FreeBSD 14.2
	Kernel: 14.2-RELEASE
	Compiler: clang 18.1.6

CentOS Stream 9
	Kernel: Depends on container host
	Compiler: gcc 11.5.0 20240719 (Red Hat 11.5.0-2)

CentOS Stream 10
	Kernel: Depends on container host
	Compiler: gcc 14.2.1 20241104 (Red Hat 14.2.1-6)

Debian GNU/Linux 12
	Kernel: 5.15
	Compiler: gcc gcc (Debian 12.2.0-14) 12.2.0

Fedora 40 (Clang)
	Kernel: Depends on container host
	Compiler: clang 18.1.8 (Fedora 18.1.8-1.fc40)

Fedora 40
	Kernel: Depends on container host
	Compiler: gcc 14.2.1 20240912 (Red Hat 14.2.1-3)

Fedora 41 (Clang)
	Kernel: Depends on container host
	Compiler: clang 19.1.5 (Fedora 19.1.5-1.fc41)

Fedora 41
	Kernel: Depends on container host
	Compiler: gcc 14.2.1 20240912 (Red Hat 14.2.1-3)

openSUSE Leap 15.6
	Kernel: 5.15
	Compiler: gcc gcc (SUSE Linux) 7.5.0

Red Hat Enterprise Linux 8.10
	Kernel: 5.15
	Compiler: gcc gcc (GCC) 8.5.0 20210514 (Red Hat 8.5.0-22)

Red Hat Enterprise Linux 9.5
	Kernel: 5.15
	Compiler: gcc gcc (GCC) 11.5.0 20240719 (Red Hat 11.5.0-2)

Ubuntu 22.04
	Kernel: 5.15
	Compiler: gcc gcc (Ubuntu 11.4.0-1ubuntu1~22.04) 11.4.0

Ubuntu 24.04
	Kernel: 5.15
	Compiler: gcc gcc (Ubuntu 13.3.0-6ubuntu2~24.04) 13.3.0

Alpine
	Kernel: Depends on container host
	Compiler: gcc (Alpine 14.2.0) 14.2.0

Windows Server 2022
	Kernel: 10.0.20348.2031
	Compiler: clang 15.0.7, gcc 14.1.0 (MinGW), and MSVC VS 19.39.33521

To view detailed results, visit:
https://lab.dpdk.org/results/dashboard/patchsets/33288/

UNH-IOL DPDK Community Lab

To manage your email subscriptions, visit: 
https://lab.dpdk.org/results/dashboard/preferences/subscriptions/