From mboxrd@z Thu Jan  1 00:00:00 1970
Return-Path: <test-report-bounces@dpdk.org>
Received: from mails.dpdk.org (mails.dpdk.org [217.70.189.124])
	by inbox.dpdk.org (Postfix) with ESMTP id 68AF246834
	for <public@inbox.dpdk.org>; Fri, 30 May 2025 22:52:13 +0200 (CEST)
Received: from mails.dpdk.org (localhost [127.0.0.1])
	by mails.dpdk.org (Postfix) with ESMTP id 62F744025A;
	Fri, 30 May 2025 22:52:13 +0200 (CEST)
Received: from mail-qv1-f99.google.com (mail-qv1-f99.google.com
 [209.85.219.99]) by mails.dpdk.org (Postfix) with ESMTP id AF2354025A
 for <test-report@dpdk.org>; Fri, 30 May 2025 22:52:12 +0200 (CEST)
Received: by mail-qv1-f99.google.com with SMTP id
 6a1803df08f44-6fad3400ea3so9202566d6.0
 for <test-report@dpdk.org>; Fri, 30 May 2025 13:52:12 -0700 (PDT)
DKIM-Signature: v=1; a=rsa-sha256; c=relaxed/relaxed;
 d=iol.unh.edu; s=unh-iol; t=1748638332; x=1749243132; darn=dpdk.org;
 h=references:in-reply-to:cc:to:from:subject:message-id:date:from:to
 :cc:subject:date:message-id:reply-to;
 bh=QaNGFxs/XoA94ScuXBxTnZzAtN6xYRo236VSC62GI7E=;
 b=XsRBgK040gZUvUTHOYhTlgUXJDUgV94c55E1M2U02qrI+V90gboeGjGAB0Ax1CZUTS
 UbxeuI9kjuzhB3CLpUIOHx+lAGsZ61Kz5wTbACeo6UgSkQbct+oZufbE2s+OcmruhhfT
 aWWWEI8yMIbCbTHpnjNWOcZc1o1h5hkf5Eczg=
X-Google-DKIM-Signature: v=1; a=rsa-sha256; c=relaxed/relaxed;
 d=1e100.net; s=20230601; t=1748638332; x=1749243132;
 h=references:in-reply-to:cc:to:from:subject:message-id:date
 :x-gm-message-state:from:to:cc:subject:date:message-id:reply-to;
 bh=QaNGFxs/XoA94ScuXBxTnZzAtN6xYRo236VSC62GI7E=;
 b=EH6jG7l/fd3+KuH6Qr8yxPqlET545L9AEgDYx1nU4M0zbghwtJvaehlwpD0suCvXS4
 rCDlHKtoshfaHf02jY6WfIU3SwDnlbfOG5PPf3wGxJx9neQ3Fgm7QcbH6lQT3vQq2Z/0
 FyF18WkpFX8+ID788HlPwmlWaAp2nHWYg16bF73geh9kaBRErWUKVPXKBBuVUqbGw2Rb
 Ikfl1A8p2ew1J/c8L0Vr0f5vXJLKNkB5oQbxWFOwUu0HJtIwls3ndSngzZxfKAVCt4c6
 P6OHqgFhgxnhxpKaEOzZiMysWzgfWILTL6Jwiy+Qoi2G3+7OMdkEEeAeWdM8rnWcpQzI
 WOiA==
X-Gm-Message-State: AOJu0YzLN0klwBgSfU2UZ2w+s95l88BNXl9hUBAlAp3GpaeeMJr08E1O
 GeQy4ox3GivypMxKsIIEK2S8owLf+d5mY3eLe45+WvgByLTUT6oxppOwKL+S/Z8sejqZeJu36E5
 5FWkAznQEeHakvP/HDFfQw54VvkyvSjpeC8o998DJ5QV/Ctq9swm2FpzFJLOa
X-Gm-Gg: ASbGncv81H45JYqv0Hfr36DCS2hUSBW83Xkvd9bInc70zZ7iwHkewVk4AK1XJQOtKdw
 g9yPaXm3Y0IUe3NarZZLAhhiWcgpFrLgO2AtiakyWpRuRTR+3eOPYrYDGTE0/L1IqePZFxVgdFg
 VDK8NXlOQLpjsksJs6M6p3nGNqNT5YnbfekGcT9/hSDnVPXJkq8qv/AlscMrERBLZfuvVWMxfT/
 LBWRornqClYERpmhT+yJ7BU4pfLlrLdOk6UfZ77XIwF3Bkgycb/qz51j/hZrwLTVWVM6nCd9qNV
 yaMgnLzJPON9BtQfhHmicWzSSHGveNjMTDTq
X-Google-Smtp-Source: AGHT+IFQZOjTTysRXMGhucDDmEAopA/tPHLfdPzlOZexPWaKE0m5QhVflPmZqU3uKHYfrbzKDC9UKg6Ujji+
X-Received: by 2002:a05:6214:5281:b0:6f8:a978:d46 with SMTP id
 6a1803df08f44-6facebd5dd8mr88370636d6.19.1748638331958; 
 Fri, 30 May 2025 13:52:11 -0700 (PDT)
Received: from postal.iol.unh.edu (postal.iol.unh.edu.
 [2606:4100:3880:1234::84]) by smtp-relay.gmail.com with ESMTPS id
 6a1803df08f44-6fac6f25f6fsm2159376d6.51.2025.05.30.13.52.11
 (version=TLS1_2 cipher=ECDHE-ECDSA-AES128-GCM-SHA256 bits=128/128);
 Fri, 30 May 2025 13:52:11 -0700 (PDT)
X-Relaying-Domain: iol.unh.edu
Date: Fri, 30 May 2025 13:52:11 -0700 (PDT)
Message-ID: <683a1a7b.0c0a0220.28b8ab.b758SMTPIN_ADDED_MISSING@mx.google.com>
Received: from [172.17.0.2] (unknown [172.18.0.74])
 by postal.iol.unh.edu (Postfix) with ESMTP id A807A6052471;
 Fri, 30 May 2025 16:52:11 -0400 (EDT)
Subject: |FAILURE| pw153887 [PATCH] app/compress-perf: support dictionary fil
From: dpdklab@iol.unh.edu
To: Test Report <test-report@dpdk.org>
Cc: dpdk-test-reports@iol.unh.edu, Sameer Vaze <svaze@qti.qualcomm.com>
In-Reply-To: <20250529171610.2448892-1-svaze@qti.qualcomm.com>
References: <20250529171610.2448892-1-svaze@qti.qualcomm.com>
Content-Type: text/plain
X-BeenThere: test-report@dpdk.org
X-Mailman-Version: 2.1.29
Precedence: list
List-Id: automatic DPDK test reports <test-report.dpdk.org>
List-Unsubscribe: <https://mails.dpdk.org/options/test-report>,
 <mailto:test-report-request@dpdk.org?subject=unsubscribe>
List-Archive: <http://mails.dpdk.org/archives/test-report/>
List-Post: <mailto:test-report@dpdk.org>
List-Help: <mailto:test-report-request@dpdk.org?subject=help>
List-Subscribe: <https://mails.dpdk.org/listinfo/test-report>,
 <mailto:test-report-request@dpdk.org?subject=subscribe>
Errors-To: test-report-bounces@dpdk.org

Test-Label: iol-compile-arm64-testing
Test-Status: FAILURE
http://dpdk.org/patch/153887

_Testing issues_

Submitter: Sameer Vaze <svaze@qti.qualcomm.com>
Date: Thursday, May 29 2025 17:16:10 
DPDK git baseline: Repo:dpdk
  Branch: master
  CommitID:d5968c8a2b355a083db1d2f4f00334760389b54c

153887 --> testing issues

Upstream job id: Generic-DPDK-Compile-Meson#393084

Test environment and result as below:

+------------------------------+--------------------+
|         Environment          | dpdk_meson_compile |
+==============================+====================+
| Red Hat Enterprise Linux 9.5 | FAIL               |
+------------------------------+--------------------+
| Ubuntu 20.04                 | FAIL               |
+------------------------------+--------------------+
| Debian GNU/Linux 12          | PEND               |
+------------------------------+--------------------+
| Fedora 40 (ARM)              | FAIL               |
+------------------------------+--------------------+
| Fedora 40 (ARM Clang)        | PEND               |
+------------------------------+--------------------+
| Fedora 41 (ARM)              | FAIL               |
+------------------------------+--------------------+
| Fedora 41 (ARM Clang)        | PEND               |
+------------------------------+--------------------+
| Ubuntu 22.04                 | FAIL               |
+------------------------------+--------------------+
| Ubuntu 24.04                 | FAIL               |
+------------------------------+--------------------+
| CentOS Stream 9 (ARM)        | FAIL               |
+------------------------------+--------------------+
| CentOS Stream 10 (ARM)       | FAIL               |
+------------------------------+--------------------+

==== 20 line log output for CentOS Stream 10 (ARM) (dpdk_meson_compile): ====
|         ^~~~~~~~~~~~
../drivers/compress/zlib/zlib_pmd.c:419:33: note: in expansion of macro 'ZLIB_PMD_ERR'
419 |                                 ZLIB_PMD_ERR("Deflate set dictionary failed\n");
|                                 ^~~~~~~~~~~~
../lib/log/rte_log.h:364:9: error: static assertion failed: "This log format string contains a \\n"
364 |         static_assert(!__builtin_strchr(fmt, '\n'), \
|         ^~~~~~~~~~~~~
../lib/log/rte_log.h:445:9: note: in expansion of macro 'RTE_LOG_CHECK_NO_NEWLINE'
445 |         RTE_LOG_CHECK_NO_NEWLINE(RTE_FMT_HEAD(prefix __VA_ARGS__ ,)); \
|         ^~~~~~~~~~~~~~~~~~~~~~~~
../drivers/compress/zlib/zlib_pmd_private.h:20:9: note: in expansion of macro 'RTE_LOG_LINE_PREFIX'
20 |         RTE_LOG_LINE_PREFIX(level, ZLIB_DRIVER, "%s(): ", __func__, __VA_ARGS__)
|         ^~~~~~~~~~~~~~~~~~~
../drivers/compress/zlib/zlib_pmd_private.h:25:9: note: in expansion of macro 'ZLIB_PMD_LOG'
25 |         ZLIB_PMD_LOG(ERR, fmt, ## __VA_ARGS__)
|         ^~~~~~~~~~~~
../drivers/compress/zlib/zlib_pmd.c:450:33: note: in expansion of macro 'ZLIB_PMD_ERR'
450 |                                 ZLIB_PMD_ERR("inflate set dictionary failed\n");
|                                 ^~~~~~~~~~~~
ninja: build stopped: subcommand failed.
==== End log output ====

Red Hat Enterprise Linux 9.5
	Kernel: 5.4
	Compiler: gcc gcc (GCC) 11.5.0 20240719 (Red Hat 11.5.0-2)

Ubuntu 20.04
	Kernel: 5.4
	Compiler: gcc gcc (Ubuntu 9.4.0-1ubuntu1~20.04.2) 9.4.0

Debian GNU/Linux 12
	Kernel: 5.4
	Compiler: gcc gcc (Debian 12.2.0-14) 12.2.0

Fedora 40 (ARM)
	Kernel: Depends on container host
	Compiler: gcc 14.2.1 20240912 (Red Hat 14.2.1-3)

Fedora 40 (ARM Clang)
	Kernel: Depends on container host
	Compiler: clang 18.1.8 (Fedora 18.1.8-1.fc40)

Fedora 41 (ARM)
	Kernel: Depends on container host
	Compiler: gcc 14.2.1 20240912 (Red Hat 14.2.1-3)

Fedora 41 (ARM Clang)
	Kernel: Depends on container host
	Compiler: clang 19.1.5 (Fedora 19.1.5-1.fc41)

Ubuntu 22.04
	Kernel: 5.4
	Compiler: gcc gcc (Ubuntu 11.4.0-1ubuntu1~22.04) 11.4.0

Ubuntu 24.04
	Kernel: 5.4
	Compiler: gcc gcc (Ubuntu 13.3.0-6ubuntu2~24.04) 13.3.0

CentOS Stream 9 (ARM)
	Kernel: Depends on container host
	Compiler: gcc 11.5.0 20240719 (Red Hat 11.5.0-2)

CentOS Stream 10 (ARM)
	Kernel: Depends on container host
	Compiler: gcc 14.2.1 20241104 (Red Hat 14.2.1-6)

To view detailed results, visit:
https://lab.dpdk.org/results/dashboard/patchsets/33288/

UNH-IOL DPDK Community Lab

To manage your email subscriptions, visit: 
https://lab.dpdk.org/results/dashboard/preferences/subscriptions/