From mboxrd@z Thu Jan  1 00:00:00 1970
Return-Path: <test-report-bounces@dpdk.org>
Received: from mails.dpdk.org (mails.dpdk.org [217.70.189.124])
	by inbox.dpdk.org (Postfix) with ESMTP id 392F74688E
	for <public@inbox.dpdk.org>; Thu,  5 Jun 2025 19:41:34 +0200 (CEST)
Received: from mails.dpdk.org (localhost [127.0.0.1])
	by mails.dpdk.org (Postfix) with ESMTP id 1A3AF40150;
	Thu,  5 Jun 2025 19:41:34 +0200 (CEST)
Received: from mail-qv1-f97.google.com (mail-qv1-f97.google.com
 [209.85.219.97]) by mails.dpdk.org (Postfix) with ESMTP id 5B57740150
 for <test-report@dpdk.org>; Thu,  5 Jun 2025 19:41:32 +0200 (CEST)
Received: by mail-qv1-f97.google.com with SMTP id
 6a1803df08f44-6fabb948e5aso14056486d6.1
 for <test-report@dpdk.org>; Thu, 05 Jun 2025 10:41:32 -0700 (PDT)
DKIM-Signature: v=1; a=rsa-sha256; c=relaxed/relaxed;
 d=iol.unh.edu; s=unh-iol; t=1749145291; x=1749750091; darn=dpdk.org;
 h=references:in-reply-to:cc:to:from:subject:message-id:date:from:to
 :cc:subject:date:message-id:reply-to;
 bh=VBFULVeqTyp/QOFMvTcN2fUl6JOxt1WXljLpl3Iv9us=;
 b=EWQbiQgsVzJCHjmYIItmTbBahBr8wonj7pQun2XsTftY+tLAZV6X22b5XxIG/mzd26
 VeuvDHMV2RhF3YdCy12iT6Rsc4QxWYk5ec0w8z4E5/Nt/nIsNh3OffseHgXhHaciijYl
 AIf4wfW9H9ntgbqVcrBdPXnyeYUIGa8FdOJbo=
X-Google-DKIM-Signature: v=1; a=rsa-sha256; c=relaxed/relaxed;
 d=1e100.net; s=20230601; t=1749145291; x=1749750091;
 h=references:in-reply-to:cc:to:from:subject:message-id:date
 :x-gm-message-state:from:to:cc:subject:date:message-id:reply-to;
 bh=VBFULVeqTyp/QOFMvTcN2fUl6JOxt1WXljLpl3Iv9us=;
 b=ZPUG4lGjJskGEVOD6NjWbyvNlhRH0aB/N/gLxUXdxGSmmHR8Ho+ONfE4jni8RhjjB5
 g9Rjt4xVzgWEVKDuolk4x6anW30qREPI41XRYRuDwVuhPQ1mZQurkUcRgVUAPOATLtIP
 Fgo/n8zxc9cdUFry/fFtqzBjkBtCTMXu0VPehKs2HmMF7jx5zaq3dREZCdwTKd1Nds1K
 9Cl/1blxt8jhn9xv8N3cT55lzfUQ3AUjLWNZPrm1GJKjqBPMfHTjZe4+/koxdTLTLjfA
 Gg3ho48qSEeWfxHg8P+H7X5IYY0XYlxpz87uZS0CjFczLHcjGTQsW1hrVSpQATos7wqW
 Ru+Q==
X-Gm-Message-State: AOJu0YynTt6tCoAzC8PX+/FZmLAcXhVMvQ2SeuTSu1l6PX1mKTE4aHfc
 imMubhmZ9p1BiMOZWnPI2qU+CKa9zW8sB0+88ln+zEM/cTDlzLeO0zTTCJ0dj2tsBAKOSVy8jVF
 18RgUYkn1nne6y0ziG4ubYR3X7+xttLv9H+lNy7qvdOyGJw+dbe0g+3I6lTlg
X-Gm-Gg: ASbGnctLJmVMeYG5MO0YJXDm6/0fZiBiGrQzfMSDyVV0rjw6r76+QQtVg1aLHjkg8Gl
 fixOvaIY0dpMI+Hs70QW+tqhYgg6cC206qUOwYVtksgHYZ3OF0ZpIcq0iiJuECR0RsI92L0tGyV
 30qpeUxrYcuFsvPWK8oOn76jPWXHwlEpQVidGc0JRI+/Zb0hr/pQSGqh0nCvBIKjwbncm3+8Xeo
 FrCx+utbSYyAcQH4Xrs9NTB91gjOWJnlQnhVZXK6FnRYfEVuhyh4vzJXz9AOvpuezqqAIdqneJ3
 QhoKdDjg+IYcgla466yIs+nPUYMLJ00BwEqF
X-Google-Smtp-Source: AGHT+IE8N3mPBXv9UXabX9ZhOOiDfsyYmgWwpcCkrZmGZrghlu/w7yzjdGzRekSSEi1Tm5RhE7gzbMJgOECU
X-Received: by 2002:ad4:5ded:0:b0:6fa:fc96:d10a with SMTP id
 6a1803df08f44-6fb08ff86f4mr4973536d6.27.1749145291599; 
 Thu, 05 Jun 2025 10:41:31 -0700 (PDT)
Received: from postal.iol.unh.edu (postal.iol.unh.edu.
 [2606:4100:3880:1234::84]) by smtp-relay.gmail.com with ESMTPS id
 6a1803df08f44-6fac6e22a50sm8279746d6.20.2025.06.05.10.41.31
 (version=TLS1_2 cipher=ECDHE-ECDSA-AES128-GCM-SHA256 bits=128/128);
 Thu, 05 Jun 2025 10:41:31 -0700 (PDT)
X-Relaying-Domain: iol.unh.edu
Date: Thu, 05 Jun 2025 10:41:31 -0700 (PDT)
Message-ID: <6841d6cb.d40a0220.1a75ea.ab89SMTPIN_ADDED_MISSING@mx.google.com>
Received: from [172.21.0.6] (unknown [172.18.0.240])
 by postal.iol.unh.edu (Postfix) with ESMTP id 55AF36052471;
 Thu,  5 Jun 2025 13:41:31 -0400 (EDT)
Subject: |FAILURE| pw154054 [PATCH] ethdev: add support to provide link type
From: dpdklab@iol.unh.edu
To: Test Report <test-report@dpdk.org>
Cc: dpdk-test-reports@iol.unh.edu, Sunil Kumar Kori <skori@marvell.com>
In-Reply-To: <20250605113159.3035480-1-skori@marvell.com>
References: <20250605113159.3035480-1-skori@marvell.com>
Content-Type: text/plain
X-BeenThere: test-report@dpdk.org
X-Mailman-Version: 2.1.29
Precedence: list
List-Id: automatic DPDK test reports <test-report.dpdk.org>
List-Unsubscribe: <https://mails.dpdk.org/options/test-report>,
 <mailto:test-report-request@dpdk.org?subject=unsubscribe>
List-Archive: <http://mails.dpdk.org/archives/test-report/>
List-Post: <mailto:test-report@dpdk.org>
List-Help: <mailto:test-report-request@dpdk.org?subject=help>
List-Subscribe: <https://mails.dpdk.org/listinfo/test-report>,
 <mailto:test-report-request@dpdk.org?subject=subscribe>
Errors-To: test-report-bounces@dpdk.org

Test-Label: iol-unit-amd64-testing
Test-Status: FAILURE
http://dpdk.org/patch/154054

_Testing issues_

Submitter: Sunil Kumar Kori <skori@marvell.com>
Date: Thursday, June 05 2025 11:31:51 
DPDK git baseline: Repo:dpdk
  Branch: master
  CommitID:43e69720f82e219424d763f7efc6cdc2e809c2ee

154054 --> testing issues

Upstream job id: Generic-Unit-Test-DPDK#343484

Test environment and result as below:

+-------------------------------+----------------+
|          Environment          | dpdk_unit_test |
+===============================+================+
| CentOS Stream 10              | FAIL           |
+-------------------------------+----------------+
| Debian GNU/Linux 12           | FAIL           |
+-------------------------------+----------------+
| Fedora 40                     | FAIL           |
+-------------------------------+----------------+
| CentOS Stream 9               | FAIL           |
+-------------------------------+----------------+
| Fedora 41                     | FAIL           |
+-------------------------------+----------------+
| Ubuntu 20.04                  | PASS           |
+-------------------------------+----------------+
| Fedora 41 (Clang)             | FAIL           |
+-------------------------------+----------------+
| Red Hat Enterprise Linux 9.5  | FAIL           |
+-------------------------------+----------------+
| Ubuntu 22.04                  | FAIL           |
+-------------------------------+----------------+
| Red Hat Enterprise Linux 8.10 | FAIL           |
+-------------------------------+----------------+
| Fedora 40 (Clang)             | FAIL           |
+-------------------------------+----------------+
| Ubuntu 24.04                  | FAIL           |
+-------------------------------+----------------+
| Windows Server 2022           | FAIL           |
+-------------------------------+----------------+

==== Unit test summary for Windows Server 2022 (dpdk_unit_test): ====
Failed to get the unit test results.
Displaying the unit test results is not supported for some environments,
such as our aarch32 testing, where meson is not used to run the tests.
Download the logs available on our CI site.
==== End log output ====

CentOS Stream 10
	Kernel: Depends on container host
	Compiler: gcc 14.2.1 20241104 (Red Hat 14.2.1-6)

Debian GNU/Linux 12
	Kernel: 5.15
	Compiler: gcc gcc (Debian 12.2.0-14) 12.2.0

Fedora 40
	Kernel: Depends on container host
	Compiler: gcc 14.2.1 20240912 (Red Hat 14.2.1-3)

CentOS Stream 9
	Kernel: Depends on container host
	Compiler: gcc 11.5.0 20240719 (Red Hat 11.5.0-2)

Fedora 41
	Kernel: Depends on container host
	Compiler: gcc 14.2.1 20240912 (Red Hat 14.2.1-3)

Ubuntu 20.04
	Kernel: 5.15
	Compiler: gcc gcc (Ubuntu 9.4.0-1ubuntu1~20.04.2) 9.4.0

Fedora 41 (Clang)
	Kernel: Depends on container host
	Compiler: clang 19.1.5 (Fedora 19.1.5-1.fc41)

Red Hat Enterprise Linux 9.5
	Kernel: 5.15
	Compiler: gcc gcc (GCC) 11.5.0 20240719 (Red Hat 11.5.0-2)

Ubuntu 22.04
	Kernel: 5.15
	Compiler: gcc gcc (Ubuntu 11.4.0-1ubuntu1~22.04) 11.4.0

Red Hat Enterprise Linux 8.10
	Kernel: 5.15
	Compiler: gcc gcc (GCC) 8.5.0 20210514 (Red Hat 8.5.0-22)

Fedora 40 (Clang)
	Kernel: Depends on container host
	Compiler: clang 18.1.8 (Fedora 18.1.8-1.fc40)

Ubuntu 24.04
	Kernel: 5.15
	Compiler: gcc gcc (Ubuntu 13.3.0-6ubuntu2~24.04) 13.3.0

Windows Server 2022
	Kernel: 10.0.20348.2031
	Compiler: clang 15.0.7, gcc 14.1.0 (MinGW), and MSVC VS 19.39.33521

To view detailed results, visit:
https://lab.dpdk.org/results/dashboard/patchsets/33331/

UNH-IOL DPDK Community Lab

To manage your email subscriptions, visit: 
https://lab.dpdk.org/results/dashboard/preferences/subscriptions/