From mboxrd@z Thu Jan  1 00:00:00 1970
Return-Path: <test-report-bounces@dpdk.org>
Received: from mails.dpdk.org (mails.dpdk.org [217.70.189.124])
	by inbox.dpdk.org (Postfix) with ESMTP id 00D1746896
	for <public@inbox.dpdk.org>; Fri,  6 Jun 2025 23:13:06 +0200 (CEST)
Received: from mails.dpdk.org (localhost [127.0.0.1])
	by mails.dpdk.org (Postfix) with ESMTP id E9D73400D5;
	Fri,  6 Jun 2025 23:13:06 +0200 (CEST)
Received: from mail-il1-f225.google.com (mail-il1-f225.google.com
 [209.85.166.225])
 by mails.dpdk.org (Postfix) with ESMTP id CB61D400D5
 for <test-report@dpdk.org>; Fri,  6 Jun 2025 23:13:05 +0200 (CEST)
Received: by mail-il1-f225.google.com with SMTP id
 e9e14a558f8ab-3dc8265b9b5so20166655ab.1
 for <test-report@dpdk.org>; Fri, 06 Jun 2025 14:13:05 -0700 (PDT)
DKIM-Signature: v=1; a=rsa-sha256; c=relaxed/relaxed;
 d=iol.unh.edu; s=unh-iol; t=1749244385; x=1749849185; darn=dpdk.org;
 h=references:in-reply-to:cc:to:from:subject:message-id:date:from:to
 :cc:subject:date:message-id:reply-to;
 bh=jIF/Dirh0onvvFhIxfzMhVyg7XBkwTk8nZZTHTcgZEA=;
 b=iXfQ6cUL45JLzEwyYjri31SwDXf0N8b7uJy8WBq44t87uCiIFOIyHlEhuwDD/oAksz
 HXjek4g6LIaHlp1q03VPX7iZGHBjJYAzkUoZ5UVxKtYKNlUvD8DGPga7dvF/5XNh7HCN
 OX9gvFRplm67ybVROjUXnApHyl58TrkvXAAeE=
X-Google-DKIM-Signature: v=1; a=rsa-sha256; c=relaxed/relaxed;
 d=1e100.net; s=20230601; t=1749244385; x=1749849185;
 h=references:in-reply-to:cc:to:from:subject:message-id:date
 :x-gm-message-state:from:to:cc:subject:date:message-id:reply-to;
 bh=jIF/Dirh0onvvFhIxfzMhVyg7XBkwTk8nZZTHTcgZEA=;
 b=fmJ1/uZ06qdqeJJvBFQVFLi2OgRl+mjtBwFuL97gtC/54cmfOk3GF4bcAbzBGNsVwk
 RJA3Fzd2bWXFpy8NMmEMyR02C7qAcHWWg4i+bCENl3Iu39yOymy9Va/ZqQ5q8Lc9sI0R
 cdmpfiDeG/HN2oBf0OM62hueZ1llPsqUrYVTjfOtE9NV7d772yfQaIuPe2RYObrWa1S9
 QxGWeAPyAkUUekC2bE2P2oMwXhivgQn8equsen2DVBsDkDsrEkAcHp1TymIXmnEji8b4
 jXikt2Chc9c9j00ND5Y8R+wSFsnN4XDi4tSIPD65pjFCbRVBcWvc80DjgnOUItfMD4kK
 NJaQ==
X-Gm-Message-State: AOJu0Yw6Y7ZdWAH+APP8+MZH24ywHZGSSi6OQzbAq8a9r4NsFsvLer/p
 K9NbMPTgX9jF5k+/kJWvUWx2O9baRpmtl0CstzYbxf2+7lYnfkP+LOX6x+b0OIVZ/wUdbTp8yaT
 i6mkhg0PEIGMYE+YWlov5e9SaupHSddB5X8bkiWpq0FmC
X-Gm-Gg: ASbGncvklHPcXV+8ESHX+PBQmKh3QVZ5EhGayAveaUgFBlQbgM3qroAHPq1h+wJ3Rlc
 /EPFUG85sDAE2VDKe3OIFuVUmQjxA5qISs3SYRQM+kqNWI25qEHzr38MKBtVeI/0yJ2b2z7hfl0
 jAAHkLrdbwghWJeXWB+hamYsKBd00voN3ia/fYlgK5lDFqBDYH6FRnqPBhaTSirpUog/eBY+Peu
 3wubLUTkfMfGvKiV/fcqCRGi4I9XFc4DDv/+SVUxMkuUJqihVUY7i2SJJZ2UFmZMu/wyxTFJAOu
 k8KVG/lmJ1NTeFwhxmorOqH8I0CrDq4WGyXpYw6Iz/4hdLx1uBVDSBpzlnM=
X-Google-Smtp-Source: AGHT+IErJYLy5LA3o2qxeFp8dggLaZ9j0yYa1l/SQKiez/ig1CC2tJELWk/U8dAVPRWfBdGDJTDABuxlVNAd
X-Received: by 2002:a05:6e02:5e0a:b0:3dd:d321:79ab with SMTP id
 e9e14a558f8ab-3ddd3218408mr27290265ab.18.1749244385121; 
 Fri, 06 Jun 2025 14:13:05 -0700 (PDT)
Received: from postal.iol.unh.edu (postal.iol.unh.edu. [132.177.123.84])
 by smtp-relay.gmail.com with ESMTPS id
 e9e14a558f8ab-3ddcf25b9fesm1265845ab.67.2025.06.06.14.13.05
 (version=TLS1_2 cipher=ECDHE-ECDSA-AES128-GCM-SHA256 bits=128/128);
 Fri, 06 Jun 2025 14:13:05 -0700 (PDT)
X-Relaying-Domain: iol.unh.edu
Date: Fri, 06 Jun 2025 14:13:05 -0700 (PDT)
Message-ID: <684359e1.920a0220.10f6d1.5e85SMTPIN_ADDED_MISSING@mx.google.com>
Received: from [172.21.0.5] (unknown [172.18.0.240])
 by postal.iol.unh.edu (Postfix) with ESMTP id 8EF6D6029BAB;
 Fri,  6 Jun 2025 17:13:04 -0400 (EDT)
Subject: |FAILURE| pw154093-154094 [PATCH] [v3,2/2] test/dma: add functions t
From: dpdklab@iol.unh.edu
To: Test Report <test-report@dpdk.org>
Cc: dpdk-test-reports@iol.unh.edu, Vidya Sagar Velumuri <vvelumuri@marvell.com>
In-Reply-To: <20250606094031.2961842-2-vvelumuri@marvell.com>
References: <20250606094031.2961842-2-vvelumuri@marvell.com>
Content-Type: text/plain
X-BeenThere: test-report@dpdk.org
X-Mailman-Version: 2.1.29
Precedence: list
List-Id: automatic DPDK test reports <test-report.dpdk.org>
List-Unsubscribe: <https://mails.dpdk.org/options/test-report>,
 <mailto:test-report-request@dpdk.org?subject=unsubscribe>
List-Archive: <http://mails.dpdk.org/archives/test-report/>
List-Post: <mailto:test-report@dpdk.org>
List-Help: <mailto:test-report-request@dpdk.org?subject=help>
List-Subscribe: <https://mails.dpdk.org/listinfo/test-report>,
 <mailto:test-report-request@dpdk.org?subject=subscribe>
Errors-To: test-report-bounces@dpdk.org

Test-Label: iol-unit-arm64-testing
Test-Status: FAILURE
http://dpdk.org/patch/154094

_Testing issues_

Submitter: Vidya Sagar Velumuri <vvelumuri@marvell.com>
Date: Friday, June 06 2025 09:40:31 
DPDK git baseline: Repo:dpdk
  Branch: master
  CommitID:3c440cdfe87a2925af1be023e66bdf0bffc423a4

154093-154094 --> testing issues

Upstream job id: Generic-Unit-Test-DPDK#343780

Test environment and result as below:

+------------------------------+---------------------------+--------------+------------------------------+----------------+
|         Environment          | cryptodev_sw_zuc_autotest | lpm_autotest | cryptodev_sw_snow3g_autotest | dpdk_unit_test |
+==============================+===========================+==============+==============================+================+
| Debian 12 (arm)              | PASS                      | SKIPPED      | PASS                         | SKIPPED        |
+------------------------------+---------------------------+--------------+------------------------------+----------------+
| Ubuntu 20.04                 | SKIPPED                   | PASS         | SKIPPED                      | PASS           |
+------------------------------+---------------------------+--------------+------------------------------+----------------+
| CentOS Stream 9 (ARM)        | SKIPPED                   | SKIPPED      | SKIPPED                      | PASS           |
+------------------------------+---------------------------+--------------+------------------------------+----------------+
| Fedora 40 (ARM Clang)        | SKIPPED                   | SKIPPED      | SKIPPED                      | PASS           |
+------------------------------+---------------------------+--------------+------------------------------+----------------+
| Debian GNU/Linux 12          | SKIPPED                   | SKIPPED      | SKIPPED                      | FAIL           |
+------------------------------+---------------------------+--------------+------------------------------+----------------+
| Fedora 40 (ARM)              | SKIPPED                   | SKIPPED      | SKIPPED                      | PASS           |
+------------------------------+---------------------------+--------------+------------------------------+----------------+
| CentOS Stream 10 (ARM)       | SKIPPED                   | SKIPPED      | SKIPPED                      | PASS           |
+------------------------------+---------------------------+--------------+------------------------------+----------------+
| Fedora 41 (ARM)              | SKIPPED                   | SKIPPED      | SKIPPED                      | PASS           |
+------------------------------+---------------------------+--------------+------------------------------+----------------+
| Ubuntu 22.04                 | SKIPPED                   | SKIPPED      | SKIPPED                      | PASS           |
+------------------------------+---------------------------+--------------+------------------------------+----------------+
| Fedora 41 (ARM Clang)        | SKIPPED                   | SKIPPED      | SKIPPED                      | PASS           |
+------------------------------+---------------------------+--------------+------------------------------+----------------+
| Red Hat Enterprise Linux 9.5 | SKIPPED                   | SKIPPED      | SKIPPED                      | PASS           |
+------------------------------+---------------------------+--------------+------------------------------+----------------+
| Ubuntu 24.04                 | SKIPPED                   | SKIPPED      | SKIPPED                      | PASS           |
+------------------------------+---------------------------+--------------+------------------------------+----------------+

==== Unit test summary for Debian GNU/Linux 12 (dpdk_unit_test): ====
ninja: Entering directory `/home-local/jenkins-local/jenkins-agent/workspace/Generic-Unit-Test-DPDK/dpdk/build'
ninja: no work to do.
  1/119 DPDK:fast-tests / acl_autotest                   OK               9.02s
  2/119 DPDK:fast-tests / alarm_autotest                 OK               1.36s
  3/119 DPDK:fast-tests / argparse_autotest              OK               0.34s
  4/119 DPDK:fast-tests / atomic_autotest                OK               9.71s
  5/119 DPDK:fast-tests / bitcount_autotest              OK               0.37s
  6/119 DPDK:fast-tests / bitmap_autotest                OK               0.34s
  7/119 DPDK:fast-tests / bitops_autotest                OK               1.92s
  8/119 DPDK:fast-tests / bitratestats_autotest          OK               0.43s
  9/119 DPDK:fast-tests / bitset_autotest                OK               5.56s
 10/119 DPDK:fast-tests / bpf_autotest                   OK               0.33s
 11/119 DPDK:fast-tests / bpf_convert_autotest           OK               0.35s
 12/119 DPDK:fast-tests / byteorder_autotest             OK               0.34s
 13/119 DPDK:fast-tests / cfgfile_autotest               OK               0.33s
 14/119 DPDK:fast-tests / cksum_autotest                 OK               0.33s
 15/119 DPDK:fast-tests / cmdline_autotest               OK               0.33s
 16/119 DPDK:fast-tests / common_autotest                OK               2.24s
 17/119 DPDK:fast-tests / compressdev_autotest           SKIP             0.23s   exit status 77
 18/119 DPDK:fast-tests / cpuflags_autotest              OK               0.41s
 19/119 DPDK:fast-tests / crc_autotest                   OK               0.34s
 20/119 DPDK:fast-tests / user_delay_us                  OK               0.33s
 21/119 DPDK:fast-tests / debug_autotest                 OK               1.89s
 22/119 DPDK:fast-tests / devargs_autotest               OK               0.33s
 23/119 DPDK:fast-tests / dispatcher_autotest            OK               5.13s
 24/119 DPDK:fast-tests / distributor_autotest           OK               1.13s
 25/119 DPDK:fast-tests / eal_flags_c_opt_autotest       OK               3.64s
 26/119 DPDK:fast-tests / eal_flags_main_opt_autotest    OK               0.98s
 27/119 DPDK:fast-tests / eal_flags_n_opt_autotest       OK               0.84s
 28/119 DPDK:fast-tests / eal_flags_hpet_autotest        OK               0.47s
 29/119 DPDK:fast-tests / eal_flags_no_huge_autotest     OK               0.97s
 30/119 DPDK:fast-tests / eal_flags_a_opt_autotest       OK               1.37s
 31/119 DPDK:fast-tests / eal_flags_b_opt_autotest       OK               1.15s
 32/119 DPDK:fast-tests / eal_flags_vdev_opt_autotest    OK               0.80s
 33/119 DPDK:fast-tests / eal_flags_r_opt_autotest       OK               0.79s
 34/119 DPDK:fast-tests / eal_flags_mem_autotest         OK               1.22s
 35/119 DPDK:fast-tests / eal_flags_file_prefix_autotest OK               3.29s
 36/119 DPDK:fast-tests / eal_flags_misc_autotest        OK               4.43s
 37/119 DPDK:fast-tests / eal_fs_autotest                OK               0.37s
 38/119 DPDK:fast-tests / errno_autotest                 OK               0.33s
 39/119 DPDK:fast-tests / ethdev_link_status             OK               0.34s
 40/119 DPDK:fast-tests / event_eth_tx_adapter_autotest  OK               2.22s
 41/119 DPDK:fast-tests / event_ring_autotest            OK               0.37s
 42/119 DPDK:fast-tests / eventdev_common_autotest       OK               0.34s
 43/119 DPDK:fast-tests / eventdev_selftest_sw           OK              21.81s
 44/119 DPDK:fast-tests / fbarray_autotest               OK               0.32s
 45/119 DPDK:fast-tests / fib_autotest                   OK               1.83s
 46/119 DPDK:fast-tests / fib6_autotest                  OK               1.65s
 47/119 DPDK:fast-tests / func_reentrancy_autotest       OK               1.47s
 48/119 DPDK:fast-tests / graph_autotest                 OK               0.38s
 49/119 DPDK:fast-tests / node_list_dump                 OK               0.32s
 50/119 DPDK:fast-tests / hash_autotest                  OK               1.20s
 51/119 DPDK:fast-tests / hash_readwrite_func_autotest   OK              15.21s
 52/119 DPDK:fast-tests / interrupt_autotest             OK               1.38s
 53/119 DPDK:fast-tests / ipfrag_autotest                OK               0.19s
 54/119 DPDK:fast-tests / ipsec_autotest                 SKIP             0.37s   exit status 77
 55/119 DPDK:fast-tests / kvargs_autotest                OK               0.33s
 56/119 DPDK:fast-tests / latencystats_autotest          OK               0.34s
 57/119 DPDK:fast-tests / lcore_var_autotest             OK               1.31s
 58/119 DPDK:fast-tests / lcores_autotest                OK               6.06s
 59/119 DPDK:fast-tests / logs_autotest                  OK               0.33s
 60/119 DPDK:fast-tests / lpm_autotest                   OK               3.34s
 61/119 DPDK:fast-tests / lpm6_autotest                  OK               9.82s
 62/119 DPDK:fast-tests / malloc_autotest                OK               0.88s
 63/119 DPDK:fast-tests / mbuf_autotest                  OK               4.86s
 64/119 DPDK:fast-tests / mcslock_autotest               OK               1.62s
 65/119 DPDK:fast-tests / member_autotest                OK               2.80s
 66/119 DPDK:fast-tests / memcpy_autotest                OK              12.69s
 67/119 DPDK:fast-tests / memory_autotest                OK               0.19s
 68/119 DPDK:fast-tests / mempool_autotest               OK               0.76s
 69/119 DPDK:fast-tests / memzone_autotest               OK               0.21s
 70/119 DPDK:fast-tests / meter_autotest                 OK               0.37s
 71/119 DPDK:fast-tests / metrics_autotest               OK               0.33s
 72/119 DPDK:fast-tests / multiprocess_autotest          OK               0.74s
 73/119 DPDK:fast-tests / net_ether_autotest             OK               1.97s
 74/119 DPDK:fast-tests / net_ipv6_autotest              OK               0.34s
 75/119 DPDK:fast-tests / pcapng_autotest                FAIL             7.18s   (exit status 255 or signal 127 SIGinvalid)
>>> MALLOC_PERTURB_=116 DPDK_TEST=pcapng_autotest /home-local/jenkins-local/jenkins-agent/workspace/Generic-Unit-Test-DPDK/dpdk/build/app/dpdk-test --no-huge -m 2048

 76/119 DPDK:fast-tests / pdcp_autotest                  SKIP             0.19s   exit status 77
 77/119 DPDK:fast-tests / pdump_autotest                 OK               0.94s
 78/119 DPDK:fast-tests / per_lcore_autotest             OK               0.43s
 79/119 DPDK:fast-tests / pflock_autotest                OK               0.69s
 80/119 DPDK:fast-tests / pie_autotest                   OK               0.33s
 81/119 DPDK:fast-tests / ring_pmd_autotest              OK               0.35s
 82/119 DPDK:fast-tests / power_autotest                 OK               0.33s
 83/119 DPDK:fast-tests / power_cpufreq_autotest         SKIP             0.19s   exit status 77
 84/119 DPDK:fast-tests / power_intel_uncore_autotest    SKIP             0.36s   exit status 77
 85/119 DPDK:fast-tests / power_kvm_vm_autotest          SKIP             0.19s   exit status 77
 86/119 DPDK:fast-tests / prefetch_autotest              OK               0.36s
 87/119 DPDK:fast-tests / ptr_compress_autotest          OK               0.33s
 88/119 DPDK:fast-tests / rawdev_autotest                OK               0.34s
 89/119 DPDK:fast-tests / rcu_qsbr_autotest              OK               1.33s
 90/119 DPDK:fast-tests / reorder_autotest               OK               0.88s
 91/119 DPDK:fast-tests / rib_autotest                   OK               8.14s
 92/119 DPDK:fast-tests / rib6_autotest                  OK               8.16s
 93/119 DPDK:fast-tests / ring_autotest                  OK               0.38s
 94/119 DPDK:fast-tests / rwlock_test1_autotest          OK               0.70s
 95/119 DPDK:fast-tests / rwlock_rda_autotest            OK               5.32s
 96/119 DPDK:fast-tests / rwlock_rds_wrm_autotest        OK               5.40s
 97/119 DPDK:fast-tests / rwlock_rde_wro_autotest        OK               5.33s
 98/119 DPDK:fast-tests / sched_autotest                 OK               0.36s
 99/119 DPDK:fast-tests / security_autotest              OK               0.19s
100/119 DPDK:fast-tests / seqlock_autotest               OK               2.37s
101/119 DPDK:fast-tests / service_autotest               OK               3.03s
102/119 DPDK:fast-tests / soring_autotest                OK               0.35s
103/119 DPDK:fast-tests / spinlock_autotest              OK               0.37s
104/119 DPDK:fast-tests / stack_autotest                 OK               0.75s
105/119 DPDK:fast-tests / stack_lf_autotest              OK               0.66s
106/119 DPDK:fast-tests / string_autotest                OK               0.37s
107/119 DPDK:fast-tests / table_autotest                 OK              14.63s
108/119 DPDK:fast-tests / tailq_autotest                 OK               0.33s
109/119 DPDK:fast-tests / telemetry_data_autotest        OK               0.33s
110/119 DPDK:fast-tests / telemetry_json_autotest        OK               0.33s
111/119 DPDK:fast-tests / thash_autotest                 OK               0.36s
112/119 DPDK:fast-tests / threads_autotest               OK               0.51s
113/119 DPDK:fast-tests / ticketlock_autotest            OK               0.41s
114/119 DPDK:fast-tests / timer_autotest                 OK               3.51s
115/119 DPDK:fast-tests / trace_autotest                 OK               0.46s
116/119 DPDK:fast-tests / trace_autotest_with_traces     OK               0.44s
117/119 DPDK:fast-tests / vdev_autotest                  OK               0.40s
118/119 DPDK:fast-tests / version_autotest               OK               0.39s
119/119 DPDK:fast-tests / telemetry_all                  SKIP             0.09s   exit status 77


Ok:                 111 
Expected Fail:      0   
Fail:               1   
Unexpected Pass:    0   
Skipped:            7   
Timeout:            0   

Full log written to /home-local/jenkins-local/jenkins-agent/workspace/Generic-Unit-Test-DPDK/dpdk/build/meson-logs/testlog.txt



Test log output from the failed test pcapng_autotest:

Sorry, we were not able to find the logs for this test.
Download the log output from the CI site for this test run.
==== End log output ====

Debian 12 (arm)
	Kernel: Depends on container host
	Compiler: gcc (Debian 12.2.0-14) 12.2.0

Ubuntu 20.04
	Kernel: 5.4
	Compiler: gcc gcc (Ubuntu 9.4.0-1ubuntu1~20.04.2) 9.4.0

CentOS Stream 9 (ARM)
	Kernel: Depends on container host
	Compiler: gcc 11.5.0 20240719 (Red Hat 11.5.0-2)

Fedora 40 (ARM Clang)
	Kernel: Depends on container host
	Compiler: clang 18.1.8 (Fedora 18.1.8-1.fc40)

Debian GNU/Linux 12
	Kernel: 5.4
	Compiler: gcc gcc (Debian 12.2.0-14) 12.2.0

Fedora 40 (ARM)
	Kernel: Depends on container host
	Compiler: gcc 14.2.1 20240912 (Red Hat 14.2.1-3)

CentOS Stream 10 (ARM)
	Kernel: Depends on container host
	Compiler: gcc 14.2.1 20241104 (Red Hat 14.2.1-6)

Fedora 41 (ARM)
	Kernel: Depends on container host
	Compiler: gcc 14.2.1 20240912 (Red Hat 14.2.1-3)

Ubuntu 22.04
	Kernel: 5.4
	Compiler: gcc gcc (Ubuntu 11.4.0-1ubuntu1~22.04) 11.4.0

Fedora 41 (ARM Clang)
	Kernel: Depends on container host
	Compiler: clang 19.1.5 (Fedora 19.1.5-1.fc41)

Red Hat Enterprise Linux 9.5
	Kernel: 5.4
	Compiler: gcc gcc (GCC) 11.5.0 20240719 (Red Hat 11.5.0-2)

Ubuntu 24.04
	Kernel: 5.4
	Compiler: gcc gcc (Ubuntu 13.3.0-6ubuntu2~24.04) 13.3.0

To view detailed results, visit:
https://lab.dpdk.org/results/dashboard/patchsets/33344/

UNH-IOL DPDK Community Lab

To manage your email subscriptions, visit: 
https://lab.dpdk.org/results/dashboard/preferences/subscriptions/