From mboxrd@z Thu Jan  1 00:00:00 1970
Return-Path: <test-report-bounces@dpdk.org>
Received: from mails.dpdk.org (mails.dpdk.org [217.70.189.124])
	by inbox.dpdk.org (Postfix) with ESMTP id AE9F546899
	for <public@inbox.dpdk.org>; Sat,  7 Jun 2025 02:29:30 +0200 (CEST)
Received: from mails.dpdk.org (localhost [127.0.0.1])
	by mails.dpdk.org (Postfix) with ESMTP id 84415400D5;
	Sat,  7 Jun 2025 02:29:30 +0200 (CEST)
Received: from mail-il1-f227.google.com (mail-il1-f227.google.com
 [209.85.166.227])
 by mails.dpdk.org (Postfix) with ESMTP id 1CC37400D5
 for <test-report@dpdk.org>; Sat,  7 Jun 2025 02:29:29 +0200 (CEST)
Received: by mail-il1-f227.google.com with SMTP id
 e9e14a558f8ab-3da8e1259dfso21692375ab.3
 for <test-report@dpdk.org>; Fri, 06 Jun 2025 17:29:29 -0700 (PDT)
DKIM-Signature: v=1; a=rsa-sha256; c=relaxed/relaxed;
 d=iol.unh.edu; s=unh-iol; t=1749256168; x=1749860968; darn=dpdk.org;
 h=references:in-reply-to:cc:to:from:subject:message-id:date:from:to
 :cc:subject:date:message-id:reply-to;
 bh=AHMSSzSngfhjCfBZN/6O9h4QgFKvC523RCcCmcfrj9U=;
 b=i6SCQy1xbN9Ph3cK0aBNlXuRzGu11FVCzxR4KyHDUmh1x2YiQYkm5wOpppIlhLSJX8
 NMLH22j8B+n5q9EPdd4N/hmcG1cx4x1OPtbtGybZ2U3tmbSMeVZMFL957hnnNLS+r60o
 sQqfFXvib6e+RD1aKLqoUfOgGwjTmpou++vOM=
X-Google-DKIM-Signature: v=1; a=rsa-sha256; c=relaxed/relaxed;
 d=1e100.net; s=20230601; t=1749256168; x=1749860968;
 h=references:in-reply-to:cc:to:from:subject:message-id:date
 :x-gm-message-state:from:to:cc:subject:date:message-id:reply-to;
 bh=AHMSSzSngfhjCfBZN/6O9h4QgFKvC523RCcCmcfrj9U=;
 b=VTie79vtkKMjCYe0l+0Km6T+bjCslw5GZ9PBIVTWyhHYyvl13U7KTD1BDebAubmKNx
 4pbbveaJvI3O+V6CtwZv1HHS5T24NVj644zSxFnUaxDcDg+9xEgxQRd4gQXOHU7AmXgA
 M8AtIU4ZtQmjH5bf9Qc9v8R1X3C4N1t6YlVX8c5Lx31ofhpt/slB0Knta0reaXEOheuj
 AV2VQdDYTfvA6F2sVwxDffoF8gzqjNunqPbIPIVoGyG/QikwViPBos2JSgGOzKPzLBiL
 y7txEqneGUzsa43L6Euq6A6otZYS6ik7BXjPtzOM+CBNP4e741oG1aGvlH9vBfHcgZZx
 n8PA==
X-Gm-Message-State: AOJu0Yyy4SKFsKEkQkd7V5Fx1PdGmg32MXxmDW5QWyGnxCY6g1iki5aO
 FQTi80OBrc2lqwL6VWgofEaLq/ZPxhqDGhV5N1/BherxwO43S3XMEsrFKH2Ambo00qq3Img2IWE
 xaEsCVPQkWqPOj+E4hSF62LRcdL1hxiWUsQKAYAhDXzwBTds9wGfEUViDmiCG
X-Gm-Gg: ASbGncsLYY1AlOjKA7/urzgqOuRe3UjXdr4pa0htpMzkTVcJsyy0obxP2B1AefHuSRI
 5r2ieEFm1/uqStj3L/n8h/i8woIQr87PUJ2czuJNPqvvcpacWAYCWtJUfV4wTszcBUfdL9WZwvX
 RyCNvhblQM/1vVw1/1vRHW9SpB4+PaCDi4zp6CEAfWJqd226wqL1xbqlasvjTfOmfJEsFW37m/Z
 7rpzJcmKrOrjUsxvvrZtBqICzSbKPdk82zgkn7C1Sn0tWD801ijki8Anma8DJJIVEKgliZrnXrY
 Se78h+YMLXYn8rLPqUPqW/RnvpRgidnL60Nx
X-Google-Smtp-Source: AGHT+IH4D9p+jWyOxKmNhG0hNqHIoffFKflPXoBQH+/IpQj9nVLh+tfoWCrt7JYSjHMvpwMZ3h9fFpp9RNS8
X-Received: by 2002:a05:6e02:1a41:b0:3d9:668c:a702 with SMTP id
 e9e14a558f8ab-3ddce42333bmr59424195ab.9.1749256168402; 
 Fri, 06 Jun 2025 17:29:28 -0700 (PDT)
Received: from postal.iol.unh.edu (postal.iol.unh.edu.
 [2606:4100:3880:1234::84]) by smtp-relay.gmail.com with ESMTPS id
 e9e14a558f8ab-3ddcf24c743sm1397555ab.52.2025.06.06.17.29.28
 (version=TLS1_2 cipher=ECDHE-ECDSA-AES128-GCM-SHA256 bits=128/128);
 Fri, 06 Jun 2025 17:29:28 -0700 (PDT)
X-Relaying-Domain: iol.unh.edu
Date: Fri, 06 Jun 2025 17:29:28 -0700 (PDT)
Message-ID: <684387e8.050a0220.19f725.6eb0SMTPIN_ADDED_MISSING@mx.google.com>
Received: from [172.17.0.2] (unknown [172.18.0.76])
 by postal.iol.unh.edu (Postfix) with ESMTP id 128276051830;
 Fri,  6 Jun 2025 20:29:28 -0400 (EDT)
Subject: |FAILURE| pw154093-154094 [PATCH] [v3,2/2] test/dma: add functions t
From: dpdklab@iol.unh.edu
To: Test Report <test-report@dpdk.org>
Cc: dpdk-test-reports@iol.unh.edu, Vidya Sagar Velumuri <vvelumuri@marvell.com>
In-Reply-To: <20250606094031.2961842-2-vvelumuri@marvell.com>
References: <20250606094031.2961842-2-vvelumuri@marvell.com>
Content-Type: text/plain
X-BeenThere: test-report@dpdk.org
X-Mailman-Version: 2.1.29
Precedence: list
List-Id: automatic DPDK test reports <test-report.dpdk.org>
List-Unsubscribe: <https://mails.dpdk.org/options/test-report>,
 <mailto:test-report-request@dpdk.org?subject=unsubscribe>
List-Archive: <http://mails.dpdk.org/archives/test-report/>
List-Post: <mailto:test-report@dpdk.org>
List-Help: <mailto:test-report-request@dpdk.org?subject=help>
List-Subscribe: <https://mails.dpdk.org/listinfo/test-report>,
 <mailto:test-report-request@dpdk.org?subject=subscribe>
Errors-To: test-report-bounces@dpdk.org

Test-Label: iol-compile-arm64-testing
Test-Status: FAILURE
http://dpdk.org/patch/154094

_Testing issues_

Submitter: Vidya Sagar Velumuri <vvelumuri@marvell.com>
Date: Friday, June 06 2025 09:40:31 
DPDK git baseline: Repo:dpdk
  Branch: master
  CommitID:3c440cdfe87a2925af1be023e66bdf0bffc423a4

154093-154094 --> testing issues

Upstream job id: Generic-DPDK-Compile-Meson#394951

Test environment and result as below:

+------------------------------+--------------------+
|         Environment          | dpdk_meson_compile |
+==============================+====================+
| Red Hat Enterprise Linux 9.5 | PASS               |
+------------------------------+--------------------+
| Ubuntu 20.04                 | PASS               |
+------------------------------+--------------------+
| Debian GNU/Linux 12          | PASS               |
+------------------------------+--------------------+
| Fedora 40 (ARM)              | PASS               |
+------------------------------+--------------------+
| Fedora 41 (ARM Clang)        | PASS               |
+------------------------------+--------------------+
| Fedora 40 (ARM Clang)        | PASS               |
+------------------------------+--------------------+
| Fedora 41 (ARM)              | PASS               |
+------------------------------+--------------------+
| Ubuntu 24.04                 | PASS               |
+------------------------------+--------------------+
| CentOS Stream 9 (ARM)        | PASS               |
+------------------------------+--------------------+
| CentOS Stream 10 (ARM)       | PASS               |
+------------------------------+--------------------+
| Ubuntu 22.04                 | PASS               |
+------------------------------+--------------------+


Red Hat Enterprise Linux 9.5
	Kernel: 5.4
	Compiler: gcc gcc (GCC) 11.5.0 20240719 (Red Hat 11.5.0-2)

Ubuntu 20.04
	Kernel: 5.15
	Compiler: aarch64-linux-gnu-gcc gcc (Ubuntu 9.4.0-1ubuntu1~20.04.2) 9.4.0

Debian GNU/Linux 12
	Kernel: 5.4
	Compiler: gcc gcc (Debian 12.2.0-14) 12.2.0

Fedora 40 (ARM)
	Kernel: Depends on container host
	Compiler: gcc 14.2.1 20240912 (Red Hat 14.2.1-3)

Fedora 41 (ARM Clang)
	Kernel: Depends on container host
	Compiler: clang 19.1.5 (Fedora 19.1.5-1.fc41)

Fedora 40 (ARM Clang)
	Kernel: Depends on container host
	Compiler: clang 18.1.8 (Fedora 18.1.8-1.fc40)

Fedora 41 (ARM)
	Kernel: Depends on container host
	Compiler: gcc 14.2.1 20240912 (Red Hat 14.2.1-3)

Ubuntu 24.04
	Kernel: 5.4
	Compiler: gcc gcc (Ubuntu 13.3.0-6ubuntu2~24.04) 13.3.0

CentOS Stream 9 (ARM)
	Kernel: Depends on container host
	Compiler: gcc 11.5.0 20240719 (Red Hat 11.5.0-2)

CentOS Stream 10 (ARM)
	Kernel: Depends on container host
	Compiler: gcc 14.2.1 20241104 (Red Hat 14.2.1-6)

Ubuntu 22.04
	Kernel: 5.4
	Compiler: gcc gcc (Ubuntu 11.4.0-1ubuntu1~22.04) 11.4.0

To view detailed results, visit:
https://lab.dpdk.org/results/dashboard/patchsets/33344/

UNH-IOL DPDK Community Lab

To manage your email subscriptions, visit: 
https://lab.dpdk.org/results/dashboard/preferences/subscriptions/